000
CXUS56 KHNX 030957
CLMMCE
CLIMATE REPORT
NATIONAL WEATHER SERVICE
257 AM PDT SAT JUN 03 2023
...................................
...THE MERCED CA AIRPORT CLIMATE SUMMARY FOR THE MONTH OF MAY 2023...
CLIMATE NORMAL PERIOD 1991 TO 2020
CLIMATE RECORD PERIOD 1928 TO 2023
WEATHER OBSERVED NORMAL DEPART LAST YEAR`S
VALUE DATE(S) VALUE FROM VALUE DATE(S)
NORMAL
................................................................
TEMPERATURE (F)
RECORD
HIGH 109 05/25/1928
LOW 30 05/16/1978
HIGHEST 95 05/17 MM 103 05/25
LOWEST 41 05/01 MM 40 05/10
05/11
MEAN 66.6 67.4 -0.8 68.7
DAYS MAX >= 90 9 6.7 2.3 10
DAYS MIN <= 32 0 0.0 0.0 0
PRECIPITATION (INCHES)
RECORD
MAXIMUM 2.13 1998
MINIMUM 0.00 2022
TOTALS 0.77 0.55 0.22
DAYS >= .01 2 2.7 -0.7 0
DAYS >= .10 1 1.1 -0.1 0
DAYS >= .50 1 0.2 0.8 0
DAYS >= 1.00 0 0.0 0.0 0
SNOWFALL (INCHES)
RECORDS
TOTAL MM MM
TOTALS 0.0 MM
DEGREE DAYS
HEATING TOTAL 71 48 23 45
SINCE 7/1 2758 2550 208 MM
COOLING TOTAL 127 122 5 166
SINCE 1/1 160 145 15 MM
................................................................
WIND (MPH)
AVERAGE WIND SPEED 6.9
HIGHEST WIND SPEED/DIRECTION 24/240 DATE 05/02
HIGHEST GUST SPEED/DIRECTION 37/180 DATE 05/02
AVERAGE RH (PERCENT) 58
WEATHER CONDITIONS. NUMBER OF DAYS WITH
THUNDERSTORM 1 RAIN 1
HAIL 0 FOG 2
FOG W/VIS <= 1/4 MILE 0 HAZE 0
- INDICATES NEGATIVE NUMBERS.
R INDICATES RECORD WAS SET OR TIED.
MM INDICATES DATA IS MISSING.
T INDICATES TRACE AMOUNT.
$$