000
CXUS53 KEAX 010911
CLMMCI
CLIMATE REPORT
NATIONAL WEATHER SERVICE KANSAS CITY/PLEASANT HILL MO
408 AM CDT SUN OCT 01 2023
...................................
...THE KANSAS CITY INTERNATIONAL MO CLIMATE SUMMARY FOR THE MONTH OF SEPTEMBER 2023...
CLIMATE NORMAL PERIOD: 1991 TO 2020
CLIMATE RECORD PERIOD: 1888 TO 2023
WEATHER OBSERVED NORMAL DEPART LAST YEAR`S
VALUE DATE(S) VALUE FROM VALUE DATE(S)
NORMAL
................................................................
TEMPERATURE (F)
RECORD
HIGH 109 09/03/1947
LOW 31 09/22/1995
HIGHEST 96 09/04 93 3 99 09/19
09/05
09/20
LOWEST 49 09/18 40 9 46 09/29
AVG. MAXIMUM 84.5 79.2 5.3 83.6
AVG. MINIMUM 58.9 57.5 1.4 58.5
MEAN 71.7 68.4 3.3 71.0
DAYS MAX >= 90 6 3.3 2.7 6
DAYS MAX <= 32 0 0.0 0.0 0
DAYS MIN <= 32 0 0.0 0.0 0
DAYS MIN <= 0 0 0.0 0.0 0
PRECIPITATION (INCHES)
RECORD
MAXIMUM 16.17 1914
MINIMUM 0.21 1937
TOTALS 1.01 4.04 -3.03 0.84
DAILY AVG. 0.03 0.13 -0.10 0.03
DAYS >= .01 7 8.3 -1.3 3
DAYS >= .10 3 5.9 -2.9 3
DAYS >= .50 0 2.8 -2.8 1
DAYS >= 1.00 0 1.0 -1.0 0
GREATEST
24 HR. TOTAL 0.47 09/22 TO 09/22
SNOWFALL (INCHES)
RECORDS
TOTAL T 2019
TOTALS 0.0 0.0 0.0 0.0
SINCE 7/1 0.0 0.0 0.0 MM
SNOWDEPTH AVG. 0 0
DAYS >= 1.0 0 0.0 0.0 0
GREATEST
SNOW DEPTH 0 0 MM
24 HR TOTAL MM
DEGREE DAYS
HEATING TOTAL 1 58 -57 23
SINCE 7/1 1 58 -57 MM
COOLING TOTAL 211 158 53 213
SINCE 1/1 1446 1331 115 MM
................................................................
WIND (MPH)
AVERAGE WIND SPEED 8.3
HIGHEST WIND SPEED/DIRECTION 28/200 DATE 09/19
HIGHEST GUST SPEED/DIRECTION 35/210 DATE 09/05
35/200 09/19
SKY COVER
POSSIBLE SUNSHINE (PERCENT) MM
AVERAGE SKY COVER 0.32
NUMBER OF DAYS FAIR 19
NUMBER OF DAYS PC 9
NUMBER OF DAYS CLOUDY 2
AVERAGE RH (PERCENT) 66
WEATHER CONDITIONS. NUMBER OF DAYS WITH
THUNDERSTORM 4 MIXED PRECIP 0
HEAVY RAIN 2 RAIN 2
LIGHT RAIN 6 FREEZING RAIN 0
LT FREEZING RAIN 0 HAIL 0
HEAVY SNOW 0 SNOW 0
LIGHT SNOW 0 SLEET 0
FOG 12 FOG W/VIS <= 1/4 MILE 2
HAZE 16
- INDICATES NEGATIVE NUMBERS.
R INDICATES RECORD WAS SET OR TIED.
MM INDICATES DATA IS MISSING.
T INDICATES TRACE AMOUNT.
$$