000
CXUS53 KGLD 010800
CF6MCK
PRELIMINARY LOCAL CLIMATOLOGICAL DATA (WS FORM: F-6)
STATION: MCCOOK NE
MONTH: MAY
YEAR: 2021
LATITUDE: 40 13 N
LONGITUDE: 100 35 W
TEMPERATURE IN F: :PCPN: SNOW: WIND :SUNSHINE: SKY :PK WND
================================================================================
1 2 3 4 5 6A 6B 7 8 9 10 11 12 13 14 15 16 17 18
12Z AVG MX 2MIN
DY MAX MIN AVG DEP HDD CDD WTR SNW DPTH SPD SPD DIR MIN PSBL S-S WX SPD DR
================================================================================
1 93 53 73 18 0 8 0.00 M M 14.9 29 200 M M 0 37 180
2 83 55 69 14 0 4 0.62 M M 11.5 41 330 M M 2 13 51 340
3 59 46 53 -3 12 0 0.01 M M 19.0 32 10 M M 7 39 10
4 64 42 53 -3 12 0 0.00 M M 6.3 14 180 M M 2 20 180
5 72 45 59 2 6 0 0.00 M M 11.4 28 360 M M 3 35 360
6 68 38 53 -4 12 0 0.00 M M 6.6 14 220 M M 2 19 140
7 78 44 61 4 4 0 0.00 M M 12.4 22 120 M M 0 30 120
8 71 45 58 0 7 0 0.00 M M 15.3 33 10 M M 3 40 20
9 60 43 52 -6 13 0 0.00 M M 11.6 23 360 M M 6 29 350
10 57 38 48 -11 17 0 0.05 M M 5.6 16 40 M M 5 1 23 140
11 58 42 50 -9 15 0 0.00 M M 5.9 14 150 M M 6 18 160
12 61 33 47 -12 18 0 0.00 M M 6.8 18 180 M M 5 12 33 200
13 76 38 57 -3 8 0 0.01 M M 13.7 33 360 M M 1 13 47 360
14 71 49 60 0 5 0 0.00 M M 11.0 23 80 M M 3 3 30 90
15 75 52 64 3 1 0 0.17 M M 7.3 17 120 M M 7 1238 25 130
16 76 59 68 7 0 3 0.07 M M 10.3 17 100 M M 7 13 24 100
17 64 57 61 -1 4 0 0.04 M M 8.7 14 90 M M 10 12 19 100
18 72 56 64 2 1 0 0.04 M M 9.8 17 120 M M 7 1 22 130
19 77 51 64 2 1 0 0.08 M M 7.1 29 140 M M 4 138 37 130
20 82 57 70 7 0 5 0.00 M M 14.7 29 150 M M 6 1 41 190
21 86 62 74 11 0 9 0.00 M M 18.3 37 170 M M 5 53 160
22 82 63 73 9 0 8 1.08 M M 11.1 31 260 M M 6 1238 45 230
23 79 56 68 4 0 3 1.11 M M 17.4 30 160 M M 8 13 45 150
24 72 56 64 0 1 0 0.04 M M 6.0 15 160 M M 7 13 20 160
25 81 57 69 4 0 4 0.09 M M 4.6 15 320 M M 2 123 20 320
26 78 52 65 0 0 0 1.35 M M 14.6 45 340 M M 3 13 57 340
27 70 48 59 -7 6 0 0.04 M M 13.6 32 340 M M 3 13 42 340
28 64 44 54 -12 11 0 0.00 M M 9.5 17 110 M M 5 22 110
29 73 47 60 -6 5 0 0.04 M M 13.9 24 190 M M 6 1 28 160
30 59 52 56 -11 9 0 0.40 M M 6.4 14 40 M M 10 13 18 120
31 70 53 62 -5 3 0 T M M 6.3 15 80 M M 6 1 22 110
================================================================================
SM 2231 1533 171 44 5.24 M 331.6 M 147
================================================================================
AV 72.0 49.5 10.7 FASTST M M 5 MAX(MPH)
MISC ----> 45 340 57 340
================================================================================
NOTES:
# LAST OF SEVERAL OCCURRENCES
COLUMN 17 PEAK WIND IN M.P.H.
PRELIMINARY LOCAL CLIMATOLOGICAL DATA (WS FORM: F-6) , PAGE 2
STATION: MCCOOK NE
MONTH: MAY
YEAR: 2021
LATITUDE: 40 13 N
LONGITUDE: 100 35 W
[TEMPERATURE DATA] [PRECIPITATION DATA] SYMBOLS USED IN COLUMN 16
AVERAGE MONTHLY: 60.7 TOTAL FOR MONTH: 5.24 1 = FOG OR MIST
DPTR FM NORMAL: -0.4 DPTR FM NORMAL: 2.16 2 = FOG REDUCING VISIBILITY
HIGHEST: 93 ON 1 GRTST 24HR 1.39 ON 26-27 TO 1/4 MILE OR LESS
LOWEST: 33 ON 12 3 = THUNDER
SNOW, ICE PELLETS, HAIL 4 = ICE PELLETS
TOTAL MONTH: M 5 = HAIL
GRTST 24HR M ON M 6 = FREEZING RAIN OR DRIZZLE
GRTST DEPTH: M ON M 7 = DUSTSTORM OR SANDSTORM:
VSBY 1/2 MILE OR LESS
8 = SMOKE OR HAZE
[NO. OF DAYS WITH] [WEATHER - DAYS WITH] 9 = BLOWING SNOW
X = TORNADO
MAX 32 OR BELOW: 0 0.01 INCH OR MORE: 17
MAX 90 OR ABOVE: 1 0.10 INCH OR MORE: 6
MIN 32 OR BELOW: 0 0.50 INCH OR MORE: 4
MIN 0 OR BELOW: 0 1.00 INCH OR MORE: 3
[HDD (BASE 65) ]
TOTAL THIS MO. 171 CLEAR (SCALE 0-3) 9
DPTR FM NORMAL -7 PTCLDY (SCALE 4-7) 20
TOTAL FM JUL 1 5820 CLOUDY (SCALE 8-10) 2
DPTR FM NORMAL 64
[CDD (BASE 65) ]
TOTAL THIS MO. 44
DPTR FM NORMAL -14 [PRESSURE DATA]
TOTAL FM JAN 1 51 HIGHEST SLP M ON M
DPTR FM NORMAL -12 LOWEST SLP 29.36 ON 2
[REMARKS]
#FINAL-05-21#