000
CXUS53 KGLD 010800
CF6MCK
PRELIMINARY LOCAL CLIMATOLOGICAL DATA (WS FORM: F-6)
STATION: MCCOOK NE
MONTH: MARCH
YEAR: 2021
LATITUDE: 40 13 N
LONGITUDE: 100 35 W
TEMPERATURE IN F: :PCPN: SNOW: WIND :SUNSHINE: SKY :PK WND
================================================================================
1 2 3 4 5 6A 6B 7 8 9 10 11 12 13 14 15 16 17 18
12Z AVG MX 2MIN
DY MAX MIN AVG DEP HDD CDD WTR SNW DPTH SPD SPD DIR MIN PSBL S-S WX SPD DR
================================================================================
1 53 20 37 2 28 0 0.00 M M 8.8 17 340 M M 0 22 320
2 70 29 50 15 15 0 0.00 M M 8.8 15 240 M M 0 20 250
3 68 25 47 12 18 0 0.00 M M 5.2 13 310 M M 0 14 320
4 67 23 45 9 20 0 0.00 M M 7.6 24 140 M M 2 31 130
5 66 30 48 12 17 0 0.00 M M 5.8 12 350 M M 0 18 14 50
6 71 28 50 14 15 0 0.00 M M 13.9 29 200 M M 0 37 200
7 70 36 53 16 12 0 0.00 M M 5.8 23 190 M M 0 36 190
8 69 29 49 12 16 0 0.00 M M 10.6 29 160 M M 0 1 41 170
9 80 33 57 20 8 0 0.00 M M 8.3 25 40 M M 0 34 50
10 53 29 41 3 24 0 0.00 M M 15.9 25 40 M M 4 36 30
11 55 23 39 1 26 0 0.00 M M 8.1 16 330 M M 0 20 330
12 53 27 40 2 25 0 0.00 M M 11.6 23 120 M M 7 30 150
13 43 35 39 1 26 0 1.65 M M 15.2 32 80 M M 10 13 42 80
14 46 39 43 4 22 0 0.56 M M 25.3 41 80 M M 10 12 57 80
15 48 35 42 3 23 0 0.00 M M 9.6 18 340 M M 9 1 24 30
16 50 31 41 2 24 0 0.00 M M 9.8 21 350 M M 5 128 29 350
17 42 29 36 -4 29 0 T M M 13.7 24 360 M M 7 1 30 340
18 47 26 37 -3 28 0 0.00 M M 9.9 20 360 M M 6 24 20
19 58 23 41 1 24 0 M M M 9.1 22 180 M M 0 1 30 170
20 69 38 54 14 11 0 0.00 M M 18.5 33 170 M M 0 47 180
21 60 41 51 10 14 0 0.00 M M 14.2 31 180 M M 3 49 190
22 46 36 41 0 24 0 0.65 M M 13.8 23 30 M M 10 1 30 30
23 42 36 39 -3 26 0 0.20 M M 24.2 39 350 M M 10 1 52 340
24 51 32 42 0 23 0 0.00 M M 10.7 25 350 M M 2 34 350
25 54 31 43 1 22 0 0.00 M M 8.6 17 200 M M 3 26 210
26 57 35 46 4 19 0 0.00 M M 8.5 17 130 M M 6 1 22 130
27 59 33 46 3 19 0 0.00 M M 14.4 29 320 M M 4 12 42 330
28 73 27 50 7 15 0 0.00 M M 11.9 25 270 M M 0 37 260
29 83 34 59 16 6 0 M M M 11.2 43 360 M M 0 8 60 360
30 52 27 40 -4 25 0 0.00 M M 11.9 25 330 M M 4 40 320
31 54 18 36 -8 29 0 0.00 M M 7.1 25 330 M M 2 33 310
================================================================================
SM 1809 938 633 0 3.06 M 358.0 M 104
================================================================================
AV 58.4 30.3 11.5 FASTST M M 3 MAX(MPH)
MISC ----> 43 360 60 360
================================================================================
NOTES:
# LAST OF SEVERAL OCCURRENCES
COLUMN 17 PEAK WIND IN M.P.H.
PRELIMINARY LOCAL CLIMATOLOGICAL DATA (WS FORM: F-6) , PAGE 2
STATION: MCCOOK NE
MONTH: MARCH
YEAR: 2021
LATITUDE: 40 13 N
LONGITUDE: 100 35 W
[TEMPERATURE DATA] [PRECIPITATION DATA] SYMBOLS USED IN COLUMN 16
AVERAGE MONTHLY: 44.3 TOTAL FOR MONTH: 3.06 1 = FOG OR MIST
DPTR FM NORMAL: 4.9 DPTR FM NORMAL: 1.70 2 = FOG REDUCING VISIBILITY
HIGHEST: 83 ON 29 GRTST 24HR 2.10 ON 13-14 TO 1/4 MILE OR LESS
LOWEST: 18 ON 31 3 = THUNDER
SNOW, ICE PELLETS, HAIL 4 = ICE PELLETS
TOTAL MONTH: M 5 = HAIL
GRTST 24HR M ON M 6 = FREEZING RAIN OR DRIZZLE
GRTST DEPTH: M ON M 7 = DUSTSTORM OR SANDSTORM:
VSBY 1/2 MILE OR LESS
8 = SMOKE OR HAZE
[NO. OF DAYS WITH] [WEATHER - DAYS WITH] 9 = BLOWING SNOW
X = TORNADO
MAX 32 OR BELOW: 0 0.01 INCH OR MORE: 4
MAX 90 OR ABOVE: 0 0.10 INCH OR MORE: 4
MIN 32 OR BELOW: 19 0.50 INCH OR MORE: 3
MIN 0 OR BELOW: 0 1.00 INCH OR MORE: 1
[HDD (BASE 65) ]
TOTAL THIS MO. 633 CLEAR (SCALE 0-3) 18
DPTR FM NORMAL -162 PTCLDY (SCALE 4-7) 8
TOTAL FM JUL 1 5186 CLOUDY (SCALE 8-10) 5
DPTR FM NORMAL -245
[CDD (BASE 65) ]
TOTAL THIS MO. 0
DPTR FM NORMAL 0 [PRESSURE DATA]
TOTAL FM JAN 1 0 HIGHEST SLP M ON M
DPTR FM NORMAL 0 LOWEST SLP 29.42 ON 10
[REMARKS]
#FINAL-03-21#