000
CXUS52 KFFC 011010
CF6MCN
PRELIMINARY LOCAL CLIMATOLOGICAL DATA (WS FORM: F-6)
STATION: MACON
MONTH: AUGUST
YEAR: 2021
LATITUDE: 32 42 N
LONGITUDE: 83 39 W
TEMPERATURE IN F: :PCPN: SNOW: WIND :SUNSHINE: SKY :PK WND
================================================================================
1 2 3 4 5 6A 6B 7 8 9 10 11 12 13 14 15 16 17 18
12Z AVG MX 2MIN
DY MAX MIN AVG DEP HDD CDD WTR SNW DPTH SPD SPD DIR MIN PSBL S-S WX SPD DR
================================================================================
1 96 74 85 2 0 20 0.00 0.0 M 8.6 16 300 M M 1 3 24 310
2 94 73 84 1 0 19 0.38 0.0 M 3.5 14 190 M M 4 13 21 190
3 86 M M M M M 0.01 0.0 M 6.0 14 50 M M 3 1 18 40
4 88 69 79 -3 0 14 0.00 0.0 M 5.2 10 100 M M 3 15 50
5 88 68 78 -4 0 13 0.00 0.0 M 6.0 15 60 M M 3 1 22 50
6 86 66 76 -6 0 11 0.00 0.0 M 5.0 14 60 M M 4 8 20 50
7 92 70 81 -1 0 16 0.07 0.0 M 2.3 17 300 M M 4 1 23 300
8 93 70 82 0 0 17 0.00 0.0 M 1.3 10 120 M M 3 1 14 130
9 95 70 83 1 0 18 0.00 0.0 M 2.8 9 150 M M 1 1 13 160
10 94 73 84 2 0 19 0.01 0.0 M 2.2 12 160 M M 1 13 17 140
11 96 71 84 2 0 19 0.07 0.0 M 3.2 16 160 M M 2 123 27 170
12 94 71 83 1 0 18 0.00 0.0 M 3.0 9 160 M M 2 1 12 290
13 97 72 85 3 0 20 0.31 0.0 M 3.2 20 100 M M 2 13 26 100
14 96 71 84 2 0 19 0.18 0.0 M 3.4 21 320 M M 1 138 27 330
15 88 70 79 -3 0 14 0.00 0.0 M 4.1 12 140 M M 4 1 16 140
16 85 72 79 -3 0 14 0.27 0.0 M 8.5 20 170 M M 5 1 31 170
17 85 73 79 -3 0 14 1.66 0.0 M 8.7 18 180 M M 8 13 29 180
18 94 70 82 1 0 17 0.00 0.0 M 1.8 9 120 M M 4 12 14 160
19 94 73 84 3 0 19 0.46 0.0 M 3.5 21 240 M M 2 138 29 340
20 90 72 81 0 0 16 T 0.0 M 4.7 14 280 M M 2 1 19 280
21 89 74 82 1 0 17 0.10 0.0 M 4.4 16 240 M M 3 138 24 250
22 91 74 83 2 0 18 0.27 0.0 M 6.4 22 310 M M 5 13 29 320
23 94 74 84 3 0 19 0.00 0.0 M 2.4 10 50 M M 4 1 13 40
24 95 72 84 3 0 19 0.22 0.0 M 2.4 17 140 M M 1 1 22 130
25 93 73 83 3 0 18 0.00 0.0 M 3.5 17 180 M M 4 123 29 170
26 92 71 82 2 0 17 0.01 0.0 M 3.4 15 130 M M 4 123 23 140
27 90 73 82 2 0 17 0.14 0.0 M 4.4 24 110 M M 4 138 34 100
28 90 73 82 2 0 17 0.11 0.0 M 5.2 21 180 M M 4 1 30 180
29 92 73 83 3 0 18 0.00 0.0 M 4.5 13 130 M M 5 1 16 130
30 92 74 83 3 0 18 0.06 0.0 M 3.6 13 260 M M 4 1 19 230
31 80 73 77 -3 0 12 1.03 0.0 M 10.0 23 190 M M 8 1 36 190
================================================================================
SM 2829 2152 0 507 5.36 0.0 137.2 M 105
================================================================================
AV 91.3 71.7 4.4 FASTST M M 3 MAX(MPH)
MISC ----> 24 110 36 190
================================================================================
NOTES:
# LAST OF SEVERAL OCCURRENCES
COLUMN 17 PEAK WIND IN M.P.H.
PRELIMINARY LOCAL CLIMATOLOGICAL DATA (WS FORM: F-6) , PAGE 2
STATION: MACON
MONTH: AUGUST
YEAR: 2021
LATITUDE: 32 42 N
LONGITUDE: 83 39 W
[TEMPERATURE DATA] [PRECIPITATION DATA] SYMBOLS USED IN COLUMN 16
AVERAGE MONTHLY: 81.5 TOTAL FOR MONTH: 5.36 1 = FOG OR MIST
DPTR FM NORMAL: 0.1 DPTR FM NORMAL: 0.98 2 = FOG REDUCING VISIBILITY
HIGHEST: 97 ON 13 GRTST 24HR 1.92 ON 16-17 TO 1/4 MILE OR LESS
LOWEST: 66 ON 6 3 = THUNDER
SNOW, ICE PELLETS, HAIL 4 = ICE PELLETS
TOTAL MONTH: 0.0 INCH 5 = HAIL
GRTST 24HR 0.0 6 = FREEZING RAIN OR DRIZZLE
GRTST DEPTH: M ON M 7 = DUSTSTORM OR SANDSTORM:
VSBY 1/2 MILE OR LESS
8 = SMOKE OR HAZE
[NO. OF DAYS WITH] [WEATHER - DAYS WITH] 9 = BLOWING SNOW
X = TORNADO
MAX 32 OR BELOW: 0 0.01 INCH OR MORE: 18
MAX 90 OR ABOVE: 22 0.10 INCH OR MORE: 12
MIN 32 OR BELOW: 0 0.50 INCH OR MORE: 2
MIN 0 OR BELOW: 0 1.00 INCH OR MORE: 2
[HDD (BASE 65) ]
TOTAL THIS MO. 0 CLEAR (SCALE 0-3) 13
DPTR FM NORMAL 0 PTCLDY (SCALE 4-7) 18
TOTAL FM JUL 1 0 CLOUDY (SCALE 8-10) 0
DPTR FM NORMAL 0
[CDD (BASE 65) ]
TOTAL THIS MO. 507
DPTR FM NORMAL -3 [PRESSURE DATA]
TOTAL FM JAN 1 1735 HIGHEST SLP 30.20 ON 10
DPTR FM NORMAL -117 LOWEST SLP 29.68 ON 31
[REMARKS]
#FINAL-08-21#