000
CXUS52 KFFC 011010
CF6MCN
PRELIMINARY LOCAL CLIMATOLOGICAL DATA (WS FORM: F-6)
STATION: MACON
MONTH: SEPTEMBER
YEAR: 2023
LATITUDE: 32 42 N
LONGITUDE: 83 39 W
TEMPERATURE IN F: :PCPN: SNOW: WIND :SUNSHINE: SKY :PK WND
================================================================================
1 2 3 4 5 6A 6B 7 8 9 10 11 12 13 14 15 16 17 18
12Z AVG MX 2MIN
DY MAX MIN AVG DEP HDD CDD WTR SNW DPTH SPD SPD DIR MIN PSBL S-S WX SPD DR
================================================================================
1 83 73 78 -2 0 13 0.01 0.0 M 7.4 17 80 M M 7 24 100
2 86 66 76 -3 0 11 0.00 0.0 M 4.5 14 70 M M 2 18 80
3 89 64 77 -2 0 12 0.00 0.0 M 1.2 9 180 M M 2 13 170
4 92 62 77 -2 0 12 0.00 0.0 M 1.1 8 250 M M 0 1 11 190
5 90 65 78 -1 0 13 0.00 0.0 M 1.6 8 30 M M 0 1 11 40
6 94 65 80 1 0 15 0.00 0.0 M 3.0 14 260 M M 0 1 19 300
7 93 67 80 2 0 15 0.17 0.0 M 4.3 24 70 M M 1 138 32 110
8 92 64 78 0 0 13 0.00 0.0 M 3.2 12 240 M M 2 18 250
9 91 67 79 1 0 14 0.00 0.0 M 5.0 16 120 M M 3 3 22 130
10 91 70 81 3 0 16 0.04 0.0 M 1.7 8 120 M M 4 3 13 130
11 94 70 82 4 0 17 0.00 0.0 M 2.4 12 360 M M 2 1 15 210
12 95 69 82 5 0 17 0.00 0.0 M 4.9 15 40 M M 1 13 19 40
13 91 70 81 4 0 16 0.02 0.0 M 2.4 14 250 M M 2 13 19 260
14 90 67 79 2 0 14 0.52 0.0 M 3.3 16 240 M M 7 123 22 220
15 77 68 73 -4 0 8 0.00 0.0 M 6.6 17 110 M M 8 1 23 110
16 80 67 74 -2 0 9 0.18 0.0 M 3.8 13 120 M M 9 1 18 130
17 86 65 76 0 0 11 0.01 0.0 M 4.9 14 340 M M 6 18 19 280
18 86 58 72 -4 0 7 0.00 0.0 M 4.8 14 340 M M 1 1 21 350
19 84 56 70 -6 0 5 0.00 0.0 M 1.3 8 120 M M 1 1 13 30
20 85 57 71 -4 0 6 0.00 0.0 M 3.5 13 100 M M 4 1 18 80
21 84 63 74 -1 0 9 0.00 0.0 0 7.4 18 70 M M 4 25 80
22 84 60 72 -3 0 7 0.00 0.0 M 7.0 17 10 M M 3 24 20
23 89 56 73 -1 0 8 0.00 0.0 M 5.9 18 330 M M 1 30 290
24 91 54 73 -1 0 8 0.00 0.0 M 3.7 17 260 M M 0 1 26 260
25 92 53 73 -1 0 8 0.00 0.0 M 2.6 14 240 M M 0 1 19 250
26 86 62 74 1 0 9 0.00 0.0 M 3.7 14 130 M M 5 1 19 130
27 78 65 72 -1 0 7 T 0.0 M 9.6 16 80 M M 9 1 22 70
28 77 59 68 -5 0 3 0.00 0.0 M 9.0 16 10 M M 4 22 20
29 88 57 73 1 0 8 0.00 0.0 0 4.8 15 60 M M 2 20 100
30 89 59 74 2 0 9 0.00 0.0 M 4.2 16 100 M M 0 1 26 120
================================================================================
SM 2627 1898 0 320 0.95 0.0 128.8 M 90
================================================================================
AV 87.6 63.3 4.3 FASTST M M 3 MAX(MPH)
MISC ----> 24 70 32 110
================================================================================
NOTES:
# LAST OF SEVERAL OCCURRENCES
COLUMN 17 PEAK WIND IN M.P.H.
PRELIMINARY LOCAL CLIMATOLOGICAL DATA (WS FORM: F-6) , PAGE 2
STATION: MACON
MONTH: SEPTEMBER
YEAR: 2023
LATITUDE: 32 42 N
LONGITUDE: 83 39 W
[TEMPERATURE DATA] [PRECIPITATION DATA] SYMBOLS USED IN COLUMN 16
AVERAGE MONTHLY: 75.4 TOTAL FOR MONTH: 0.95 1 = FOG OR MIST
DPTR FM NORMAL: -0.8 DPTR FM NORMAL: -2.71 2 = FOG REDUCING VISIBILITY
HIGHEST: 95 ON 12 GRTST 24HR 0.53 ON 13-14 TO 1/4 MILE OR LESS
LOWEST: 53 ON 25 3 = THUNDER
SNOW, ICE PELLETS, HAIL 4 = ICE PELLETS
TOTAL MONTH: 0.0 INCH 5 = HAIL
GRTST 24HR 0.0 6 = FREEZING RAIN OR DRIZZLE
GRTST DEPTH: 0 7 = DUSTSTORM OR SANDSTORM:
VSBY 1/2 MILE OR LESS
8 = SMOKE OR HAZE
[NO. OF DAYS WITH] [WEATHER - DAYS WITH] 9 = BLOWING SNOW
X = TORNADO
MAX 32 OR BELOW: 0 0.01 INCH OR MORE: 7
MAX 90 OR ABOVE: 13 0.10 INCH OR MORE: 3
MIN 32 OR BELOW: 0 0.50 INCH OR MORE: 1
MIN 0 OR BELOW: 0 1.00 INCH OR MORE: 0
[HDD (BASE 65) ]
TOTAL THIS MO. 0 CLEAR (SCALE 0-3) 18
DPTR FM NORMAL -3 PTCLDY (SCALE 4-7) 10
TOTAL FM JUL 1 0 CLOUDY (SCALE 8-10) 2
DPTR FM NORMAL 0
[CDD (BASE 65) ]
TOTAL THIS MO. 320
DPTR FM NORMAL -18 [PRESSURE DATA]
TOTAL FM JAN 1 2202 HIGHEST SLP 30.21 ON 2
DPTR FM NORMAL 12 LOWEST SLP 29.79 ON 7
[REMARKS]
#FINAL-09-23#