000
CXUS53 KDMX 130321
CF6MCW
PRELIMINARY LOCAL CLIMATOLOGICAL DATA (WS FORM: F-6)
STATION: MASON CITY IA
MONTH: JULY
YEAR: 2022
LATITUDE: 43 9 N
LONGITUDE: 93 20 W
TEMPERATURE IN F: :PCPN: SNOW: WIND :SUNSHINE: SKY :PK WND
================================================================================
1 2 3 4 5 6A 6B 7 8 9 10 11 12 13 14 15 16 17 18
12Z AVG MX 2MIN
DY MAX MIN AVG DEP HDD CDD WTR SNW DPTH SPD SPD DIR MIN PSBL S-S WX SPD DR
================================================================================
1 81 59 70 -1 0 5 0.00 0.0 0 5.6 14 290 M M 1 19 300
2 82 58 70 -2 0 5 T 0.0 0 8.2 21 20 M M 1 28 30
3 85 55 70 -2 0 5 0.00 0.0 0 10.0 21 170 M M 1 1 27 170
4 87 66 77 5 0 12 0.41 0.0 0 8.2 26 200 M M 5 13 41 200
5 91 67 79 7 0 14 0.68 0.0 0 7.0 40 250 M M 4 1238 67 240
6 82 64 73 1 0 8 0.00 0.0 0 4.2 12 130 M M 3 1 18 70
7 83 67 75 3 0 10 0.00 0.0 0 6.1 13 140 M M 4 12 16 150
8 83 66 75 3 0 10 0.14 0.0 0 7.8 21 50 M M 5 1 28 40
9 82 63 73 1 0 8 0.00 0.0 0 4.6 13 140 M M 2 1 15 140
10 86 61 74 2 0 9 0.00 0.0 0 11.8 29 170 M M 2 13 38 200
11 83 63 73 1 0 8 T 0.0 0 13.0 29 300 M M 2 1 38 300
12 82 59 71 -1 0 6 0.00 0.0 0 11.0 21 300 M M 1 30 340
13 83 61 72 0 0 7 0.00 0.0 0 6.6 14 360 M M 1 18 360
14 85 60 73 1 0 8 T 0.0 0 11.3 22 150 M M 2 30 140
15 83 68 76 4 0 11 0.03 0.0 0 11.0 21 160 M M 8 3 34 160
16 79 61 70 -2 0 5 T 0.0 0 4.5 12 150 M M 5 12 16 70
17 85 61 73 1 0 8 0.00 0.0 0 2.4 10 40 M M 2 12 15 50
18 90 61 76 4 0 11 0.00 0.0 0 6.4 16 210 M M 0 1 24 230
19 90 67 79 7 0 14 0.04 0.0 0 14.1 29 160 M M 2 13 42 180
20 85 66 76 4 0 11 0.00 0.0 0 16.6 29 300 M M 0 40 300
21 84 58 71 -1 0 6 T 0.0 0 10.4 22 310 M M 1 29 310
22 91 58 75 4 0 10 T 0.0 0 8.2 28 250 M M 2 3 49 230
23 89 66 78 7 0 13 0.46 0.0 0 8.6 40 240 M M 2 13 59 250
24 79 59 69 -2 0 4 0.00 0.0 0 12.6 23 330 M M 1 1 30 300
25 77 53 65 -6 0 0 T 0.0 0 4.3 12 320 M M 2 18 17 270
26 81 56 69 -2 0 4 T 0.0 0 5.8 15 210 M M 4 19 150
27 84 62 73 2 0 8 0.01 0.0 0 9.1 18 260 M M 4 13 24 260
28 77 55 66 -5 0 1 T 0.0 0 10.9 18 320 M M 3 26 330
29 79 52 66 -5 0 1 0.00 0.0 0 7.6 16 310 M M 1 24 340
30 84 53 69 -2 0 4 0.00 0.0 0 7.4 15 210 M M 1 20 180
31 86 54 70 -1 0 5 0.00 0.0 0 11.1 25 200 M M 2 35 200
================================================================================
SM 2598 1879 0 231 1.77 0.0 266.4 M 74
================================================================================
AV 83.8 60.6 8.6 FASTST M M 2 MAX(MPH)
MISC ----> # 40 240 67 240
================================================================================
NOTES:
# LAST OF SEVERAL OCCURRENCES
COLUMN 17 PEAK WIND IN M.P.H.
PRELIMINARY LOCAL CLIMATOLOGICAL DATA (WS FORM: F-6) , PAGE 2
STATION: MASON CITY IA
MONTH: JULY
YEAR: 2022
LATITUDE: 43 9 N
LONGITUDE: 93 20 W
[TEMPERATURE DATA] [PRECIPITATION DATA] SYMBOLS USED IN COLUMN 16
AVERAGE MONTHLY: 72.2 TOTAL FOR MONTH: 1.77 1 = FOG OR MIST
DPTR FM NORMAL: 0.7 DPTR FM NORMAL: -2.66 2 = FOG REDUCING VISIBILITY
HIGHEST: 91 ON 5,22 GRTST 24HR 0.68 ON 5- 5 TO 1/4 MILE OR LESS
LOWEST: 52 ON 29 3 = THUNDER
SNOW, ICE PELLETS, HAIL 4 = ICE PELLETS
TOTAL MONTH: 0.0 INCH 5 = HAIL
GRTST 24HR 0.0 6 = FREEZING RAIN OR DRIZZLE
GRTST DEPTH: 0 7 = DUSTSTORM OR SANDSTORM:
VSBY 1/2 MILE OR LESS
8 = SMOKE OR HAZE
[NO. OF DAYS WITH] [WEATHER - DAYS WITH] 9 = BLOWING SNOW
X = TORNADO
MAX 32 OR BELOW: 0 0.01 INCH OR MORE: 7
MAX 90 OR ABOVE: 4 0.10 INCH OR MORE: 4
MIN 32 OR BELOW: 0 0.50 INCH OR MORE: 1
MIN 0 OR BELOW: 0 1.00 INCH OR MORE: 0
[HDD (BASE 65) ]
TOTAL THIS MO. 0 CLEAR (SCALE 0-3) 23
DPTR FM NORMAL -10 PTCLDY (SCALE 4-7) 7
TOTAL FM JUL 1 0 CLOUDY (SCALE 8-10) 1
DPTR FM NORMAL 0
[CDD (BASE 65) ]
TOTAL THIS MO. 231
DPTR FM NORMAL 19 [PRESSURE DATA]
TOTAL FM JAN 1 468 HIGHEST SLP 30.24 ON 9
DPTR FM NORMAL 76 LOWEST SLP 29.61 ON 19
[REMARKS]
#FINAL-07-22#