000
CXUS54 KMAF 011110
CF6MDD
PRELIMINARY LOCAL CLIMATOLOGICAL DATA (WS FORM: F-6)
STATION: MIDLAND AIRPARK
MONTH: MARCH
YEAR: 2022
LATITUDE: 32 2 N
LONGITUDE: 102 6 W
TEMPERATURE IN F: :PCPN: SNOW: WIND :SUNSHINE: SKY :PK WND
================================================================================
1 2 3 4 5 6A 6B 7 8 9 10 11 12 13 14 15 16 17 18
12Z AVG MX 2MIN
DY MAX MIN AVG DEP HDD CDD WTR SNW DPTH SPD SPD DIR MIN PSBL S-S WX SPD DR
================================================================================
1 66 41 54 M 11 0 M M M 3.1 7 160 M M 0 M M
2 74 40 57 M 8 0 M M M 3.4 9 150 M M 0 M M
3 76 39 58 M 7 0 M M M 6.6 14 160 M M 0 25 180
4 83 51 67 M 0 2 M M M 12.4 24 170 M M 0 33 170
5 77 52 65 M 0 0 M M M 12.2 29 280 M M 0 38 280
6 83 36 60 M 5 0 M M M 10.6 22 270 M M 2 28 270
7 47 26 37 M 28 0 M M M 10.3 17 50 M M 0 21 50
8 55 30 43 M 22 0 M M M 5.9 10 100 M M 0 M M
9 67 33 50 M 15 0 M M M 11.7 16 160 M M 0 25 170
10 61 34 48 M 17 0 M M M 11.2 23 50 M M 0 29 60
11 41 25 33 M 32 0 M M M 15.5 25 30 M M 5 29 30
12 60 24 42 M 23 0 M M M 9.6 18 190 M M 0 25 200
13 71 36 54 M 11 0 M M M 13.6 18 190 M M 0 24 170
14 70 46 58 M 7 0 M M M 14.6 23 290 M M 0 8 38 290
15 74 35 55 M 10 0 M M M 6.0 12 290 M M 0 17 290
16 84 48 66 M 0 1 M M M 11.4 16 150 M M 0 23 200
17 75 43 59 M 6 0 M M M 19.9 33 270 M M 2 8 45 270
18 63 35 49 M 16 0 M M M 6.4 18 350 M M 0 28 350
19 76 36 56 M 9 0 M M M 7.3 15 190 M M 0 23 170
20 77 50 64 M 1 0 M M M 19.4 29 160 M M 0 8 38 170
21 70 43 57 M 8 0 M M M 20.4 26 250 M M 1 8 40 250
22 56 40 48 M 17 0 M M M 17.7 25 360 M M 3 8 36 360
23 63 37 50 M 15 0 M M M 12.3 23 290 M M 1 37 330
24 77 33 55 M 10 0 M M M 7.7 17 300 M M 0 25 320
25 85 41 63 M 2 0 M M M 3.6 10 200 M M 0 21 220
26 90 44 67 M 0 2 M M M 5.2 13 210 M M 0 22 230
27 93 57 75 M 0 10 M M M 11.3 17 170 M M 0 23 170
28 92 58 75 M 0 10 M M M 11.3 16 180 M M 0 24 180
29 91 64 78 M 0 13 M M M 14.7 28 300 M M 0 38 300
30 67 48 58 M 7 0 M M M 15.5 30 340 M M 2 8 38 340
31 69 39 54 M 11 0 M M M 6.8 14 10 M M 0 23 200
================================================================================
SM 2233 1264 298 38 M M 337.8 M 16
================================================================================
AV 72.0 40.8 10.9 FASTST M M 1 MAX(MPH)
MISC ----> 33 270 45 270
================================================================================
NOTES:
# LAST OF SEVERAL OCCURRENCES
COLUMN 17 PEAK WIND IN M.P.H.
PRELIMINARY LOCAL CLIMATOLOGICAL DATA (WS FORM: F-6) , PAGE 2
STATION: MIDLAND AIRPARK
MONTH: MARCH
YEAR: 2022
LATITUDE: 32 2 N
LONGITUDE: 102 6 W
[TEMPERATURE DATA] [PRECIPITATION DATA] SYMBOLS USED IN COLUMN 16
AVERAGE MONTHLY: 56.4 TOTAL FOR MONTH: M 1 = FOG OR MIST
DPTR FM NORMAL: 0.0 DPTR FM NORMAL: M 2 = FOG REDUCING VISIBILITY
HIGHEST: 93 ON 27 GRTST 24HR M ON M TO 1/4 MILE OR LESS
LOWEST: 24 ON 12 3 = THUNDER
SNOW, ICE PELLETS, HAIL 4 = ICE PELLETS
TOTAL MONTH: M 5 = HAIL
GRTST 24HR M ON M 6 = FREEZING RAIN OR DRIZZLE
GRTST DEPTH: M ON M 7 = DUSTSTORM OR SANDSTORM:
VSBY 1/2 MILE OR LESS
8 = SMOKE OR HAZE
[NO. OF DAYS WITH] [WEATHER - DAYS WITH] 9 = BLOWING SNOW
X = TORNADO
MAX 32 OR BELOW: 0 0.01 INCH OR MORE: 0
MAX 90 OR ABOVE: 4 0.10 INCH OR MORE: 0
MIN 32 OR BELOW: 4 0.50 INCH OR MORE: 0
MIN 0 OR BELOW: 0 1.00 INCH OR MORE: 0
[HDD (BASE 65) ]
TOTAL THIS MO. 298 CLEAR (SCALE 0-3) 29
DPTR FM NORMAL M PTCLDY (SCALE 4-7) 2
TOTAL FM JUL 1 2003 CLOUDY (SCALE 8-10) 0
DPTR FM NORMAL M
[CDD (BASE 65) ]
TOTAL THIS MO. 38
DPTR FM NORMAL M [PRESSURE DATA]
TOTAL FM JAN 1 38 HIGHEST SLP M ON M
DPTR FM NORMAL M LOWEST SLP M ON M
[REMARKS]
#FINAL-03-22#