756
CXUS54 KMAF 011110
CF6MDD
PRELIMINARY LOCAL CLIMATOLOGICAL DATA (WS FORM: F-6)
STATION: MIDLAND AIRPARK
MONTH: SEPTEMBER
YEAR: 2020
LATITUDE: 32 2 N
LONGITUDE: 102 6 W
TEMPERATURE IN F: :PCPN: SNOW: WIND :SUNSHINE: SKY :PK WND
================================================================================
1 2 3 4 5 6A 6B 7 8 9 10 11 12 13 14 15 16 17 18
12Z AVG MX 2MIN
DY MAX MIN AVG DEP HDD CDD WTR SNW DPTH SPD SPD DIR MIN PSBL S-S WX SPD DR
================================================================================
1 97 77 87 M 0 22 0.02 M M 10.3 20 320 M M 3 8 31 320
2 89 66 78 M 0 13 M M M 8.2 16 20 M M 2 21 20
3 99 67 83 M 0 18 M M M 6.2 16 80 M M 0 21 50
4 93 67 80 M 0 15 M M M 8.7 15 60 M M 0 22 70
5 90 69 80 M 0 15 M M M 8.3 17 160 M M 4 8 18 90
6 93 69 81 M 0 16 M M M 10.4 15 180 M M 0 21 160
7 97 69 83 M 0 18 M M M 12.0 18 160 M M 0 29 160
8 93 54 74 M 0 9 0.32 M M 16.2 22 160 M M 4 38 30 340
9 54 47 51 M 14 0 0.02 M M 15.0 20 10 M M 10 1 28 350
10 54 46 50 M 15 0 M M M 8.2 12 360 M M 10 18 M M
11 74 53 64 M 1 0 M M M 5.2 12 140 M M 6 17 130
12 86 60 73 M 0 8 M M M 4.1 10 140 M M 1 M M
13 85 66 76 M 0 11 M M M 5.9 14 80 M M 3 23 30
14 83 68 76 M 0 11 M M M 8.5 14 80 M M 5 21 90
15 84 67 76 M 0 11 M M M 4.9 9 100 M M 1 M M
16 89 63 76 M 0 11 M M M 4.9 10 160 M M 2 3 M M
17 85 66 76 M 0 11 0.14 M M 8.1 16 40 M M 4 3 22 40
18 83 60 72 M 0 7 M M M 7.0 13 80 M M 2 20 40
19 81 57 69 M 0 4 M M M 5.2 10 110 M M 1 M M
20 82 58 70 M 0 5 M M M 6.3 10 120 M M 0 8 M M
21 83 53 68 M 0 3 M M M 5.4 12 120 M M 0 M M
22 85 54 70 M 0 5 M M M 4.5 9 80 M M 0 M M
23 88 62 75 M 0 10 M M M 7.3 10 100 M M 3 1 M M
24 91 59 75 M 0 10 M M M 5.9 13 160 M M 0 M M
25 94 62 78 M 0 13 M M M 9.1 14 170 M M 0 20 160
26 98 64 81 M 0 16 M M M 12.0 20 170 M M 0 24 170
27 104 63 84 M 0 19 M M M 11.9 28 40 M M 1 8 37 50
28 74 56 65 M 0 0 M M M 15.2 33 30 M M 6 8 41 30
29 81 46 64 M 1 0 M M M 6.7 13 230 M M 0 18 240
30 90 57 74 M 0 9 M M M 6.3 12 220 M M 0 M M
================================================================================
SM 2579 1825 31 290 0.50 M 248.0 M 68
================================================================================
AV 86.0 60.8 8.3 FASTST M M 2 MAX(MPH)
MISC ----> 33 30 41 30
================================================================================
NOTES:
# LAST OF SEVERAL OCCURRENCES
COLUMN 17 PEAK WIND IN M.P.H.
PRELIMINARY LOCAL CLIMATOLOGICAL DATA (WS FORM: F-6) , PAGE 2
STATION: MIDLAND AIRPARK
MONTH: SEPTEMBER
YEAR: 2020
LATITUDE: 32 2 N
LONGITUDE: 102 6 W
[TEMPERATURE DATA] [PRECIPITATION DATA] SYMBOLS USED IN COLUMN 16
AVERAGE MONTHLY: 73.4 TOTAL FOR MONTH: 0.50 1 = FOG OR MIST
DPTR FM NORMAL: 0.0 DPTR FM NORMAL: M 2 = FOG REDUCING VISIBILITY
HIGHEST: 104 ON 27 GRTST 24HR 0.32 ON 8- 8 TO 1/4 MILE OR LESS
LOWEST: 46 ON 29,10 3 = THUNDER
SNOW, ICE PELLETS, HAIL 4 = ICE PELLETS
TOTAL MONTH: M 5 = HAIL
GRTST 24HR M ON M 6 = FREEZING RAIN OR DRIZZLE
GRTST DEPTH: M ON M 7 = DUSTSTORM OR SANDSTORM:
VSBY 1/2 MILE OR LESS
8 = SMOKE OR HAZE
[NO. OF DAYS WITH] [WEATHER - DAYS WITH] 9 = BLOWING SNOW
X = TORNADO
MAX 32 OR BELOW: 0 0.01 INCH OR MORE: 4
MAX 90 OR ABOVE: 12 0.10 INCH OR MORE: 2
MIN 32 OR BELOW: 0 0.50 INCH OR MORE: 0
MIN 0 OR BELOW: 0 1.00 INCH OR MORE: 0
[HDD (BASE 65) ]
TOTAL THIS MO. 31 CLEAR (SCALE 0-3) 21
DPTR FM NORMAL M PTCLDY (SCALE 4-7) 7
TOTAL FM JUL 1 31 CLOUDY (SCALE 8-10) 2
DPTR FM NORMAL M
[CDD (BASE 65) ]
TOTAL THIS MO. 290
DPTR FM NORMAL M [PRESSURE DATA]
TOTAL FM JAN 1 2845 HIGHEST SLP M ON M
DPTR FM NORMAL M LOWEST SLP M ON M
[REMARKS]
#FINAL-09-20#