000
CXUS53 KPAH 010700
CF6MDH
PRELIMINARY LOCAL CLIMATOLOGICAL DATA (WS FORM: F-6)
STATION: CARBONDALE IL
MONTH: APRIL
YEAR: 2022
LATITUDE: 37 46 N
LONGITUDE: 89 15 W
TEMPERATURE IN F: :PCPN: SNOW: WIND :SUNSHINE: SKY :PK WND
================================================================================
1 2 3 4 5 6A 6B 7 8 9 10 11 12 13 14 15 16 17 18
12Z AVG MX 2MIN
DY MAX MIN AVG DEP HDD CDD WTR SNW DPTH SPD SPD DIR MIN PSBL S-S WX SPD DR
================================================================================
1 51 35 43 -9 22 0 0.00 M M 6.5 14 340 M M 3 18 330
2 66 32 49 -3 16 0 0.00 M M 8.2 25 330 M M 2 37 340
3 65 31 48 -4 17 0 0.00 M M 3.6 13 180 M M 0 1 18 180
4 63 47 55 2 10 0 0.16 M M 5.0 12 240 M M 6 1 16 180
5 70 50 60 7 5 0 0.05 M M 8.3 18 160 M M 5 1 24 160
6 65 46 56 2 9 0 0.37 M M 9.0 23 330 M M 7 1 33 330
7 55 39 47 -7 18 0 0.00 M M 12.1 24 320 M M 5 37 330
8 42 36 39 -15 26 0 0.05 M M 10.9 21 290 M M 9 1 33 310
9 59 33 46 -9 19 0 0.00 M M 7.3 16 290 M M 3 23 290
10 77 38 58 3 7 0 0.00 M M 16.8 33 210 M M 1 48 180
11 70 55 63 8 2 0 0.32 M M 11.9 25 100 M M 7 13 36 220
12 79 55 67 11 0 2 0.01 M M 11.6 28 190 M M 8 12 40 210
13 72 44 58 2 7 0 0.79 M M 16.7 32 170 M M 9 13 52 160
14 64 33 49 -7 16 0 0.00 M M 10.4 23 230 M M 0 33 210
15 63 42 53 -4 12 0 0.53 M M 8.5 23 190 M M 5 13 31 190
16 60 43 52 -5 13 0 0.00 M M 8.3 17 360 M M 2 1 22 320
17 54 43 49 -8 16 0 0.15 M M 8.5 17 80 M M 6 1 24 100
18 55 39 47 -11 18 0 T M M 12.2 23 300 M M 6 1 35 310
19 59 33 46 -12 19 0 0.03 M M 4.8 14 110 M M 1 17 340
20 63 45 54 -4 11 0 0.22 M M 12.9 28 170 M M 8 1 45 160
21 74 55 65 7 0 0 0.13 M M 6.1 21 220 M M 9 13 27 230
22 81 62 72 13 0 7 0.00 M M 10.2 23 180 M M 6 34 180
23 81 65 73 14 0 8 0.00 M M 17.4 37 200 M M 0 49 200
24 80 64 72 13 0 7 T M M 15.3 29 200 M M 6 38 40 200
25 65 47 56 -4 9 0 0.72 M M 8.2 18 330 M M 5 13 24 330
26 61 40 51 -9 14 0 0.00 M M 7.1 17 340 M M 0 27 350
27 71 36 54 -6 11 0 0.00 M M 5.1 16 210 M M 0 22 200
28 74 45 60 -1 5 0 0.02 M M 5.3 15 180 M M 4 24 160
29 80 56 68 7 0 3 0.01 M M 8.6 21 190 M M 5 30 200
30 78 60 69 8 0 4 0.76 M M 14.3 35 210 M M 4 13 48 210
================================================================================
SM 1997 1349 302 31 4.32 M 291.1 M 132
================================================================================
AV 66.6 45.0 9.7 FASTST M M 4 MAX(MPH)
MISC ----> 37 200 52 160
================================================================================
NOTES:
# LAST OF SEVERAL OCCURRENCES
COLUMN 17 PEAK WIND IN M.P.H.
PRELIMINARY LOCAL CLIMATOLOGICAL DATA (WS FORM: F-6) , PAGE 2
STATION: CARBONDALE IL
MONTH: APRIL
YEAR: 2022
LATITUDE: 37 46 N
LONGITUDE: 89 15 W
[TEMPERATURE DATA] [PRECIPITATION DATA] SYMBOLS USED IN COLUMN 16
AVERAGE MONTHLY: 55.8 TOTAL FOR MONTH: 4.32 1 = FOG OR MIST
DPTR FM NORMAL: -0.9 DPTR FM NORMAL: -1.02 2 = FOG REDUCING VISIBILITY
HIGHEST: 81 ON 23,22 GRTST 24HR 0.79 ON 13-13 TO 1/4 MILE OR LESS
LOWEST: 31 ON 3 3 = THUNDER
SNOW, ICE PELLETS, HAIL 4 = ICE PELLETS
TOTAL MONTH: M 5 = HAIL
GRTST 24HR M ON M 6 = FREEZING RAIN OR DRIZZLE
GRTST DEPTH: M ON M 7 = DUSTSTORM OR SANDSTORM:
VSBY 1/2 MILE OR LESS
8 = SMOKE OR HAZE
[NO. OF DAYS WITH] [WEATHER - DAYS WITH] 9 = BLOWING SNOW
X = TORNADO
MAX 32 OR BELOW: 0 0.01 INCH OR MORE: 16
MAX 90 OR ABOVE: 0 0.10 INCH OR MORE: 10
MIN 32 OR BELOW: 2 0.50 INCH OR MORE: 4
MIN 0 OR BELOW: 0 1.00 INCH OR MORE: 0
[HDD (BASE 65) ]
TOTAL THIS MO. 302 CLEAR (SCALE 0-3) 11
DPTR FM NORMAL 27 PTCLDY (SCALE 4-7) 16
TOTAL FM JUL 1 4073 CLOUDY (SCALE 8-10) 3
DPTR FM NORMAL -304
[CDD (BASE 65) ]
TOTAL THIS MO. 31
DPTR FM NORMAL 7 [PRESSURE DATA]
TOTAL FM JAN 1 31 HIGHEST SLP M ON M
DPTR FM NORMAL 3 LOWEST SLP 29.51 ON 13
[REMARKS]
#FINAL-04-22#