000
CXUS51 KCTP 010800
CF6MDT
PRELIMINARY LOCAL CLIMATOLOGICAL DATA (WS FORM: F-6)
STATION: HARRISBURG PA
MONTH: MARCH
YEAR: 2022
LATITUDE: 40 11 N
LONGITUDE: 76 46 W
TEMPERATURE IN F: :PCPN: SNOW: WIND :SUNSHINE: SKY :PK WND
================================================================================
1 2 3 4 5 6A 6B 7 8 9 10 11 12 13 14 15 16 17 18
12Z AVG MX 2MIN
DY MAX MIN AVG DEP HDD CDD WTR SNW DPTH SPD SPD DIR MIN PSBL S-S WX SPD DR
================================================================================
1 52 26 39 2 26 0 0.00 0.0 0 7.0 15 320 M M 8 19 150
2 57 33 45 8 20 0 0.00 0.0 0 6.6 16 220 M M 4 19 250
3 52 28 40 2 25 0 0.02 0.0 0 15.2 23 320 M M 5 31 330
4 42 21 32 -6 33 0 0.00 0.0 0 2.9 13 230 M M 3 18 240
5 55 28 42 4 23 0 0.00 0.0 0 6.0 16 140 M M 8 20 150
6 74 39 57 19 8 0 T 0.0 0 7.6 24 240 M M 8 34 260
7 71 45 58 19 7 0 0.16 0.0 0 11.3 37 310 M M 9 47 310
8 47 37 42 3 23 0 0.00 0.0 0 11.7 32 310 M M 8 38 320
9 39 32 36 -3 29 0 0.51 0.8 0 5.4 13 300 M M 10 148 17 100
10 50 29 40 0 25 0 0.00 0.0 0 2.3 7 180 M M 7 128 9 210
11 58 30 44 4 21 0 0.00 0.0 0 6.4 15 140 M M 4 18 19 150
12 46 22 34 -6 31 0 0.45 3.0 0 16.8 37 310 M M 9 189 44 310
13 36 20 28 -13 37 0 0.00 0.0 2 11.1 31 300 M M 5 39 290
14 58 26 42 1 23 0 0.00 0.0 1 3.8 15 190 M M 5 21 170
15 70 33 52 11 13 0 0.00 0.0 0 3.8 17 260 M M 6 22 230
16 71 37 54 12 11 0 0.00 0.0 0 5.0 16 230 M M 3 23 220
17 63 43 53 11 12 0 0.07 0.0 0 3.7 10 40 M M 8 18 14 30
18 75 40 58 16 7 0 0.00 0.0 0 6.2 21 150 M M 6 128 26 150
19 73 50 62 19 3 0 0.35 0.0 0 8.3 25 180 M M 6 3 37 190
20 55 46 51 8 14 0 T 0.0 0 15.9 28 300 M M 8 33 320
21 65 41 53 10 12 0 0.00 0.0 0 9.7 23 310 M M 2 30 310
22 56 42 49 5 16 0 0.00 0.0 0 6.2 13 300 M M 7 15 350
23 50 41 46 2 19 0 0.29 0.0 0 11.8 24 130 M M 10 1 28 130
24 50 40 45 1 20 0 0.10 0.0 0 5.6 14 100 M M 10 18 18 100
25 54 42 48 3 17 0 0.00 0.0 0 9.7 23 280 M M 9 12 27 290
26 52 38 45 0 20 0 T 0.0 0 13.7 35 290 M M 8 40 300
27 41 27 34 -12 31 0 T T 0 21.0 33 310 M M 8 46 310
28 32 24 28 -18 37 0 0.00 0.0 0 20.1 35 290 M M 6 46 310
29 43 24 34 -12 31 0 0.00 0.0 0 12.7 24 320 M M 4 29 330
30 50 27 39 -8 26 0 T T 0 7.3 16 130 M M 8 20 150
31 72 40 56 9 9 0 1.02 0.0 0 7.8 29 190 M M 9 13 38 180
================================================================================
SM 1709 1051 629 0 2.97 3.8 282.6 M 211
================================================================================
AV 55.1 33.9 9.1 FASTST M M 7 MAX(MPH)
MISC ----> # 37 310 47 310
================================================================================
NOTES:
# LAST OF SEVERAL OCCURRENCES
COLUMN 17 PEAK WIND IN M.P.H.
PRELIMINARY LOCAL CLIMATOLOGICAL DATA (WS FORM: F-6) , PAGE 2
STATION: HARRISBURG PA
MONTH: MARCH
YEAR: 2022
LATITUDE: 40 11 N
LONGITUDE: 76 46 W
[TEMPERATURE DATA] [PRECIPITATION DATA] SYMBOLS USED IN COLUMN 16
AVERAGE MONTHLY: 44.5 TOTAL FOR MONTH: 2.97 1 = FOG OR MIST
DPTR FM NORMAL: 2.7 DPTR FM NORMAL: -0.73 2 = FOG REDUCING VISIBILITY
HIGHEST: 75 ON 18 GRTST 24HR 1.02 ON 31-31 TO 1/4 MILE OR LESS
LOWEST: 20 ON 13 3 = THUNDER
SNOW, ICE PELLETS, HAIL 4 = ICE PELLETS
TOTAL MONTH: 3.8 INCHES 5 = HAIL
GRTST 24HR 3.0 ON 12-12 6 = FREEZING RAIN OR DRIZZLE
GRTST DEPTH: 2 ON 13 7 = DUSTSTORM OR SANDSTORM:
VSBY 1/2 MILE OR LESS
8 = SMOKE OR HAZE
[NO. OF DAYS WITH] [WEATHER - DAYS WITH] 9 = BLOWING SNOW
X = TORNADO
MAX 32 OR BELOW: 1 0.01 INCH OR MORE: 9
MAX 90 OR ABOVE: 0 0.10 INCH OR MORE: 7
MIN 32 OR BELOW: 14 0.50 INCH OR MORE: 2
MIN 0 OR BELOW: 0 1.00 INCH OR MORE: 1
[HDD (BASE 65) ]
TOTAL THIS MO. 629 CLEAR (SCALE 0-3) 3
DPTR FM NORMAL -91 PTCLDY (SCALE 4-7) 19
TOTAL FM JUL 1 4055 CLOUDY (SCALE 8-10) 9
DPTR FM NORMAL -472
[CDD (BASE 65) ]
TOTAL THIS MO. 0
DPTR FM NORMAL -1 [PRESSURE DATA]
TOTAL FM JAN 1 0 HIGHEST SLP 30.59 ON 4
DPTR FM NORMAL -1 LOWEST SLP 29.39 ON 31
[REMARKS]
#FINAL-03-22#