000
CXUS51 KCTP 010900
CF6MDT
PRELIMINARY LOCAL CLIMATOLOGICAL DATA (WS FORM: F-6)
STATION: HARRISBURG PA
MONTH: NOVEMBER
YEAR: 2021
LATITUDE: 40 11 N
LONGITUDE: 76 46 W
TEMPERATURE IN F: :PCPN: SNOW: WIND :SUNSHINE: SKY :PK WND
================================================================================
1 2 3 4 5 6A 6B 7 8 9 10 11 12 13 14 15 16 17 18
12Z AVG MX 2MIN
DY MAX MIN AVG DEP HDD CDD WTR SNW DPTH SPD SPD DIR MIN PSBL S-S WX SPD DR
================================================================================
1 59 42 51 1 14 0 0.00 0.0 0 7.9 23 310 M M 5 28 300
2 49 38 44 -6 21 0 0.01 0.0 0 4.6 14 290 M M 7 17 290
3 52 33 43 -6 22 0 0.00 0.0 0 4.6 17 320 M M 3 22 310
4 51 31 41 -8 24 0 0.00 0.0 0 2.2 8 320 M M 3 11 10
5 52 31 42 -6 23 0 0.00 0.0 0 4.9 14 280 M M 1 18 300
6 55 29 42 -6 23 0 0.00 0.0 0 2.5 8 160 M M 1 10 10
7 58 30 44 -4 21 0 0.00 0.0 0 5.3 13 310 M M 2 18 15 310
8 67 40 54 7 11 0 0.00 0.0 0 5.4 14 280 M M 0 16 280
9 71 38 55 8 10 0 0.00 0.0 0 1.4 12 290 M M 3 1 15 290
10 68 44 56 9 9 0 0.00 0.0 0 4.1 20 320 M M 5 25 330
11 65 40 53 7 12 0 0.00 0.0 0 7.1 20 120 M M 9 23 120
12 61 41 51 5 14 0 0.82 0.0 0 8.7 20 140 M M 5 1 25 140
13 50 38 44 -2 21 0 0.19 0.0 0 10.4 29 290 M M 7 37 290
14 48 33 41 -4 24 0 0.03 0.0 0 6.7 18 240 M M 6 24 240
15 48 38 43 -2 22 0 0.00 0.0 0 15.0 35 280 M M 6 40 280
16 50 30 40 -5 25 0 0.00 0.0 0 5.1 15 300 M M 2 18 290
17 52 32 42 -2 23 0 0.00 0.0 0 1.1 7 310 M M 7 18 9 30
18 72 35 54 10 11 0 0.06 0.0 0 7.0 26 310 M M 5 18 34 270
19 46 34 40 -4 25 0 0.00 0.0 0 15.4 29 290 M M 4 36 310
20 47 26 37 -6 28 0 0.00 0.0 0 4.6 13 150 M M 6 18 140
21 50 33 42 -1 23 0 0.05 0.0 0 2.3 15 110 M M 9 1 17 120
22 49 33 41 -2 24 0 0.01 0.0 0 8.9 22 300 M M 6 18 26 320
23 44 30 37 -5 28 0 0.00 0.0 0 12.3 23 310 M M 2 29 320
24 46 28 37 -5 28 0 0.00 0.0 0 4.1 13 300 M M 3 14 300
25 53 29 41 -1 24 0 0.01 0.0 0 1.4 10 300 M M 8 12 300
26 50 36 43 2 22 0 0.01 0.0 0 21.5 38 300 M M 9 45 300
27 40 31 36 -5 29 0 0.01 0.1 0 13.1 30 300 M M 9 1 40 300
28 41 31 36 -5 29 0 T T T 3.9 18 340 M M 9 18 22 350
29 43 32 38 -2 27 0 T T 0 10.8 22 310 M M 7 27 310
30 40 32 36 -4 29 0 T T 0 3.4 15 280 M M 9 20 270
================================================================================
SM 1577 1018 646 0 1.20 0.1 205.7 M 158
================================================================================
AV 52.6 33.9 6.9 FASTST M M 5 MAX(MPH)
MISC ----> 38 300 45 300
================================================================================
NOTES:
# LAST OF SEVERAL OCCURRENCES
COLUMN 17 PEAK WIND IN M.P.H.
PRELIMINARY LOCAL CLIMATOLOGICAL DATA (WS FORM: F-6) , PAGE 2
STATION: HARRISBURG PA
MONTH: NOVEMBER
YEAR: 2021
LATITUDE: 40 11 N
LONGITUDE: 76 46 W
[TEMPERATURE DATA] [PRECIPITATION DATA] SYMBOLS USED IN COLUMN 16
AVERAGE MONTHLY: 43.3 TOTAL FOR MONTH: 1.20 1 = FOG OR MIST
DPTR FM NORMAL: -1.5 DPTR FM NORMAL: -1.77 2 = FOG REDUCING VISIBILITY
HIGHEST: 72 ON 18 GRTST 24HR 0.82 ON 12-12 TO 1/4 MILE OR LESS
LOWEST: 26 ON 20 3 = THUNDER
SNOW, ICE PELLETS, HAIL 4 = ICE PELLETS
TOTAL MONTH: 0.1 INCH 5 = HAIL
GRTST 24HR 0.1 ON 27-27 6 = FREEZING RAIN OR DRIZZLE
GRTST DEPTH: T 7 = DUSTSTORM OR SANDSTORM:
VSBY 1/2 MILE OR LESS
8 = SMOKE OR HAZE
[NO. OF DAYS WITH] [WEATHER - DAYS WITH] 9 = BLOWING SNOW
X = TORNADO
MAX 32 OR BELOW: 0 0.01 INCH OR MORE: 10
MAX 90 OR ABOVE: 0 0.10 INCH OR MORE: 2
MIN 32 OR BELOW: 14 0.50 INCH OR MORE: 1
MIN 0 OR BELOW: 0 1.00 INCH OR MORE: 0
[HDD (BASE 65) ]
TOTAL THIS MO. 646 CLEAR (SCALE 0-3) 9
DPTR FM NORMAL 41 PTCLDY (SCALE 4-7) 15
TOTAL FM JUL 1 774 CLOUDY (SCALE 8-10) 6
DPTR FM NORMAL -179
[CDD (BASE 65) ]
TOTAL THIS MO. 0
DPTR FM NORMAL 0 [PRESSURE DATA]
TOTAL FM JAN 1 1448 HIGHEST SLP 30.59 ON 20
DPTR FM NORMAL 276 LOWEST SLP 29.68 ON 26
[REMARKS]
#FINAL-11-21#