000
CXUS53 KARX 012113
CF6MDZ
PRELIMINARY LOCAL CLIMATOLOGICAL DATA (WS FORM: F-6)
STATION: MEDFORD WI
MONTH: JUNE
YEAR: 2023
LATITUDE: 45 5 N
LONGITUDE: 90 18 W
TEMPERATURE IN F: :PCPN: SNOW: WIND :SUNSHINE: SKY :PK WND
================================================================================
1 2 3 4 5 6A 6B 7 8 9 10 11 12 13 14 15 16 17 18
12Z AVG MX 2MIN
DY MAX MIN AVG DEP HDD CDD WTR SNW DPTH SPD SPD DIR MIN PSBL S-S WX SPD DR
================================================================================
1 86 62 74 M 0 9 0.14 0.0 0 4.3 12 140 M M 2 21 140
2 82 60 71 M 0 6 0.50 0.0 0 3.5 12 190 M M 4 3 29 270
3 86 57 72 M 0 7 0.08 0.0 0 5.3 10 100 M M 2 28 110
4 82 57 70 M 0 5 0.00 0.0 0 4.1 8 30 M M 2 M M
5 81 56 69 M 0 4 0.00 0.0 0 3.3 9 70 M M 3 M M
6 74 56 65 M 0 0 0.00 0.0 0 6.2 9 70 M M 5 M M
7 73 48 61 M 4 0 0.00 0.0 0 6.2 12 70 M M 2 16 50
8 73 38 56 M 9 0 0.00 0.0 0 3.7 8 20 M M 0 M M
9 77 41 59 M 6 0 0.00 0.0 0 3.5 7 250 M M 1 M M
10 73 49 61 M 4 0 0.07 0.0 0 6.7 16 30 M M 9 24 30
11 62 40 51 M 14 0 0.00 0.0 0 10.9 18 40 M M 5 25 360
12 63 37 50 M 15 0 0.10 0.0 0 5.9 18 360 M M 7 25 360
13 68 50 59 M 6 0 0.18 0.0 0 7.0 17 340 M M 8 22 340
14 77 50 64 M 1 0 0.00 0.0 0 3.8 10 360 M M 3 M M
15 60 45 53 M 12 0 0.00 0.0 0 9.4 14 20 M M 6 23 30
16 74 42 58 M 7 0 0.00 0.0 0 3.8 7 150 M M 0 M M
17 78 48 63 M 2 0 0.00 0.0 0 3.7 8 200 M M 4 16 200
18 76 56 66 M 0 1 0.05 0.0 0 6.5 14 160 M M 4 24 160
19 80 58 69 M 0 4 0.22 0.0 0 4.7 8 150 M M 6 16 160
20 83 56 70 M 0 5 0.00 0.0 0 4.5 8 100 M M 0 M M
21 85 51 68 M 0 3 0.00 0.0 0 2.5 8 170 M M 1 M M
22 85 59 72 M 0 7 0.00 0.0 0 1.6 9 40 M M 2 M M
23 87 54 71 M 0 6 0.00 0.0 0 3.9 9 60 M M 1 M M
24 85 58 72 M 0 7 0.06 0.0 0 6.4 14 220 M M 4 22 220
25 74 59 67 M 0 2 1.11 0.0 0 6.3 13 330 M M 8 3 18 330
26 68 54 61 M 4 0 0.00 0.0 0 11.4 15 360 M M 10 21 340
27 78 49 64 M 1 0 0.00 0.0 0 3.2 7 20 M M 3 M M
28 78 58 68 M 0 3 0.03 0.0 0 7.4 16 180 M M 7 22 180
29 81 64 73 M 0 8 0.00 0.0 0 5.2 12 170 M M 5 M M
30 82 59 71 M 0 6 0.00 0.0 0 4.4 9 270 M M 2 9 290
================================================================================
SM 2311 1571 85 83 2.54 0.0 159.3 M 116
================================================================================
AV 77.0 52.4 5.3 FASTST M M 4 MAX(MPH)
MISC ----> # 18 40 29 270
================================================================================
NOTES:
# LAST OF SEVERAL OCCURRENCES
COLUMN 17 PEAK WIND IN M.P.H.
PRELIMINARY LOCAL CLIMATOLOGICAL DATA (WS FORM: F-6) , PAGE 2
STATION: MEDFORD WI
MONTH: JUNE
YEAR: 2023
LATITUDE: 45 5 N
LONGITUDE: 90 18 W
[TEMPERATURE DATA] [PRECIPITATION DATA] SYMBOLS USED IN COLUMN 16
AVERAGE MONTHLY: 64.7 TOTAL FOR MONTH: 2.54 1 = FOG OR MIST
DPTR FM NORMAL: 0.0 DPTR FM NORMAL: M 2 = FOG REDUCING VISIBILITY
HIGHEST: 87 ON 23 GRTST 24HR 1.11 ON 25-25 TO 1/4 MILE OR LESS
LOWEST: 37 ON 12 3 = THUNDER
SNOW, ICE PELLETS, HAIL 4 = ICE PELLETS
TOTAL MONTH: 0.0 INCH 5 = HAIL
GRTST 24HR 0.0 6 = FREEZING RAIN OR DRIZZLE
GRTST DEPTH: 0 7 = DUSTSTORM OR SANDSTORM:
VSBY 1/2 MILE OR LESS
8 = SMOKE OR HAZE
[NO. OF DAYS WITH] [WEATHER - DAYS WITH] 9 = BLOWING SNOW
X = TORNADO
MAX 32 OR BELOW: 0 0.01 INCH OR MORE: 11
MAX 90 OR ABOVE: 0 0.10 INCH OR MORE: 6
MIN 32 OR BELOW: 0 0.50 INCH OR MORE: 2
MIN 0 OR BELOW: 0 1.00 INCH OR MORE: 1
[HDD (BASE 65) ]
TOTAL THIS MO. 85 CLEAR (SCALE 0-3) 14
DPTR FM NORMAL M PTCLDY (SCALE 4-7) 14
TOTAL FM JUL 1 8342 CLOUDY (SCALE 8-10) 2
DPTR FM NORMAL M
[CDD (BASE 65) ]
TOTAL THIS MO. 83
DPTR FM NORMAL M [PRESSURE DATA]
TOTAL FM JAN 1 98 HIGHEST SLP M ON M
DPTR FM NORMAL M LOWEST SLP M ON M
[REMARKS]
#FINAL-06-23#