000
CXUS53 KARX 011535
CF6MDZ
PRELIMINARY LOCAL CLIMATOLOGICAL DATA (WS FORM: F-6)
STATION: MEDFORD WI
MONTH: OCTOBER
YEAR: 2023
LATITUDE: 45 5 N
LONGITUDE: 90 18 W
TEMPERATURE IN F: :PCPN: SNOW: WIND :SUNSHINE: SKY :PK WND
================================================================================
1 2 3 4 5 6A 6B 7 8 9 10 11 12 13 14 15 16 17 18
12Z AVG MX 2MIN
DY MAX MIN AVG DEP HDD CDD WTR SNW DPTH SPD SPD DIR MIN PSBL S-S WX SPD DR
================================================================================
1 85 57 71 M 0 6 0.00 0.0 0 7.8 16 190 M M 1 23 190
2 81 54 68 M 0 3 0.00 0.0 0 7.8 14 180 M M 0 20 190
3 81 55 68 M 0 3 0.00 0.0 0 8.8 16 190 M M 2 27 190
4 72 51 62 M 3 0 0.00 0.0 0 9.8 15 220 M M 6 24 220
5 66 45 56 M 9 0 0.00 0.0 0 9.3 18 260 M M 4 28 260
6 48 38 43 M 22 0 0.01 0.0 0 10.0 17 320 M M 6 24 320
7 51 35 43 M 22 0 0.00 0.0 0 7.8 17 320 M M 5 21 330
8 51 34 43 M 22 0 0.00 0.0 0 3.4 10 360 M M 8 M M
9 50 32 41 M 24 0 0.00 0.0 0 8.4 17 330 M M 5 23 320
10 48 40 44 M 21 0 0.00 0.0 0 5.6 9 290 M M 10 16 300
11 56 33 45 M 20 0 0.00 0.0 0 2.5 7 60 M M 6 M M
12 56 33 45 M 20 0 0.04 0.0 0 9.3 14 80 M M 3 20 70
13 46 41 44 M 21 0 0.90 0.0 0 13.7 21 90 M M 10 29 90
14 51 39 45 M 20 0 0.66 0.0 0 11.2 18 40 M M 10 25 40
15 56 36 46 M 19 0 0.00 0.0 0 9.7 15 320 M M 7 22 330
16 56 32 44 M 21 0 0.00 0.0 0 4.8 10 330 M M 2 M M
17 58 29 44 M 21 0 0.00 0.0 0 1.9 8 200 M M 4 M M
18 60 41 51 M 14 0 0.23 0.0 0 5.7 16 170 M M 5 21 170
19 49 35 42 M 23 0 0.08 0.0 0 4.7 12 330 M M 10 12 M M
20 56 36 46 M 19 0 0.00 0.0 0 7.1 13 330 M M 5 20 330
21 47 36 42 M 23 0 0.06 0.0 0 6.7 14 350 M M 9 20 350
22 51 29 40 M 25 0 0.00 0.0 0 2.3 6 190 M M 3 M M
23 50 37 44 M 21 0 T 0.0 0 6.2 13 140 M M 9 3 18 160
24 60 46 53 M 12 0 1.60 0.0 0 5.3 14 140 M M 9 13 24 160
25 58 50 54 M 11 0 0.42 0.0 0 5.8 8 100 M M 10 M M
26 55 50 53 M 12 0 0.32 0.0 0 4.1 7 70 M M 10 M M
27 59 35 47 M 18 0 0.02 0.0 0 9.9 18 270 M M 10 24 260
28 35 28 32 M 33 0 M M 0 7.4 10 280 M M 9 16 290
29 36 26 31 M 34 0 0.00 0.0 M 5.9 10 280 M M 3 16 310
30 31 19 25 M 40 0 0.00 0.0 0 8.6 14 270 M M 5 21 300
31 34 18 26 M 39 0 M M M 8.2 15 10 M M 7 20 30
================================================================================
SM 1693 1170 589 12 4.34 0.0 219.7 M 193
================================================================================
AV 54.6 37.7 7.1 FASTST M M 6 MAX(MPH)
MISC ----> 21 90 29 90
================================================================================
NOTES:
# LAST OF SEVERAL OCCURRENCES
COLUMN 17 PEAK WIND IN M.P.H.
PRELIMINARY LOCAL CLIMATOLOGICAL DATA (WS FORM: F-6) , PAGE 2
STATION: MEDFORD WI
MONTH: OCTOBER
YEAR: 2023
LATITUDE: 45 5 N
LONGITUDE: 90 18 W
[TEMPERATURE DATA] [PRECIPITATION DATA] SYMBOLS USED IN COLUMN 16
AVERAGE MONTHLY: 46.2 TOTAL FOR MONTH: 4.34 1 = FOG OR MIST
DPTR FM NORMAL: 0.0 DPTR FM NORMAL: M 2 = FOG REDUCING VISIBILITY
HIGHEST: 85 ON 1 GRTST 24HR 1.60 ON 24-24 TO 1/4 MILE OR LESS
LOWEST: 18 ON 31 3 = THUNDER
SNOW, ICE PELLETS, HAIL 4 = ICE PELLETS
TOTAL MONTH: 0.0 INCH 5 = HAIL
GRTST 24HR 0.0 6 = FREEZING RAIN OR DRIZZLE
GRTST DEPTH: 0 7 = DUSTSTORM OR SANDSTORM:
VSBY 1/2 MILE OR LESS
8 = SMOKE OR HAZE
[NO. OF DAYS WITH] [WEATHER - DAYS WITH] 9 = BLOWING SNOW
X = TORNADO
MAX 32 OR BELOW: 1 0.01 INCH OR MORE: 11
MAX 90 OR ABOVE: 0 0.10 INCH OR MORE: 6
MIN 32 OR BELOW: 8 0.50 INCH OR MORE: 3
MIN 0 OR BELOW: 0 1.00 INCH OR MORE: 1
[HDD (BASE 65) ]
TOTAL THIS MO. 589 CLEAR (SCALE 0-3) 4
DPTR FM NORMAL M PTCLDY (SCALE 4-7) 15
TOTAL FM JUL 1 885 CLOUDY (SCALE 8-10) 12
DPTR FM NORMAL M
[CDD (BASE 65) ]
TOTAL THIS MO. 12
DPTR FM NORMAL M [PRESSURE DATA]
TOTAL FM JAN 1 310 HIGHEST SLP M ON M
DPTR FM NORMAL M LOWEST SLP M ON M
[REMARKS]
#FINAL-10-23#