000
CXUS56 KPDT 031550
CF6MEH
PRELIMINARY LOCAL CLIMATOLOGICAL DATA (WS FORM: F-6)
STATION: MEACHAM OR
MONTH: NOVEMBER
YEAR: 2022
LATITUDE: 45 30 N
LONGITUDE: 118 24 W
TEMPERATURE IN F: :PCPN: SNOW: WIND :SUNSHINE: SKY :PK WND
================================================================================
1 2 3 4 5 6A 6B 7 8 9 10 11 12 13 14 15 16 17 18
12Z AVG MX 2MIN
DY MAX MIN AVG DEP HDD CDD WTR SNW DPTH SPD SPD DIR MIN PSBL S-S WX SPD DR
================================================================================
1 40 30 35 -4 30 0 0.82 M M 0.7 5 290 M M 10 12 13 260
2 36 25 31 -7 34 0 0.06 M M 0.0 3 240 M M 7 12 9 280
3 34 28 31 -7 34 0 0.21 M M 0.0 6 280 M M 10 1 11 230
4 48 30 39 1 26 0 1.83 M M 0.8 9 210 M M 10 1 39 230
5 48 32 40 2 25 0 0.21 M M 3.8 13 290 M M 8 1 42 290
6 41 29 35 -2 30 0 0.10 M M 1.0 12 100 M M 5 1 20 170
7 39 26 33 -4 32 0 0.13 M M 0.2 4 99 M M 7 1 M M
8 39 24 32 -5 33 0 0.00 M M 1.6 9 100 M M 5 1 19 90
9 30 16 23 -13 42 0 0.00 M M 1.4 7 260 M M 6 12 17 260
10 35 16 26 -10 39 0 0.00 M M 1.0 6 290 M M 6 11 270
11 34 15 25 -11 40 0 T M M 0.3 5 200 M M 3 14 80
12 31 21 26 -10 39 0 0.00 M M 0.4 5 280 M M 8 12 8 290
13 34 11 23 -12 42 0 0.00 M M 0.7 7 30 M M 5 1 14 320
14 27 24 26 -9 39 0 0.00 M M 0.7 6 40 M M 10 8 30
15 37 15 26 -9 39 0 0.00 M M 0.3 5 300 M M 3 7 340
16 41 9 25 -9 40 0 0.00 M M 0.3 4 99 M M 0 M M
17 24 17 21 -13 44 0 0.00 M M M M M M M M M M
18 29 8 19 -15 46 0 0.00 M M 0.3 5 270 M M 1 1 7 250
19 37 5 21 -13 44 0 0.00 M M 0.7 6 100 M M 0 19 80
20 40 19 30 -3 35 0 0.00 M M 0.5 6 90 M M 0 8 12 80
21 42 17 30 -3 35 0 0.00 M M 0.0 5 100 M M 4 8 9 100
22 39 26 33 0 32 0 0.29 M M 1.3 9 270 M M 5 1 24 270
23 42 26 34 2 31 0 0.00 M M 0.8 8 280 M M 4 17 250
24 48 27 38 6 27 0 0.00 M M 0.3 5 190 M M 0 11 110
25 46 32 39 7 26 0 0.16 M M 0.4 4 99 M M 1 M M
26 34 24 29 -3 36 0 0.14 M M 0.3 6 300 M M M 12 290
27 37 22 30 -1 35 0 0.62 M M 0.8 12 260 M M M 24 280
28 28 22 25 -6 40 0 0.75 M M M 7 280 M M M 2 19 270
29 26 19 23 -8 42 0 0.03 M M 0.2 5 130 M M 9 18 18 170
30 32 23 28 -2 37 0 0.08 M M 0.3 5 100 M M 10 18 22 150
================================================================================
SM 1098 638 1074 0 5.43 M 19.1 M 137
================================================================================
AV 36.6 21.3 0.7 FASTST M M 5 MAX(MPH)
MISC ----> 13 290 42 290
================================================================================
NOTES:
# LAST OF SEVERAL OCCURRENCES
COLUMN 17 PEAK WIND IN M.P.H.
PRELIMINARY LOCAL CLIMATOLOGICAL DATA (WS FORM: F-6) , PAGE 2
STATION: MEACHAM OR
MONTH: NOVEMBER
YEAR: 2022
LATITUDE: 45 30 N
LONGITUDE: 118 24 W
[TEMPERATURE DATA] [PRECIPITATION DATA] SYMBOLS USED IN COLUMN 16
AVERAGE MONTHLY: 28.9 TOTAL FOR MONTH: 5.43 1 = FOG OR MIST
DPTR FM NORMAL: -5.6 DPTR FM NORMAL: 0.59 2 = FOG REDUCING VISIBILITY
HIGHEST: 48 ON 24, 5 GRTST 24HR 2.04 ON 3- 4 TO 1/4 MILE OR LESS
LOWEST: 5 ON 19 3 = THUNDER
SNOW, ICE PELLETS, HAIL 4 = ICE PELLETS
TOTAL MONTH: M 5 = HAIL
GRTST 24HR M ON M 6 = FREEZING RAIN OR DRIZZLE
GRTST DEPTH: M ON M 7 = DUSTSTORM OR SANDSTORM:
VSBY 1/2 MILE OR LESS
8 = SMOKE OR HAZE
[NO. OF DAYS WITH] [WEATHER - DAYS WITH] 9 = BLOWING SNOW
X = TORNADO
MAX 32 OR BELOW: 8 0.01 INCH OR MORE: 14
MAX 90 OR ABOVE: 0 0.10 INCH OR MORE: 11
MIN 32 OR BELOW: 30 0.50 INCH OR MORE: 4
MIN 0 OR BELOW: 0 1.00 INCH OR MORE: 1
[HDD (BASE 65) ]
TOTAL THIS MO. 1074 CLEAR (SCALE 0-3) 7
DPTR FM NORMAL 160 PTCLDY (SCALE 4-7) 13
TOTAL FM JUL 1 2039 CLOUDY (SCALE 8-10) 10
DPTR FM NORMAL -300
[CDD (BASE 65) ]
TOTAL THIS MO. 0
DPTR FM NORMAL 0 [PRESSURE DATA]
TOTAL FM JAN 1 142 HIGHEST SLP M ON M
DPTR FM NORMAL 103 LOWEST SLP 29.37 ON 6
[REMARKS]
#FINAL-11-22#