000
CXUS56 KPDT 011810
CF6MEH
PRELIMINARY LOCAL CLIMATOLOGICAL DATA (WS FORM: F-6)
STATION: MEACHAM OR
MONTH: SEPTEMBER
YEAR: 2022
LATITUDE: 45 30 N
LONGITUDE: 118 24 W
TEMPERATURE IN F: :PCPN: SNOW: WIND :SUNSHINE: SKY :PK WND
================================================================================
1 2 3 4 5 6A 6B 7 8 9 10 11 12 13 14 15 16 17 18
12Z AVG MX 2MIN
DY MAX MIN AVG DEP HDD CDD WTR SNW DPTH SPD SPD DIR MIN PSBL S-S WX SPD DR
================================================================================
1 89 43 66 10 0 1 0.00 M M 1.2 7 10 M M 0 8 15 20
2 99 37 68 12 0 3 0.00 M M 1.4 10 90 M M 0 20 100
3 82 46 64 8 1 0 T M M 0.6 17 90 M M 1 33 90
4 82 37 60 4 5 0 0.00 M M 1.3 8 270 M M 0 14 270
5 77 39 58 3 7 0 0.00 M M 1.2 8 30 M M 0 14 30
6 85 38 62 7 3 0 0.00 M M 0.8 7 20 M M 0 13 40
7 83 47 65 10 0 0 T M M 0.4 4 99 M M 0 M M
8 69 35 52 -2 13 0 0.00 M M M M M M M M M M
9 69 28 49 -5 16 0 0.00 M M 3.7 6 99 M M 0 M M
10 82 29 56 2 9 0 0.00 M M 0.8 8 100 M M 1 8 17 90
11 83 39 61 7 4 0 0.00 M M 0.5 6 90 M M 3 8 12 100
12 72 43 58 4 7 0 T M M 0.3 7 280 M M 8 8 12 270
13 68 43 56 3 9 0 0.01 M M 0.1 7 40 M M 7 18 11 290
14 69 43 56 3 9 0 0.03 M M 1.1 7 20 M M 2 1 13 70
15 66 37 52 -1 13 0 0.00 M M 0.7 7 30 M M 1 11 300
16 65 33 49 -3 16 0 0.00 M M 1.3 8 280 M M 1 14 280
17 63 27 45 -7 20 0 0.01 M M 1.0 8 50 M M 2 13 60
18 68 38 53 1 12 0 0.10 M M 0.2 6 280 M M 4 1 13 250
19 71 35 53 1 12 0 0.00 M M 0.9 7 10 M M 0 14 20
20 64 34 49 -2 16 0 0.00 M M 1.2 9 30 M M 0 17 30
21 61 37 49 -2 16 0 0.08 M M 0.5 6 270 M M 4 12 320
22 64 37 51 0 14 0 0.01 M M 1.0 10 290 M M 6 21 260
23 71 29 50 0 15 0 0.00 M M 1.0 6 300 M M 0 12 250
24 76 30 53 3 12 0 0.00 M M 0.9 8 50 M M 0 14 40
25 79 30 55 5 10 0 0.00 M M 0.8 7 30 M M 0 12 40
26 87 34 61 12 4 0 0.00 M M 0.7 5 99 M M 0 M M
27 87 46 67 18 0 2 0.00 M M 0.9 9 90 M M 0 17 110
28 78 37 58 9 7 0 T M M 1.2 8 270 M M 2 15 270
29 58 45 52 4 13 0 0.48 M M 0.1 7 280 M M 9 1 12 270
30 61 36 49 1 16 0 T M M 0.9 6 40 M M 7 10 300
================================================================================
SM 2228 1112 279 6 0.72 M 26.7 M 58
================================================================================
AV 74.3 37.1 0.9 FASTST M M 2 MAX(MPH)
MISC ----> 17 90 33 90
================================================================================
NOTES:
# LAST OF SEVERAL OCCURRENCES
COLUMN 17 PEAK WIND IN M.P.H.
PRELIMINARY LOCAL CLIMATOLOGICAL DATA (WS FORM: F-6) , PAGE 2
STATION: MEACHAM OR
MONTH: SEPTEMBER
YEAR: 2022
LATITUDE: 45 30 N
LONGITUDE: 118 24 W
[TEMPERATURE DATA] [PRECIPITATION DATA] SYMBOLS USED IN COLUMN 16
AVERAGE MONTHLY: 55.7 TOTAL FOR MONTH: 0.72 1 = FOG OR MIST
DPTR FM NORMAL: 3.3 DPTR FM NORMAL: -0.49 2 = FOG REDUCING VISIBILITY
HIGHEST: 99 ON 2 GRTST 24HR 0.48 ON 29-29 TO 1/4 MILE OR LESS
LOWEST: 27 ON 17 3 = THUNDER
SNOW, ICE PELLETS, HAIL 4 = ICE PELLETS
TOTAL MONTH: M 5 = HAIL
GRTST 24HR M ON M 6 = FREEZING RAIN OR DRIZZLE
GRTST DEPTH: M ON M 7 = DUSTSTORM OR SANDSTORM:
VSBY 1/2 MILE OR LESS
8 = SMOKE OR HAZE
[NO. OF DAYS WITH] [WEATHER - DAYS WITH] 9 = BLOWING SNOW
X = TORNADO
MAX 32 OR BELOW: 0 0.01 INCH OR MORE: 7
MAX 90 OR ABOVE: 1 0.10 INCH OR MORE: 2
MIN 32 OR BELOW: 6 0.50 INCH OR MORE: 0
MIN 0 OR BELOW: 0 1.00 INCH OR MORE: 0
[HDD (BASE 65) ]
TOTAL THIS MO. 279 CLEAR (SCALE 0-3) 22
DPTR FM NORMAL -103 PTCLDY (SCALE 4-7) 6
TOTAL FM JUL 1 427 CLOUDY (SCALE 8-10) 2
DPTR FM NORMAL -320
[CDD (BASE 65) ]
TOTAL THIS MO. 6
DPTR FM NORMAL 4 [PRESSURE DATA]
TOTAL FM JAN 1 142 HIGHEST SLP M ON M
DPTR FM NORMAL 103 LOWEST SLP 29.70 ON 17
[REMARKS]
#FINAL-09-22#