000
CXUS56 KPDT 011910
CF6MEH
PRELIMINARY LOCAL CLIMATOLOGICAL DATA (WS FORM: F-6)
STATION: MEACHAM OR
MONTH: FEBRUARY
YEAR: 2024
LATITUDE: 45 30 N
LONGITUDE: 118 24 W
TEMPERATURE IN F: :PCPN: SNOW: WIND :SUNSHINE: SKY :PK WND
================================================================================
1 2 3 4 5 6A 6B 7 8 9 10 11 12 13 14 15 16 17 18
12Z AVG MX 2MIN
DY MAX MIN AVG DEP HDD CDD WTR SNW DPTH SPD SPD DIR MIN PSBL S-S WX SPD DR
================================================================================
1 48 37 43 13 22 0 0.12 M M 0.0 6 120 M M 8 1 15 60
2 43 30 37 7 28 0 0.05 M M 0.4 5 300 M M 7 1 9 280
3 36 30 33 3 32 0 0.05 M M 0.5 6 270 M M 10 1 12 300
4 39 24 32 2 33 0 T M M 1.8 9 100 M M 6 32 90
5 44 33 39 9 26 0 T M M 1.3 9 110 M M 8 26 90
6 44 27 36 6 29 0 0.00 M M 0.5 7 270 M M 7 15 320
7 33 27 30 0 35 0 0.10 M M 0.3 6 270 M M 10 1 9 280
8 32 27 30 0 35 0 0.05 M M 0.3 5 280 M M 10 1 9 310
9 32 15 24 -6 41 0 0.48 M M 0.9 6 280 M M 9 12 16 300
10 36 7 22 -8 43 0 0.00 M M 0.0 3 90 M M 2 1 7 150
11 41 18 30 0 35 0 T M M 0.0 3 180 M M 7 1 8 210
12 37 28 33 3 32 0 0.17 M M 0.0 5 280 M M 9 1 10 290
13 39 24 32 2 33 0 0.00 M M 0.6 5 99 M M 5 M M
14 36 14 25 -5 40 0 0.03 M M 0.2 6 100 M M 10 1 9 90
15 34 23 29 -2 36 0 0.24 M M 0.3 5 99 M M 10 12 10 40
16 30 11 21 -10 44 0 T M M 0.6 6 70 M M 7 1 12 90
17 36 13 25 -6 40 0 T M M 1.4 7 100 M M 5 18 170
18 39 31 35 4 30 0 0.10 M M 0.5 5 100 M M 8 1 14 90
19 44 34 39 8 26 0 0.02 M M 0.4 8 100 M M 7 17 170
20 45 30 38 7 27 0 0.06 M M 0.0 6 110 M M 7 1 10 80
21 46 29 38 7 27 0 0.12 M M 0.1 6 270 M M 9 16 16 220
22 47 23 35 4 30 0 T M M 0.3 6 20 M M 3 1 11 30
23 53 21 37 6 28 0 0.00 M M 0.6 7 270 M M 1 14 290
24 51 22 37 5 28 0 0.00 M M 1.4 9 270 M M 4 17 250
25 51 27 39 7 26 0 0.35 M M 0.6 7 230 M M 8 1 22 270
26 38 23 31 -1 34 0 0.84 M M 3.6 10 270 M M 10 1 25 270
27 31 22 27 -5 38 0 0.13 M M 2.3 9 280 M M 10 1 22 280
28 37 29 33 1 32 0 0.40 M M 0.3 7 110 M M 10 12 14 140
29 43 26 35 3 30 0 0.30 M M 2.9 14 80 M M 7 12 32 100
================================================================================
SM 1165 705 940 0 3.61 M 22.1 M 214
================================================================================
AV 40.2 24.3 0.8 FASTST M M 7 MAX(MPH)
MISC ----> 14 80 32 100
================================================================================
NOTES:
# LAST OF SEVERAL OCCURRENCES
COLUMN 17 PEAK WIND IN M.P.H.
PRELIMINARY LOCAL CLIMATOLOGICAL DATA (WS FORM: F-6) , PAGE 2
STATION: MEACHAM OR
MONTH: FEBRUARY
YEAR: 2024
LATITUDE: 45 30 N
LONGITUDE: 118 24 W
[TEMPERATURE DATA] [PRECIPITATION DATA] SYMBOLS USED IN COLUMN 16
AVERAGE MONTHLY: 32.2 TOTAL FOR MONTH: 3.61 1 = FOG OR MIST
DPTR FM NORMAL: 1.5 DPTR FM NORMAL: 0.02 2 = FOG REDUCING VISIBILITY
HIGHEST: 53 ON 23 GRTST 24HR 1.17 ON 25-26 TO 1/4 MILE OR LESS
LOWEST: 7 ON 10 3 = THUNDER
SNOW, ICE PELLETS, HAIL 4 = ICE PELLETS
TOTAL MONTH: M 5 = HAIL
GRTST 24HR M ON M 6 = FREEZING RAIN OR DRIZZLE
GRTST DEPTH: M ON M 7 = DUSTSTORM OR SANDSTORM:
VSBY 1/2 MILE OR LESS
8 = SMOKE OR HAZE
[NO. OF DAYS WITH] [WEATHER - DAYS WITH] 9 = BLOWING SNOW
X = TORNADO
MAX 32 OR BELOW: 4 0.01 INCH OR MORE: 18
MAX 90 OR ABOVE: 0 0.10 INCH OR MORE: 12
MIN 32 OR BELOW: 26 0.50 INCH OR MORE: 1
MIN 0 OR BELOW: 0 1.00 INCH OR MORE: 0
[HDD (BASE 65) ]
TOTAL THIS MO. 940 CLEAR (SCALE 0-3) 3
DPTR FM NORMAL -20 PTCLDY (SCALE 4-7) 15
TOTAL FM JUL 1 5045 CLOUDY (SCALE 8-10) 11
DPTR FM NORMAL -596
[CDD (BASE 65) ]
TOTAL THIS MO. 0
DPTR FM NORMAL 0 [PRESSURE DATA]
TOTAL FM JAN 1 0 HIGHEST SLP M ON M
DPTR FM NORMAL 0 LOWEST SLP 29.50 ON 1
[REMARKS]
#FINAL-02-24#