000
CXUS53 KGRB 290531
CF6MFI
PRELIMINARY LOCAL CLIMATOLOGICAL DATA (WS FORM: F-6)
STATION: MARSHFIELD WI
MONTH: APRIL
YEAR: 2021
LATITUDE: 44 37 N
LONGITUDE: 90 11 W
TEMPERATURE IN F: :PCPN: SNOW: WIND :SUNSHINE: SKY :PK WND
================================================================================
1 2 3 4 5 6A 6B 7 8 9 10 11 12 13 14 15 16 17 18
12Z AVG MX 2MIN
DY MAX MIN AVG DEP HDD CDD WTR SNW DPTH SPD SPD DIR MIN PSBL S-S WX SPD DR
================================================================================
1 40 16 28 -10 37 0 0.00 0.0 0 4.5 12 290 M M 0 18 270
2 52 21 37 -1 28 0 0.00 0.0 0 11.8 23 190 M M 0 31 190
3 69 32 51 13 14 0 0.00 0.0 0 7.0 20 340 M M 0 25 340
4 76 41 59 20 6 0 0.00 0.0 0 8.8 23 180 M M 0 29 190
5 82 45 64 25 1 0 0.00 0.0 0 9.0 23 210 M M 0 30 210
6 80 52 66 26 0 1 0.16 0.0 0 7.7 16 210 M M 5 3 22 200
7 79 55 67 27 0 2 T 0.0 0 9.7 25 170 M M 4 1 36 150
8 63 52 58 18 7 0 0.30 0.0 0 9.7 21 170 M M 9 13 27 170
9 56 45 51 10 14 0 0.24 0.0 0 7.2 14 190 M M 10 1 22 190
10 50 42 46 5 19 0 T 0.0 0 7.8 17 10 M M 10 1 26 10
11 52 45 49 7 16 0 0.19 0.0 0 10.6 17 10 M M 10 18 28 10
12 54 41 48 6 17 0 0.02 0.0 0 10.4 21 260 M M 10 1 30 250
13 41 31 36 -7 29 0 T T 0 11.0 21 290 M M 10 1 34 260
14 43 29 36 -7 29 0 0.03 0.0 0 10.0 18 320 M M 10 18 25 350
15 50 34 42 -1 23 0 0.00 0.0 0 10.2 21 330 M M 7 27 340
16 59 29 44 0 21 0 0.00 0.0 0 7.3 17 330 M M 0 24 350
17 59 32 46 2 19 0 0.00 0.0 0 6.3 16 310 M M 3 23 330
18 62 36 49 4 16 0 0.06 0.0 0 7.7 24 320 M M 5 1 33 310
19 41 30 36 -9 29 0 T T 0 14.5 24 320 M M 10 18 32 300
20 43 25 34 -12 31 0 T 0.0 0 5.5 20 330 M M 7 8 25 340
21 43 25 34 -12 31 0 0.01 T T 7.5 21 300 M M 6 128 28 290
22 62 21 42 -4 23 0 0.00 0.0 0 7.2 21 330 M M 1 30 290
23 61 40 51 4 14 0 0.01 0.0 0 8.8 23 210 M M 7 1 30 230
24 48 28 38 -9 27 0 0.05 0.0 0 9.3 22 320 M M 9 18 27 310
25 48 24 36 -12 29 0 T 0.0 0 5.9 17 130 M M 5 24 130
26 53 33 43 -5 22 0 0.01 0.0 0 14.9 23 120 M M 7 34 110
27 60 39 50 2 15 0 0.42 0.0 0 9.7 17 60 M M 6 13 22 60
28 63 42 53 4 12 0 0.00 0.0 0 4.9 12 20 M M 6 1 17 20
29 66 42 54 5 11 0 T 0.0 0 8.5 29 330 M M 3 12 39 330
30 58 38 48 -2 17 0 0.00 0.0 0 7.9 20 350 M M 1 29 340
================================================================================
SM 1713 1065 557 3 1.50 T 261.3 M 161
================================================================================
AV 57.1 35.5 8.7 FASTST M M 5 MAX(MPH)
MISC ----> 29 330 39 330
================================================================================
NOTES:
# LAST OF SEVERAL OCCURRENCES
COLUMN 17 PEAK WIND IN M.P.H.
PRELIMINARY LOCAL CLIMATOLOGICAL DATA (WS FORM: F-6) , PAGE 2
STATION: MARSHFIELD WI
MONTH: APRIL
YEAR: 2021
LATITUDE: 44 37 N
LONGITUDE: 90 11 W
[TEMPERATURE DATA] [PRECIPITATION DATA] SYMBOLS USED IN COLUMN 16
AVERAGE MONTHLY: 46.3 TOTAL FOR MONTH: 1.50 1 = FOG OR MIST
DPTR FM NORMAL: 2.7 DPTR FM NORMAL: -0.74 2 = FOG REDUCING VISIBILITY
HIGHEST: 82 ON 5 GRTST 24HR 0.42 ON 27-27 TO 1/4 MILE OR LESS
LOWEST: 16 ON 1 3 = THUNDER
SNOW, ICE PELLETS, HAIL 4 = ICE PELLETS
TOTAL MONTH: T 5 = HAIL
GRTST 24HR T ON 13-13 6 = FREEZING RAIN OR DRIZZLE
GRTST DEPTH: T 7 = DUSTSTORM OR SANDSTORM:
VSBY 1/2 MILE OR LESS
8 = SMOKE OR HAZE
[NO. OF DAYS WITH] [WEATHER - DAYS WITH] 9 = BLOWING SNOW
X = TORNADO
MAX 32 OR BELOW: 0 0.01 INCH OR MORE: 12
MAX 90 OR ABOVE: 0 0.10 INCH OR MORE: 5
MIN 32 OR BELOW: 13 0.50 INCH OR MORE: 0
MIN 0 OR BELOW: 0 1.00 INCH OR MORE: 0
[HDD (BASE 65) ]
TOTAL THIS MO. 557 CLEAR (SCALE 0-3) 9
DPTR FM NORMAL -84 PTCLDY (SCALE 4-7) 12
TOTAL FM JUL 1 7306 CLOUDY (SCALE 8-10) 9
DPTR FM NORMAL -442
[CDD (BASE 65) ]
TOTAL THIS MO. 3
DPTR FM NORMAL 3 [PRESSURE DATA]
TOTAL FM JAN 1 3 HIGHEST SLP 30.60 ON 1
DPTR FM NORMAL 3 LOWEST SLP 29.41 ON 11
[REMARKS]
#FINAL-04-21#