000
CXUS54 KBMX 041640
CLMMGM
CLIMATE REPORT
NATIONAL WEATHER SERVICE BIRMINGHAM AL
1140 AM CDT THU APR 04 2024
...................................
...THE MONTGOMERY CLIMATE SUMMARY FOR THE MONTH OF MARCH 2024...
CLIMATE NORMAL PERIOD 1991 TO 2020
CLIMATE RECORD PERIOD 1872 TO 2024
WEATHER OBSERVED NORMAL DEPART LAST YEAR`S
VALUE DATE(S) VALUE FROM VALUE DATE(S)
NORMAL
................................................................
TEMPERATURE (F)
RECORD
HIGH 90 03/24/1929
03/21/1907
LOW 17 03/14/1993
HIGHEST 85 03/14 MM MM 90 03/25
LOWEST 29 03/19 MM MM 27 03/20
AVG. MAXIMUM 71.5 71.9 -0.4 74.4
AVG. MINIMUM 48.2 46.5 1.7 49.4
MEAN 59.8 61.9
DAYS MAX >= 90 0 0.0 0.0 1
DAYS MAX <= 32 0 0.0 0.0 0
DAYS MIN <= 32 1 2.2 -1.2 3
DAYS MIN <= 0 0 0.0 0.0 0
PRECIPITATION (INCHES)
RECORD
MAXIMUM 16.51 1909
MINIMUM 0.72 1887
TOTALS 7.60 5.21 2.39 4.50
DAILY AVG. 0.25 0.17 0.08 0.15
DAYS >= .01 8 9.1 -1.1 9
DAYS >= .10 5 6.5 -1.5 5
DAYS >= .50 5 3.5 1.5 3
DAYS >= 1.00 2 1.7 0.3 1
DEGREE DAYS
HEATING TOTAL 168 218 -50 174
SINCE 7/1 1780 1916 -136 MM
COOLING TOTAL 13 38 -25 86
SINCE 1/1 23 52 -29 MM
................................................................
WIND (MPH)
AVERAGE WIND SPEED 6.7
HIGHEST WIND SPEED/DIRECTION 30/110 DATE 03/01
HIGHEST GUST SPEED/DIRECTION 39/110 DATE 03/01
AVERAGE RH (PERCENT) 69
WEATHER CONDITIONS. NUMBER OF DAYS WITH
THUNDERSTORM 4 MIXED PRECIP 0
HEAVY RAIN 5 RAIN 6
LIGHT RAIN 11 FREEZING RAIN 0
LT FREEZING RAIN 0 HAIL 0
HEAVY SNOW 0 SNOW 0
LIGHT SNOW 0 SLEET 0
FOG 17 FOG W/VIS <= 1/4 MILE 5
HAZE 2
- INDICATES NEGATIVE NUMBERS.
R INDICATES RECORD WAS SET OR TIED.
MM INDICATES DATA IS MISSING.
T INDICATES TRACE AMOUNT.
$$