000
CXUS54 KBMX 031526
CLMMGM
CLIMATE REPORT
NATIONAL WEATHER SERVICE BIRMINGHAM AL
1026 AM CDT MON JUL 03 2023
...................................
...THE MONTGOMERY CLIMATE SUMMARY FOR THE MONTH OF JUNE 2023...
CLIMATE NORMAL PERIOD 1991 TO 2020
CLIMATE RECORD PERIOD 1872 TO 2023
WEATHER OBSERVED NORMAL DEPART LAST YEAR`S
VALUE DATE(S) VALUE FROM VALUE DATE(S)
NORMAL
................................................................
TEMPERATURE (F)
RECORD
HIGH 106 06/27/1881
LOW 48 06/01/1889
HIGHEST 98 06/30 MM MM 104 06/23
LOWEST 63 06/10 MM MM 66 06/19
AVG. MAXIMUM 89.9 91.5 -1.6 95.2
AVG. MINIMUM 68.8 69.0 -0.2 71.9
MEAN 79.3 83.6
DAYS MAX >= 90 18 19.1 -1.1 29
DAYS MAX <= 32 0 0.0 0.0 0
DAYS MIN <= 32 0 0.0 0.0 0
DAYS MIN <= 0 0 0.0 0.0 0
PRECIPITATION (INCHES)
RECORD
MAXIMUM 15.59 1928
MINIMUM 0.33 1979
TOTALS 4.74 4.08 0.66 3.46
DAILY AVG. 0.16 0.14 0.02 0.12
DAYS >= .01 10 10.3 -0.3 6
DAYS >= .10 10 6.7 3.3 2
DAYS >= .50 2 2.9 -0.9 2
DAYS >= 1.00 1 1.1 -0.1 1
DEGREE DAYS
HEATING TOTAL 0 0 0 0
SINCE 7/1 1496 1999 -503 MM
COOLING TOTAL 441 457 -16 567
SINCE 1/1 963 882 81 MM
................................................................
WIND (MPH)
AVERAGE WIND SPEED 5.3
HIGHEST WIND SPEED/DIRECTION 40/310 DATE 06/14
HIGHEST GUST SPEED/DIRECTION 60/310 DATE 06/14
AVERAGE RH (PERCENT) 72
WEATHER CONDITIONS. NUMBER OF DAYS WITH
THUNDERSTORM 15 MIXED PRECIP 0
HEAVY RAIN 5 RAIN 7
LIGHT RAIN 13 FREEZING RAIN 0
LT FREEZING RAIN 0 HAIL 0
HEAVY SNOW 0 SNOW 0
LIGHT SNOW 0 SLEET 0
FOG 13 FOG W/VIS <= 1/4 MILE 3
HAZE 3
- INDICATES NEGATIVE NUMBERS.
R INDICATES RECORD WAS SET OR TIED.
MM INDICATES DATA IS MISSING.
T INDICATES TRACE AMOUNT.
$$