000
CXUS51 KPBZ 010730
CF6MGW
PRELIMINARY LOCAL CLIMATOLOGICAL DATA (WS FORM: F-6)
STATION: MORGANTOWN WV
MONTH: SEPTEMBER
YEAR: 2022
LATITUDE: 39 39 N
LONGITUDE: 79 55 W
TEMPERATURE IN F: :PCPN: SNOW: WIND :SUNSHINE: SKY :PK WND
================================================================================
1 2 3 4 5 6A 6B 7 8 9 10 11 12 13 14 15 16 17 18
12Z AVG MX 2MIN
DY MAX MIN AVG DEP HDD CDD WTR SNW DPTH SPD SPD DIR MIN PSBL S-S WX SPD DR
================================================================================
1 83 58 71 0 0 6 0.00 M M 3.5 8 260 M M 2 12 220
2 86 62 74 3 0 9 0.00 M M 2.6 12 150 M M 1 1 14 150
3 86 65 76 6 0 11 0.00 M M 2.9 13 210 M M 2 3 13 260
4 84 68 76 6 0 11 0.07 M M 1.4 12 220 M M 7 1 16 210
5 72 68 70 0 0 5 1.57 M M 1.4 7 180 M M 8 1 10 200
6 79 68 74 4 0 9 0.04 M M 2.9 9 300 M M 9 1238 13 290
7 77 66 72 2 0 7 0.10 M M 4.6 10 340 M M 9 1 15 350
8 78 64 71 2 0 6 0.03 M M 2.5 10 350 M M 7 18 15 40
9 83 58 71 2 0 6 0.00 M M 4.3 14 130 M M 2 12 16 130
10 71 63 67 -2 0 2 0.19 M M 3.4 10 150 M M 5 1 16 150
11 80 65 73 5 0 8 0.42 M M 1.9 9 200 M M 7 1 13 190
12 79 62 71 3 0 6 0.57 M M 3.9 14 250 M M 9 1 26 220
13 71 54 63 -5 2 0 0.00 M M 4.6 13 220 M M 7 12 20 200
14 75 50 63 -4 2 0 0.00 M M 3.2 9 220 M M 2 11 220
15 78 55 67 0 0 2 0.00 M M 1.2 9 10 M M 3 18 13 350
16 79 54 67 0 0 2 0.00 M M 0.3 7 340 M M 1 1 10 330
17 82 57 70 4 0 5 0.00 M M 2.2 10 190 M M 1 18 14 230
18 82 60 71 5 0 6 0.00 M M 3.7 13 230 M M 2 1 18 220
19 73 60 67 1 0 2 0.21 M M 4.7 13 220 M M 6 1 21 200
20 80 61 71 6 0 6 0.00 M M 2.9 10 350 M M 4 12 16 360
21 84 58 71 6 0 6 0.32 M M 4.6 13 200 M M 1 13 18 200
22 70 50 60 -4 5 0 0.15 M M 7.4 20 330 M M 8 138 27 330
23 65 43 54 -10 11 0 0.00 M M 3.7 12 350 M M 2 17 340
24 70 48 59 -5 6 0 0.00 M M 3.3 12 170 M M 5 15 150
25 73 57 65 2 0 0 0.41 M M 6.8 20 220 M M 7 13 31 330
26 69 51 60 -3 5 0 0.03 M M 6.7 16 230 M M 8 28 220
27 64 45 55 -7 10 0 0.03 M M 4.9 15 230 M M 5 3 21 220
28 60 42 51 -11 14 0 0.14 M M 3.2 10 330 M M 7 1 20 350
29 63 46 55 -7 10 0 0.00 M M 5.3 14 350 M M 6 1 18 350
30 63 43 53 -8 12 0 0.03 M M 5.3 16 20 M M 3 12 23 50
================================================================================
SM 2259 1701 77 115 4.31 M 109.3 M 146
================================================================================
AV 75.3 56.7 3.6 FASTST M M 5 MAX(MPH)
MISC ----> # 20 330 31 330
================================================================================
NOTES:
# LAST OF SEVERAL OCCURRENCES
COLUMN 17 PEAK WIND IN M.P.H.
PRELIMINARY LOCAL CLIMATOLOGICAL DATA (WS FORM: F-6) , PAGE 2
STATION: MORGANTOWN WV
MONTH: SEPTEMBER
YEAR: 2022
LATITUDE: 39 39 N
LONGITUDE: 79 55 W
[TEMPERATURE DATA] [PRECIPITATION DATA] SYMBOLS USED IN COLUMN 16
AVERAGE MONTHLY: 66.0 TOTAL FOR MONTH: 4.31 1 = FOG OR MIST
DPTR FM NORMAL: -0.5 DPTR FM NORMAL: 0.90 2 = FOG REDUCING VISIBILITY
HIGHEST: 86 ON 3, 2 GRTST 24HR 1.58 ON 4- 5 TO 1/4 MILE OR LESS
LOWEST: 42 ON 28 3 = THUNDER
SNOW, ICE PELLETS, HAIL 4 = ICE PELLETS
TOTAL MONTH: M 5 = HAIL
GRTST 24HR M ON M 6 = FREEZING RAIN OR DRIZZLE
GRTST DEPTH: M ON M 7 = DUSTSTORM OR SANDSTORM:
VSBY 1/2 MILE OR LESS
8 = SMOKE OR HAZE
[NO. OF DAYS WITH] [WEATHER - DAYS WITH] 9 = BLOWING SNOW
X = TORNADO
MAX 32 OR BELOW: 0 0.01 INCH OR MORE: 16
MAX 90 OR ABOVE: 0 0.10 INCH OR MORE: 10
MIN 32 OR BELOW: 0 0.50 INCH OR MORE: 2
MIN 0 OR BELOW: 0 1.00 INCH OR MORE: 1
[HDD (BASE 65) ]
TOTAL THIS MO. 77 CLEAR (SCALE 0-3) 11
DPTR FM NORMAL 11 PTCLDY (SCALE 4-7) 16
TOTAL FM JUL 1 77 CLOUDY (SCALE 8-10) 3
DPTR FM NORMAL 7
[CDD (BASE 65) ]
TOTAL THIS MO. 115
DPTR FM NORMAL 4 [PRESSURE DATA]
TOTAL FM JAN 1 1036 HIGHEST SLP 30.48 ON 29
DPTR FM NORMAL 126 LOWEST SLP 29.63 ON 25
[REMARKS]
#FINAL-09-22#