000
CXUS52 KMFL 011159
CLMMIA
CLIMATE REPORT
NATIONAL WEATHER SERVICE MIAMI, FL
759 AM EDT MON MAY 01 2023
...................................
...THE MIAMI CLIMATE SUMMARY FOR THE MONTH OF APRIL 2023...
CLIMATE NORMAL PERIOD: 1991 TO 2020
CLIMATE RECORD PERIOD: 1895 TO 2023
WEATHER OBSERVED NORMAL DEPART LAST YEAR`S
VALUE DATE(S) VALUE FROM VALUE
NORMAL
..............................................................
TEMPERATURE (F)
RECORD
HIGH 97 04/20/2020
LOW 39 04/14/1940
HIGHEST 91 04/29 92
LOWEST 67 04/18 57
AVG. MAXIMUM 86.0 83.6 2.4 84.9
AVG. MINIMUM 72.7 69.8 2.9 72.3
MEAN 79.3 76.7 2.7 78.6
DAYS MAX >= 90 2 2
DAYS MAX <= 32 0 0
DAYS MIN <= 32 0 0
DAYS MIN <= 0 0 0
PRECIPITATION (INCHES)
RECORD
MAXIMUM 20.40 1942
MINIMUM 0.05 1981
TOTALS 9.95 3.36 6.59 4.66
DAILY AVG. 0.33 0.11 0.22
DAYS >= .01 13 11
DAYS >= .10 9 6
DAYS >= .50 5 2
DAYS >= 1.00 3 2
GREATEST
24 HR. TOTAL 3.69 04/10 TO 04/11 2.49
DEGREE DAYS
HEATING TOTAL 0 0 0 0
SINCE 7/1 67 103 -36 MM
COOLING TOTAL 437 352 85 416
SINCE 1/1 1366 950 416 MM
..............................................................
WIND (MPH)
AVERAGE WIND SPEED 8.3
HIGHEST WIND SPEED/DIRECTION 28/080 DATE 04/11
HIGHEST GUST SPEED/DIRECTION 33/080 DATE 04/11
33/050 04/22
SKY COVER
POSSIBLE SUNSHINE (PERCENT) MM
AVERAGE SKY COVER 0.56
NUMBER OF DAYS FAIR 4
NUMBER OF DAYS PC 21
NUMBER OF DAYS CLOUDY 5
AVERAGE RH (PERCENT) 72
WEATHER CONDITIONS. NUMBER OF DAYS WITH
THUNDERSTORM 15 MIXED PRECIP 0
HEAVY RAIN 8 RAIN 5
LIGHT RAIN 10 FREEZING RAIN 0
LT FREEZING RAIN 0 HAIL 0
HEAVY SNOW 0 SNOW 0
LIGHT SNOW 0 SLEET 0
FOG 10 FOG W/VIS <= 1/4 MILE 0
HAZE 4
- INDICATES NEGATIVE NUMBERS.
R INDICATES RECORD WAS SET OR TIED.
MM INDICATES DATA IS MISSING.
T INDICATES TRACE AMOUNT.
$$