000
CXUS53 KEAX 010736
CF6MKC
PRELIMINARY LOCAL CLIMATOLOGICAL DATA (WS FORM: F-6)
STATION: DOWNTOWN KANSAS CITY MO
MONTH: MARCH
YEAR: 2023
LATITUDE: 39 7 N
LONGITUDE: 94 36 W
TEMPERATURE IN F: :PCPN: SNOW: WIND :SUNSHINE: SKY :PK WND
================================================================================
1 2 3 4 5 6A 6B 7 8 9 10 11 12 13 14 15 16 17 18
12Z AVG MX 2MIN
DY MAX MIN AVG DEP HDD CDD WTR SNW DPTH SPD SPD DIR MIN PSBL S-S WX SPD DR
================================================================================
1 62 37 50 9 15 0 0.00 M M 7.1 16 350 M M 0 24 360
2 45 31 38 -3 27 0 T M M 10.0 15 50 M M 2 22 60
3 56 37 47 5 18 0 0.24 M M 7.2 20 10 M M 6 1 27 360
4 61 33 47 5 18 0 T M M 4.1 12 300 M M 2 15 310
5 74 41 58 16 7 0 0.00 M M 11.2 25 190 M M 3 38 200
6 66 40 53 10 12 0 0.00 M M 9.8 20 350 M M 0 26 340
7 50 38 44 1 21 0 0.12 M M 11.5 21 90 M M 9 1 31 90
8 45 42 44 1 21 0 0.00 M M 7.1 12 90 M M 10 1 18 100
9 43 38 41 -3 24 0 0.05 M M 7.9 17 320 M M 10 18 24 320
10 41 35 38 -6 27 0 0.00 M M 7.0 16 300 M M 7 22 290
11 40 34 37 -8 28 0 0.08 M M 7.9 14 80 M M 7 1 23 90
12 45 29 37 -8 28 0 0.00 M M 11.3 22 320 M M 6 33 280
13 35 25 30 -15 35 0 0.00 M M 10.4 18 350 M M 9 26 10
14 50 22 36 -10 29 0 0.00 M M 5.3 14 160 M M 0 20 160
15 65 37 51 5 14 0 0.00 M M 13.4 28 190 M M 2 38 170
16 60 30 45 -1 20 0 0.33 M M 13.1 25 330 M M 9 1 35 340
17 43 24 34 -13 31 0 T M M 10.6 21 330 M M 3 29 290
18 30 17 24 -23 41 0 0.00 M M 13.7 24 310 M M 5 36 320
19 46 16 31 -17 34 0 0.00 M M 9.3 20 210 M M 0 31 170
20 63 33 48 0 17 0 0.00 M M 16.2 29 220 M M 0 40 210
21 49 42 46 -2 19 0 0.14 M M 9.6 17 160 M M 10 1 25 160
22 57 46 52 3 13 0 T M M 5.8 12 70 M M 10 1 16 30
23 52 38 45 -4 20 0 T M M 9.9 17 350 M M 8 1 23 350
24 54 37 46 -3 19 0 0.96 M M 8.7 17 60 M M 6 1 26 60
25 63 36 50 0 15 0 0.03 M M 5.9 15 220 M M 4 1 21 210
26 47 35 41 -9 24 0 T M M 9.0 17 320 M M 7 1 24 290
27 53 29 41 -9 24 0 T M M 5.3 16 340 M M 2 22 310
28 53 35 44 -7 21 0 T M M 7.2 16 330 M M 5 1 21 330
29 61 32 47 -4 18 0 0.00 M M 5.8 13 150 M M 0 22 140
30 70 40 55 4 10 0 0.00 M M 13.8 29 170 M M 7 45 170
31 81 44 63 11 2 0 T M M 19.9 37 260 M M 5 3 52 250
================================================================================
SM 1660 1053 652 0 1.95 M 295.0 M 154
================================================================================
AV 53.5 34.0 9.5 FASTST M M 5 MAX(MPH)
MISC ----> 37 260 52 250
================================================================================
NOTES:
# LAST OF SEVERAL OCCURRENCES
COLUMN 17 PEAK WIND IN M.P.H.
PRELIMINARY LOCAL CLIMATOLOGICAL DATA (WS FORM: F-6) , PAGE 2
STATION: DOWNTOWN KANSAS CITY MO
MONTH: MARCH
YEAR: 2023
LATITUDE: 39 7 N
LONGITUDE: 94 36 W
[TEMPERATURE DATA] [PRECIPITATION DATA] SYMBOLS USED IN COLUMN 16
AVERAGE MONTHLY: 43.8 TOTAL FOR MONTH: 1.95 1 = FOG OR MIST
DPTR FM NORMAL: -2.6 DPTR FM NORMAL: -0.13 2 = FOG REDUCING VISIBILITY
HIGHEST: 81 ON 31 GRTST 24HR 0.96 ON 24-24 TO 1/4 MILE OR LESS
LOWEST: 16 ON 19 3 = THUNDER
SNOW, ICE PELLETS, HAIL 4 = ICE PELLETS
TOTAL MONTH: M 5 = HAIL
GRTST 24HR M ON M 6 = FREEZING RAIN OR DRIZZLE
GRTST DEPTH: M ON M 7 = DUSTSTORM OR SANDSTORM:
VSBY 1/2 MILE OR LESS
8 = SMOKE OR HAZE
[NO. OF DAYS WITH] [WEATHER - DAYS WITH] 9 = BLOWING SNOW
X = TORNADO
MAX 32 OR BELOW: 1 0.01 INCH OR MORE: 8
MAX 90 OR ABOVE: 0 0.10 INCH OR MORE: 5
MIN 32 OR BELOW: 10 0.50 INCH OR MORE: 1
MIN 0 OR BELOW: 0 1.00 INCH OR MORE: 0
[HDD (BASE 65) ]
TOTAL THIS MO. 652 CLEAR (SCALE 0-3) 12
DPTR FM NORMAL 69 PTCLDY (SCALE 4-7) 12
TOTAL FM JUL 1 4163 CLOUDY (SCALE 8-10) 7
DPTR FM NORMAL -85
[CDD (BASE 65) ]
TOTAL THIS MO. 0
DPTR FM NORMAL -6 [PRESSURE DATA]
TOTAL FM JAN 1 0 HIGHEST SLP M ON M
DPTR FM NORMAL -6 LOWEST SLP 29.31 ON 31
[REMARKS]
#FINAL-03-23#