000
CXUS53 KMKX 012035
CF6MKE
PRELIMINARY LOCAL CLIMATOLOGICAL DATA (WS FORM: F-6)
STATION: MILWAUKEE WI
MONTH: JANUARY
YEAR: 2021
LATITUDE: 42 57 N
LONGITUDE: 87 54 W
TEMPERATURE IN F: :PCPN: SNOW: WIND :SUNSHINE: SKY :PK WND
================================================================================
1 2 3 4 5 6A 6B 7 8 9 10 11 12 13 14 15 16 17 18
12Z AVG MX 2MIN
DY MAX MIN AVG DEP HDD CDD WTR SNW DPTH SPD SPD DIR MIN PSBL S-S WX SPD DR
================================================================================
1 34 18 26 3 39 0 0.42 2.6 3 10.8 20 10 M M 9 148 30 20
2 30 26 28 5 37 0 0.00 0.0 5 4.9 10 330 M M 9 18 16 330
3 35 25 30 7 35 0 T T 5 7.2 14 230 M M 9 1268 18 240
4 29 21 25 2 40 0 0.01 0.2 5 8.7 16 230 M M 10 12 19 250
5 37 29 33 11 32 0 0.00 0.0 5 5.6 15 300 M M 9 1 22 300
6 35 29 32 10 33 0 0.00 0.0 5 4.2 8 10 M M 9 18 10 230
7 35 28 32 10 33 0 0.01 0.1 4 8.4 15 10 M M 9 18 21 360
8 35 30 33 11 32 0 T T 4 10.9 18 360 M M 10 24 360
9 36 26 31 9 34 0 0.00 0.0 4 6.5 12 300 M M 7 19 290
10 32 24 28 6 37 0 T T 4 7.5 14 220 M M 10 168 17 300
11 31 20 26 4 39 0 0.01 0.3 4 13.9 21 230 M M 10 1 28 240
12 34 24 29 7 36 0 0.00 0.0 4 6.9 16 220 M M 6 18 21 220
13 41 30 36 14 29 0 0.00 0.0 4 5.5 13 230 M M 8 19 240
14 39 29 34 12 31 0 0.23 T 3 9.7 20 150 M M 7 18 27 160
15 39 34 37 15 28 0 0.02 0.3 2 6.3 14 130 M M 10 1 19 180
16 37 34 36 14 29 0 0.11 1.5 3 8.5 15 320 M M 10 1 22 340
17 35 27 31 9 34 0 T 0.3 2 6.2 13 310 M M 10 19 320
18 31 24 28 6 37 0 T 0.1 2 7.6 17 310 M M 9 23 310
19 29 19 24 2 41 0 0.04 1.1 2 8.8 23 310 M M 9 1 28 310
20 35 10 23 1 42 0 T T 2 14.4 28 220 M M 4 39 200
21 41 25 33 11 32 0 0.00 0.0 2 16.0 25 280 M M 3 38 290
22 25 11 18 -4 47 0 0.00 0.0 1 11.3 23 330 M M 1 32 330
23 29 10 20 -2 45 0 0.00 0.0 1 4.4 12 230 M M 4 16 240
24 33 18 26 4 39 0 0.16 1.8 2 6.3 15 190 M M 9 18 20 190
25 32 18 25 3 40 0 T T 2 14.5 29 60 M M 8 1 37 60
26 32 21 27 5 38 0 0.29 5.9 4 17.2 29 30 M M 9 189 41 30
27 26 13 20 -2 45 0 0.00 0.0 8 8.9 14 330 M M 5 23 300
28 24 9 17 -5 48 0 0.00 0.0 8 6.2 13 310 M M 4 8 20 270
29 33 10 22 0 43 0 0.00 0.0 8 6.9 18 130 M M 8 24 130
30 34 31 33 10 32 0 0.19 2.6 7 20.6 29 110 M M 9 1 41 120
31 34 28 31 8 34 0 0.53 6.5 12 16.4 26 90 M M 10 129 36 70
================================================================================
SM 1032 701 1141 0 2.02 23.3 291.2 M 244
================================================================================
AV 33.3 22.6 9.4 FASTST M M 8 MAX(MPH)
MISC ----> # 29 60 # 41 30
================================================================================
NOTES:
# LAST OF SEVERAL OCCURRENCES
COLUMN 17 PEAK WIND IN M.P.H.
PRELIMINARY LOCAL CLIMATOLOGICAL DATA (WS FORM: F-6) , PAGE 2
STATION: MILWAUKEE WI
MONTH: JANUARY
YEAR: 2021
LATITUDE: 42 57 N
LONGITUDE: 87 54 W
[TEMPERATURE DATA] [PRECIPITATION DATA] SYMBOLS USED IN COLUMN 16
AVERAGE MONTHLY: 28.0 TOTAL FOR MONTH: 2.02 1 = FOG OR MIST
DPTR FM NORMAL: 5.7 DPTR FM NORMAL: 0.26 2 = FOG REDUCING VISIBILITY
HIGHEST: 41 ON 21,13 GRTST 24HR 0.53 ON 31-31 TO 1/4 MILE OR LESS
LOWEST: 9 ON 28 3 = THUNDER
SNOW, ICE PELLETS, HAIL 4 = ICE PELLETS
TOTAL MONTH: 23.3 INCHES 5 = HAIL
GRTST 24HR 6.5 ON 31-31 6 = FREEZING RAIN OR DRIZZLE
GRTST DEPTH: 12 ON 31 7 = DUSTSTORM OR SANDSTORM:
VSBY 1/2 MILE OR LESS
8 = SMOKE OR HAZE
[NO. OF DAYS WITH] [WEATHER - DAYS WITH] 9 = BLOWING SNOW
X = TORNADO
MAX 32 OR BELOW: 12 0.01 INCH OR MORE: 12
MAX 90 OR ABOVE: 0 0.10 INCH OR MORE: 7
MIN 32 OR BELOW: 29 0.50 INCH OR MORE: 1
MIN 0 OR BELOW: 0 1.00 INCH OR MORE: 0
[HDD (BASE 65) ]
TOTAL THIS MO. 1141 CLEAR (SCALE 0-3) 2
DPTR FM NORMAL -184 PTCLDY (SCALE 4-7) 9
TOTAL FM JUL 1 3313 CLOUDY (SCALE 8-10) 20
DPTR FM NORMAL -573
[CDD (BASE 65) ]
TOTAL THIS MO. 0
DPTR FM NORMAL 0 [PRESSURE DATA]
TOTAL FM JAN 1 0 HIGHEST SLP 30.71 ON 28
DPTR FM NORMAL 0 LOWEST SLP 29.40 ON 15
[REMARKS]
#FINAL-01-21#