000
CXUS53 KMKX 012113 CCA
CLMMKE
CLIMATE REPORT
NATIONAL WEATHER SERVICE MILWAUKEE/SULLIVAN WI
1059 AM CDT THU JUN 01 2023
...................................
...THE MILWAUKEE WI CLIMATE SUMMARY FOR THE MONTH OF MAY 2023...
CLIMATE NORMAL PERIOD 1991 TO 2020
CLIMATE RECORD PERIOD 1871 TO 2023
WEATHER OBSERVED NORMAL DEPART LAST YEAR`S
VALUE DATE(S) VALUE FROM VALUE DATE(S)
NORMAL
................................................................
TEMPERATURE (F)
RECORD
HIGH 95 05/27/2018
LOW 21 05/10/1966
HIGHEST 86 05/31 84 2 87 05/12
05/30
LOWEST 38 05/01 34 4 38 05/05
AVG. MAXIMUM 67.3 66.5 0.8 68.7
AVG. MINIMUM 48.1 47.8 0.3 51.0
MEAN 57.7 57.1 0.6 59.9
DAYS MAX >= 90 0 0.3 -0.3 0
DAYS MAX <= 32 0 0.0 0.0 0
DAYS MIN <= 32 0 0.2 -0.2 0
DAYS MIN <= 0 0 0.0 0.0 0
PRECIPITATION (INCHES)
RECORD
MAXIMUM 9.56 1933
MINIMUM 0.41 1885
TOTALS 0.88 3.54 -2.66 2.96
DAILY AVG. 0.03 0.11 -0.08 0.10
DAYS >= .01 7 11.7 -4.7 9
DAYS >= .10 3 7.3 -4.3 5
DAYS >= .50 0 2.5 -2.5 2
DAYS >= 1.00 0 0.7 -0.7 1
GREATEST
24 HR. TOTAL 0.35 04/30 TO 05/01 1.21
SNOWFALL (INCHES)
RECORDS
TOTAL 3.2 1990
TOTALS 0.0 0.0 0.0 0.0
SINCE 7/1 52.4 48.7 3.7 28.7
SNOWDEPTH AVG. 0 0
DAYS >= 1.0 0 0.0 0.0 0
GREATEST
SNOW DEPTH 0 0
24 HR TOTAL 0 0.0
DEGREE DAYS
HEATING TOTAL 237 278 -41 222
SINCE 7/1 5751 6385 -634 5994
COOLING TOTAL 18 34 -16 71
SINCE 1/1 36 39 -3 71
................................................................
WIND (MPH)
AVERAGE WIND SPEED 8.6
HIGHEST WIND SPEED/DIRECTION 32/310 DATE 05/01
HIGHEST GUST SPEED/DIRECTION 46/300 DATE 05/01
SKY COVER
AVERAGE SKY COVER 0.59
NUMBER OF DAYS FAIR 6
NUMBER OF DAYS PC 16
NUMBER OF DAYS CLOUDY 9
AVERAGE RH (PERCENT) 59
WEATHER CONDITIONS. NUMBER OF DAYS WITH
THUNDERSTORM 0 MIXED PRECIP 0
HEAVY RAIN 0 RAIN 2
LIGHT RAIN 7 FREEZING RAIN 0
LT FREEZING RAIN 0 HAIL 0
HEAVY SNOW 0 SNOW 0
LIGHT SNOW 0 SLEET 0
FOG 5 FOG W/VIS <= 1/4 MILE 3
HAZE 8
- INDICATES NEGATIVE NUMBERS.
R INDICATES RECORD WAS SET OR TIED.
MM INDICATES DATA IS MISSING.
T INDICATES TRACE AMOUNT.
$$
6TH DRIEST