000
CXUS53 KGRR 010910
CF6MKG
PRELIMINARY LOCAL CLIMATOLOGICAL DATA (WS FORM: F-6)
STATION: MUSKEGON
MONTH: JUNE
YEAR: 2022
LATITUDE: 43 10 N
LONGITUDE: 86 14 W
TEMPERATURE IN F: :PCPN: SNOW: WIND :SUNSHINE: SKY :PK WND
================================================================================
1 2 3 4 5 6A 6B 7 8 9 10 11 12 13 14 15 16 17 18
12Z AVG MX 2MIN
DY MAX MIN AVG DEP HDD CDD WTR SNW DPTH SPD SPD DIR MIN PSBL S-S WX SPD DR
================================================================================
1 72 49 61 -2 4 0 0.02 0.0 0 6.8 17 210 M M 8 13 24 220
2 72 48 60 -4 5 0 0.01 0.0 0 5.7 14 250 M M 2 20 230
3 76 49 63 -1 2 0 T 0.0 0 8.2 20 230 M M 2 31 240
4 73 44 59 -5 6 0 0.00 0.0 0 4.4 12 130 M M 5 1 15 220
5 73 54 64 -1 1 0 0.07 0.0 0 6.3 15 90 M M 9 1 21 110
6 74 58 66 1 0 1 0.07 0.0 0 7.4 17 190 M M 10 18 25 200
7 72 51 62 -3 3 0 0.00 0.0 0 7.5 16 280 M M 7 1 22 280
8 62 49 56 -10 9 0 0.38 0.0 0 6.0 14 340 M M 8 1 19 350
9 70 47 59 -7 6 0 0.00 0.0 0 5.7 16 230 M M 4 12 23 230
10 75 49 62 -4 3 0 0.02 M 0 5.8 16 220 M M 5 1 25 220
11 72 57 65 -1 0 0 T 0.0 0 8.8 15 200 M M 7 18 22 200
12 78 55 67 0 0 2 0.00 0.0 0 5.3 12 280 M M 5 12 16 360
13 87 58 73 6 0 8 0.81 0.0 0 8.4 28 80 M M 6 13 38 100
14 93 65 79 12 0 14 0.00 0.0 0 11.5 22 200 M M 6 18 33 190
15 92 74 83 15 0 18 0.00 0.0 0 13.8 23 210 M M 5 34 280
16 85 63 74 6 0 9 0.47 0.0 0 11.2 24 200 M M 4 1238 34 220
17 80 61 71 3 0 6 0.00 0.0 0 10.5 21 360 M M 1 29 350
18 74 54 64 -4 1 0 0.00 0.0 0 7.4 16 290 M M 2 23 290
19 78 50 64 -5 1 0 0.00 0.0 0 6.4 14 230 M M 4 20 210
20 84 68 76 7 0 11 0.00 0.0 0 12.5 22 210 M M 5 30 220
21 90 67 79 10 0 14 0.00 0.0 0 11.0 24 200 M M 2 34 210
22 82 65 74 5 0 9 0.00 0.0 0 7.6 15 280 M M 2 23 320
23 79 55 67 -3 0 2 0.00 0.0 0 5.8 14 270 M M 1 18 260
24 86 58 72 2 0 7 0.00 0.0 0 5.4 14 200 M M 2 19 210
25 83 63 73 3 0 8 0.01 0.0 0 6.7 16 200 M M 7 18 23 190
26 77 66 72 2 0 7 0.00 0.0 0 10.0 18 340 M M 6 18 29 340
27 74 50 62 -8 3 0 0.00 0.0 0 9.0 22 320 M M 1 30 310
28 80 51 66 -4 0 1 T 0.0 0 10.8 22 190 M M 3 31 190
29 82 62 72 1 0 7 0.25 0.0 M 4.9 14 10 M M 7 13 22 10
30 88 66 77 6 0 12 0.00 0.0 0 15.3 24 200 M M 5 39 210
================================================================================
SM 2363 1706 44 136 2.11 0.0 246.1 M 141
================================================================================
AV 78.8 56.9 8.2 FASTST M M 5 MAX(MPH)
MISC ----> 28 80 39 210
================================================================================
NOTES:
# LAST OF SEVERAL OCCURRENCES
COLUMN 17 PEAK WIND IN M.P.H.
PRELIMINARY LOCAL CLIMATOLOGICAL DATA (WS FORM: F-6) , PAGE 2
STATION: MUSKEGON
MONTH: JUNE
YEAR: 2022
LATITUDE: 43 10 N
LONGITUDE: 86 14 W
[TEMPERATURE DATA] [PRECIPITATION DATA] SYMBOLS USED IN COLUMN 16
AVERAGE MONTHLY: 67.8 TOTAL FOR MONTH: 2.11 1 = FOG OR MIST
DPTR FM NORMAL: 0.4 DPTR FM NORMAL: -0.94 2 = FOG REDUCING VISIBILITY
HIGHEST: 93 ON 14 GRTST 24HR 0.81 ON 13-13 TO 1/4 MILE OR LESS
LOWEST: 44 ON 4 3 = THUNDER
SNOW, ICE PELLETS, HAIL 4 = ICE PELLETS
TOTAL MONTH: 0.0 INCH 5 = HAIL
GRTST 24HR 0.0 6 = FREEZING RAIN OR DRIZZLE
GRTST DEPTH: 0 7 = DUSTSTORM OR SANDSTORM:
VSBY 1/2 MILE OR LESS
8 = SMOKE OR HAZE
[NO. OF DAYS WITH] [WEATHER - DAYS WITH] 9 = BLOWING SNOW
X = TORNADO
MAX 32 OR BELOW: 0 0.01 INCH OR MORE: 10
MAX 90 OR ABOVE: 3 0.10 INCH OR MORE: 4
MIN 32 OR BELOW: 0 0.50 INCH OR MORE: 1
MIN 0 OR BELOW: 0 1.00 INCH OR MORE: 0
[HDD (BASE 65) ]
TOTAL THIS MO. 44 CLEAR (SCALE 0-3) 9
DPTR FM NORMAL -6 PTCLDY (SCALE 4-7) 19
TOTAL FM JUL 1 5942 CLOUDY (SCALE 8-10) 2
DPTR FM NORMAL -358
[CDD (BASE 65) ]
TOTAL THIS MO. 136
DPTR FM NORMAL 12 [PRESSURE DATA]
TOTAL FM JAN 1 236 HIGHEST SLP 30.29 ON 19
DPTR FM NORMAL 76 LOWEST SLP 29.68 ON 6
[REMARKS]
#FINAL-06-22#