000
CXUS54 KTSA 010850
CF6MKO
PRELIMINARY LOCAL CLIMATOLOGICAL DATA (WS FORM: F-6)
STATION: MUSKOGEE OKLAHOMA
MONTH: APRIL
YEAR: 2021
LATITUDE: 35 40 N
LONGITUDE: 95 22 W
TEMPERATURE IN F: :PCPN: SNOW: WIND :SUNSHINE: SKY :PK WND
================================================================================
1 2 3 4 5 6A 6B 7 8 9 10 11 12 13 14 15 16 17 18
12Z AVG MX 2MIN
DY MAX MIN AVG DEP HDD CDD WTR SNW DPTH SPD SPD DIR MIN PSBL S-S WX SPD DR
================================================================================
1 61 33 47 -9 18 0 0.00 0.0 M 6.1 18 360 M M 0 23 30
2 67 37 52 -5 13 0 0.00 0.0 M 10.4 18 160 M M 1 8 28 140
3 74 49 62 5 3 0 0.00 0.0 M 9.6 18 190 M M 4 27 170
4 73 46 60 3 5 0 0.00 0.0 M 8.5 16 170 M M 1 23 180
5 79 54 67 9 0 2 0.00 0.0 M 10.7 21 190 M M 6 31 180
6 78 58 68 10 0 3 0.00 0.0 M 13.9 26 180 M M 5 41 170
7 71 47 59 1 6 0 T 0.0 M 15.0 26 290 M M 6 37 280
8 77 44 61 3 4 0 0.00 0.0 M 12.2 25 270 M M 0 37 240
9 81 54 68 9 0 3 0.33 0.0 M 9.3 25 340 M M 2 13 34 360
10 66 45 56 -3 9 0 0.00 0.0 M 11.9 21 300 M M 6 29 310
11 81 41 61 2 4 0 0.00 0.0 M 7.9 20 220 M M 0 27 180
12 76 53 65 6 0 0 0.08 0.0 M 13.4 22 350 M M 3 3 30 350
13 72 51 62 2 3 0 0.17 0.0 M 14.8 24 40 M M 7 1 31 50
14 65 49 57 -3 8 0 0.71 0.0 M 9.0 17 30 M M 10 1 22 40
15 64 50 57 -3 8 0 T 0.0 M 7.1 16 50 M M 8 21 60
16 54 50 52 -8 13 0 0.29 0.0 M 5.3 18 130 M M 10 1 24 120
17 58 46 52 -9 13 0 0.04 0.0 M 10.4 18 330 M M 10 1 24 350
18 65 41 53 -8 12 0 0.00 0.0 M 6.8 17 330 M M 4 28 310
19 73 38 56 -5 9 0 0.00 0.0 M 6.4 16 240 M M 0 29 240
20 55 30 43 -18 22 0 0.04 0.0 M 12.3 26 350 M M 5 1 37 350
21 61 28 45 -17 20 0 0.00 0.0 M 4.4 17 330 M M 0 1 26 330
22 62 33 48 -14 17 0 0.04 0.0 M 6.0 15 110 M M 7 20 120
23 66 50 58 -4 7 0 1.69 0.0 M 11.0 25 100 M M 10 1 34 90
24 69 49 59 -3 6 0 0.44 0.0 M 8.4 21 350 M M 7 1 27 360
25 78 46 62 -1 3 0 0.00 0.0 M 9.9 21 150 M M 1 12 29 180
26 84 58 71 8 0 6 0.00 0.0 M 13.1 24 180 M M 0 8 36 200
27 73 65 69 6 0 4 0.16 0.0 M 9.3 18 180 M M 6 13 29 170
28 71 64 68 5 0 3 2.29 0.0 M 6.9 18 270 M M 10 123 34 270
29 77 53 65 1 0 0 0.07 0.0 M 9.8 20 10 M M 5 1 27 350
30 81 49 65 1 0 0 0.00 0.0 M 4.2 14 150 M M 0 19 180
================================================================================
SM 2112 1411 203 21 6.35 0.0 284.0 M 134
================================================================================
AV 70.4 47.0 9.5 FASTST M M 4 MAX(MPH)
MISC ----> # 26 180 41 170
================================================================================
NOTES:
# LAST OF SEVERAL OCCURRENCES
COLUMN 17 PEAK WIND IN M.P.H.
PRELIMINARY LOCAL CLIMATOLOGICAL DATA (WS FORM: F-6) , PAGE 2
STATION: MUSKOGEE OKLAHOMA
MONTH: APRIL
YEAR: 2021
LATITUDE: 35 40 N
LONGITUDE: 95 22 W
[TEMPERATURE DATA] [PRECIPITATION DATA] SYMBOLS USED IN COLUMN 16
AVERAGE MONTHLY: 58.7 TOTAL FOR MONTH: 6.35 1 = FOG OR MIST
DPTR FM NORMAL: -1.5 DPTR FM NORMAL: 2.38 2 = FOG REDUCING VISIBILITY
HIGHEST: 84 ON 26 GRTST 24HR 2.45 ON 27-28 TO 1/4 MILE OR LESS
LOWEST: 28 ON 21 3 = THUNDER
SNOW, ICE PELLETS, HAIL 4 = ICE PELLETS
TOTAL MONTH: 0.0 INCH 5 = HAIL
GRTST 24HR 0.0 6 = FREEZING RAIN OR DRIZZLE
GRTST DEPTH: M ON M 7 = DUSTSTORM OR SANDSTORM:
VSBY 1/2 MILE OR LESS
8 = SMOKE OR HAZE
[NO. OF DAYS WITH] [WEATHER - DAYS WITH] 9 = BLOWING SNOW
X = TORNADO
MAX 32 OR BELOW: 0 0.01 INCH OR MORE: 13
MAX 90 OR ABOVE: 0 0.10 INCH OR MORE: 8
MIN 32 OR BELOW: 2 0.50 INCH OR MORE: 3
MIN 0 OR BELOW: 0 1.00 INCH OR MORE: 2
[HDD (BASE 65) ]
TOTAL THIS MO. 203 CLEAR (SCALE 0-3) 11
DPTR FM NORMAL 21 PTCLDY (SCALE 4-7) 14
TOTAL FM JUL 1 3469 CLOUDY (SCALE 8-10) 5
DPTR FM NORMAL 6
[CDD (BASE 65) ]
TOTAL THIS MO. 21
DPTR FM NORMAL -19 [PRESSURE DATA]
TOTAL FM JAN 1 26 HIGHEST SLP 30.62 ON 1
DPTR FM NORMAL -24 LOWEST SLP 29.53 ON 9
[REMARKS]
#FINAL-04-21#