000
CXUS53 KMPX 080208
CF6MKT
PRELIMINARY LOCAL CLIMATOLOGICAL DATA (WS FORM: F-6)
STATION: MANKATO MN
MONTH: JUNE
YEAR: 2020
LATITUDE: 44 13 N
LONGITUDE: 93 55 W
TEMPERATURE IN F: :PCPN: SNOW: WIND :SUNSHINE: SKY :PK WND
================================================================================
1 2 3 4 5 6A 6B 7 8 9 10 11 12 13 14 15 16 17 18
12Z AVG MX 2MIN
DY MAX MIN AVG DEP HDD CDD WTR SNW DPTH SPD SPD DIR MIN PSBL S-S WX SPD DR
================================================================================
1 94 62 78 14 0 13 T M M 15.7 25 190 M M 2 38 190
2 92 65 79 15 0 14 0.01 M M 8.6 22 60 M M 1 3 32 60
3 85 61 73 9 0 8 0.00 M M 5.1 12 30 M M 0 17 330
4 89 61 75 10 0 10 0.03 M M 9.1 14 60 M M 1 3 M M
5 82 61 72 7 0 7 0.05 M M 10.4 18 360 M M 1 25 330
6 81 64 73 8 0 8 0.01 M M 13.4 30 130 M M 5 38 130
7 92 68 80 14 0 15 0.00 M M 20.9 25 160 M M 1 38 150
8 97 76 87 21 0 22 0.00 M M 17.5 27 190 M M 0 36 200
9 83 65 74 8 0 9 0.26 M M 9.7 18 80 M M 4 1 31 90
10 72 57 65 -2 0 0 T M M 18.6 28 320 M M 7 39 320
11 80 55 68 1 0 3 0.00 M M 11.8 24 290 M M 1 35 300
12 84 59 72 5 0 7 0.00 M M 10.2 17 30 M M 2 23 20
13 74 55 65 -3 0 0 0.00 M M 15.6 22 90 M M 3 27 90
14 81 57 69 1 0 4 0.00 M M 23.2 31 130 M M 1 39 130
15 91 64 78 10 0 13 0.00 M M 17.8 24 160 M M 0 33 150
16 90 67 79 11 0 14 0.00 M M 15.1 21 160 M M 0 31 150
17 89 66 78 9 0 13 0.00 M M 15.6 22 160 M M 0 33 180
18 84 66 75 6 0 10 0.26 M M 8.4 18 330 M M 5 13 26 300
19 74 62 68 -1 0 3 0.02 M M 6.9 13 340 M M 3 1 M M
20 75 63 69 0 0 4 T M M 4.4 9 20 M M 4 M M
21 85 61 73 3 0 8 0.65 M M 7.6 25 290 M M 3 3 32 220
22 73 60 67 -3 0 2 T M M 7.1 20 350 M M 5 1 29 350
23 75 56 66 -4 0 1 0.00 M M 8.5 15 350 M M 5 21 330
24 79 55 67 -3 0 2 0.02 M M 6.7 16 310 M M 3 21 310
25 84 56 70 -1 0 5 T M M 5.4 12 200 M M 0 M M
26 84 67 76 5 0 11 T M M 7.3 14 260 M M 2 18 290
27 86 61 74 3 0 9 0.00 M M 3.3 9 120 M M 0 M M
28 83 65 74 3 0 9 0.35 M M 9.3 16 120 M M 2 38 21 120
29 83 65 74 3 0 9 2.85 M M 12.4 31 140 M M 5 13 37 20
30 87 73 80 9 0 15 0.00 M M 12.8 20 130 M M 5 25 130
================================================================================
SM 2508 1873 0 248 4.51 M 338.5 M 71
================================================================================
AV 83.6 62.4 11.3 FASTST M M 2 MAX(MPH)
MISC ----> # 31 130 # 39 320
================================================================================
NOTES:
# LAST OF SEVERAL OCCURRENCES
COLUMN 17 PEAK WIND IN M.P.H.
PRELIMINARY LOCAL CLIMATOLOGICAL DATA (WS FORM: F-6) , PAGE 2
STATION: MANKATO MN
MONTH: JUNE
YEAR: 2020
LATITUDE: 44 13 N
LONGITUDE: 93 55 W
[TEMPERATURE DATA] [PRECIPITATION DATA] SYMBOLS USED IN COLUMN 16
AVERAGE MONTHLY: 73.0 TOTAL FOR MONTH: 4.51 1 = FOG OR MIST
DPTR FM NORMAL: 5.0 DPTR FM NORMAL: -0.58 2 = FOG REDUCING VISIBILITY
HIGHEST: 97 ON 8 GRTST 24HR 2.85 ON 29-29 TO 1/4 MILE OR LESS
LOWEST: 55 ON 24,13 3 = THUNDER
SNOW, ICE PELLETS, HAIL 4 = ICE PELLETS
TOTAL MONTH: M 5 = HAIL
GRTST 24HR M ON M 6 = FREEZING RAIN OR DRIZZLE
GRTST DEPTH: M ON M 7 = DUSTSTORM OR SANDSTORM:
VSBY 1/2 MILE OR LESS
8 = SMOKE OR HAZE
[NO. OF DAYS WITH] [WEATHER - DAYS WITH] 9 = BLOWING SNOW
X = TORNADO
MAX 32 OR BELOW: 0 0.01 INCH OR MORE: 11
MAX 90 OR ABOVE: 6 0.10 INCH OR MORE: 5
MIN 32 OR BELOW: 0 0.50 INCH OR MORE: 2
MIN 0 OR BELOW: 0 1.00 INCH OR MORE: 1
[HDD (BASE 65) ]
TOTAL THIS MO. 0 CLEAR (SCALE 0-3) 20
DPTR FM NORMAL -51 PTCLDY (SCALE 4-7) 10
TOTAL FM JUL 1 6528 CLOUDY (SCALE 8-10) 0
DPTR FM NORMAL -1287
[CDD (BASE 65) ]
TOTAL THIS MO. 248
DPTR FM NORMAL 107 [PRESSURE DATA]
TOTAL FM JAN 1 272 HIGHEST SLP M ON M
DPTR FM NORMAL 87 LOWEST SLP M ON M
[REMARKS]
#FINAL-06-20#