000
CXUS53 KMPX 011819
CF6MKT
PRELIMINARY LOCAL CLIMATOLOGICAL DATA (WS FORM: F-6)
STATION: MANKATO MN
MONTH: NOVEMBER
YEAR: 2023
LATITUDE: 44 13 N
LONGITUDE: 93 55 W
TEMPERATURE IN F: :PCPN: SNOW: WIND :SUNSHINE: SKY :PK WND
================================================================================
1 2 3 4 5 6A 6B 7 8 9 10 11 12 13 14 15 16 17 18
12Z AVG MX 2MIN
DY MAX MIN AVG DEP HDD CDD WTR SNW DPTH SPD SPD DIR MIN PSBL S-S WX SPD DR
================================================================================
1 44 22 33 -8 32 0 0.00 M M 8.1 16 200 M M 4 24 200
2 45 24 35 -6 30 0 0.00 M M 5.2 9 240 M M 0 1 M M
3 48 35 42 2 23 0 T M M 6.0 12 330 M M 6 M M
4 54 26 40 0 25 0 0.00 M M 4.9 12 240 M M 1 1 M M
5 64 37 51 12 14 0 0.00 M M 11.2 17 190 M M 1 33 160
6 57 35 46 7 19 0 0.00 M M 14.5 22 290 M M 5 30 310
7 48 36 42 4 23 0 T M M 11.0 20 120 M M 7 M M
8 55 37 46 8 19 0 0.00 M M 10.9 30 310 M M 5 41 300
9 50 32 41 4 24 0 0.00 M M 14.1 24 280 M M 3 30 280
10 39 35 37 0 28 0 0.00 M M 9.1 16 300 M M 10 24 300
11 50 27 39 3 26 0 T M M 13.0 20 150 M M 7 28 170
12 63 37 50 14 15 0 0.00 M M 11.4 17 180 M M 0 29 310
13 58 36 47 12 18 0 0.00 M M 8.3 13 170 M M 0 M M
14 67 48 58 24 7 0 0.00 M M 16.5 24 200 M M 0 37 210
15 60 33 47 13 18 0 0.00 M M 6.6 12 150 M M 0 M M
16 68 33 51 18 14 0 0.00 M M 18.4 31 230 M M 0 46 230
17 47 25 36 3 29 0 0.00 M M 8.1 16 220 M M 0 M M
18 59 28 44 12 21 0 0.00 M M 5.5 13 250 M M 0 M M
19 60 34 47 15 18 0 0.00 M M 10.4 16 120 M M 2 M M
20 47 40 44 13 21 0 T M M 8.7 13 100 M M 9 M M
21 41 25 33 3 32 0 0.01 M M 12.6 25 330 M M 7 1 31 330
22 51 21 36 6 29 0 0.00 M M 10.2 21 200 M M 0 25 200
23 35 16 26 -3 39 0 0.00 M M 14.3 20 350 M M 0 27 350
24 26 10 18 -11 47 0 0.00 M M 5.8 10 330 M M 0 M M
25 30 20 25 -3 40 0 0.05 M M 5.6 12 230 M M 9 1 M M
26 35 17 26 -2 39 0 T M M 14.8 30 310 M M 8 1 37 310
27 21 7 14 -13 51 0 T M M 16.2 24 290 M M 6 32 290
28 34 4 19 -8 46 0 0.00 M M 9.2 18 190 M M 0 27 190
29 50 27 39 13 26 0 0.00 M M 9.2 14 220 M M 0 M M
30 41 21 31 5 34 0 0.00 M M 10.0 16 310 M M 0 M M
================================================================================
SM 1447 828 807 0 0.06 M 309.8 M 90
================================================================================
AV 48.2 27.6 10.3 FASTST M M 3 MAX(MPH)
MISC ----> 31 230 46 230
================================================================================
NOTES:
# LAST OF SEVERAL OCCURRENCES
COLUMN 17 PEAK WIND IN M.P.H.
PRELIMINARY LOCAL CLIMATOLOGICAL DATA (WS FORM: F-6) , PAGE 2
STATION: MANKATO MN
MONTH: NOVEMBER
YEAR: 2023
LATITUDE: 44 13 N
LONGITUDE: 93 55 W
[TEMPERATURE DATA] [PRECIPITATION DATA] SYMBOLS USED IN COLUMN 16
AVERAGE MONTHLY: 37.9 TOTAL FOR MONTH: 0.06 1 = FOG OR MIST
DPTR FM NORMAL: 4.4 DPTR FM NORMAL: -1.88 2 = FOG REDUCING VISIBILITY
HIGHEST: 68 ON 16 GRTST 24HR 0.05 ON 25-25 TO 1/4 MILE OR LESS
LOWEST: 4 ON 28 3 = THUNDER
SNOW, ICE PELLETS, HAIL 4 = ICE PELLETS
TOTAL MONTH: M 5 = HAIL
GRTST 24HR M ON M 6 = FREEZING RAIN OR DRIZZLE
GRTST DEPTH: M ON M 7 = DUSTSTORM OR SANDSTORM:
VSBY 1/2 MILE OR LESS
8 = SMOKE OR HAZE
[NO. OF DAYS WITH] [WEATHER - DAYS WITH] 9 = BLOWING SNOW
X = TORNADO
MAX 32 OR BELOW: 3 0.01 INCH OR MORE: 2
MAX 90 OR ABOVE: 0 0.10 INCH OR MORE: 0
MIN 32 OR BELOW: 17 0.50 INCH OR MORE: 0
MIN 0 OR BELOW: 0 1.00 INCH OR MORE: 0
[HDD (BASE 65) ]
TOTAL THIS MO. 807 CLEAR (SCALE 0-3) 18
DPTR FM NORMAL -137 PTCLDY (SCALE 4-7) 9
TOTAL FM JUL 1 1349 CLOUDY (SCALE 8-10) 3
DPTR FM NORMAL -323
[CDD (BASE 65) ]
TOTAL THIS MO. 0
DPTR FM NORMAL 0 [PRESSURE DATA]
TOTAL FM JAN 1 860 HIGHEST SLP M ON M
DPTR FM NORMAL 206 LOWEST SLP M ON M
[REMARKS]
#FINAL-11-23#
THE PRECIPITATION VALUE ON THE 25TH IS FROM COCORAHS
STATION MN-BU-23.