000
CXUS52 KMLB 010732
CF6MLB
PRELIMINARY LOCAL CLIMATOLOGICAL DATA (WS FORM: F-6)
STATION: MELBOURNE
MONTH: FEBRUARY
YEAR: 2023
LATITUDE: 28 6 N
LONGITUDE: 80 39 W
TEMPERATURE IN F: :PCPN: SNOW: WIND :SUNSHINE: SKY :PK WND
================================================================================
1 2 3 4 5 6A 6B 7 8 9 10 11 12 13 14 15 16 17 18
12Z AVG MX 2MIN
DY MAX MIN AVG DEP HDD CDD WTR SNW DPTH SPD SPD DIR MIN PSBL S-S WX SPD DR
================================================================================
1 83 66 75 11 0 10 0.00 0.0 0 6.6 13 230 M M 3 18 18 280
2 85 62 74 10 0 9 0.00 0.0 0 6.5 16 210 M M 3 12 19 240
3 83 59 71 7 0 6 0.14 0.0 0 13.2 30 350 M M 7 13 40 350
4 74 55 65 1 0 0 0.00 0.0 0 16.8 25 70 M M 2 32 70
5 71 60 66 2 0 1 1.35 0.0 0 7.8 17 20 M M 6 1 21 30
6 73 55 64 0 1 0 0.00 0.0 0 8.6 20 40 M M 2 22 30
7 76 52 64 0 1 0 0.00 0.0 0 7.1 16 110 M M 1 21 110
8 77 54 66 1 0 1 0.00 0.0 0 5.6 16 100 M M 2 19 130
9 79 63 71 6 0 6 0.00 0.0 0 9.2 21 130 M M 3 28 120
10 84 63 74 9 0 9 0.00 0.0 0 8.3 20 130 M M 3 1 24 130
11 85 67 76 11 0 11 0.00 0.0 0 9.2 20 190 M M 3 24 200
12 74 54 64 -1 1 0 0.12 0.0 0 18.4 36 250 M M 5 1 47 250
13 70 46 58 -7 7 0 0.00 0.0 0 8.4 20 310 M M 0 24 310
14 74 44 59 -6 6 0 0.00 0.0 0 5.7 14 90 M M 0 17 100
15 78 57 68 2 0 3 0.00 0.0 0 7.9 21 130 M M 3 27 120
16 79 67 73 7 0 8 T 0.0 0 9.3 20 160 M M 4 18 27 150
17 88 63 76 10 0 11 0.00 0.0 0 10.0 23 260 M M 1 1 27 270
18 74 60 67 1 0 2 T 0.0 0 15.5 25 360 M M 8 32 20
19 80 61 71 5 0 6 0.00 0.0 0 5.8 16 60 M M 6 18 60
20 85 59 72 6 0 7 0.00 0.0 0 7.5 17 230 M M 0 1 24 260
21 86 64 75 9 0 10 0.00 0.0 0 8.9 16 240 M M 1 22 250
22 82 61 72 6 0 7 0.00 0.0 0 7.3 18 140 M M 1 24 130
23 83 67 75 9 0 10 0.00 0.0 0 7.9 17 140 M M 1 21 140
24 83 62 73 7 0 8 0.00 0.0 0 5.5 14 60 M M 0 1 17 60
25 85 65 75 8 0 10 0.00 0.0 0 5.6 14 100 M M 2 12 16 100
26 84 61 73 6 0 8 0.00 0.0 0 6.4 13 70 M M 0 17 280
27 85 57 71 4 0 6 0.00 0.0 0 8.8 21 260 M M 1 12 27 260
28 86 63 75 8 0 10 0.00 0.0 0 10.4 18 240 M M 4 1 27 250
================================================================================
SM 2246 1667 16 159 1.61 0.0 248.2 M 72
================================================================================
AV 80.2 59.5 8.9 FASTST M M 3 MAX(MPH)
MISC ----> 36 250 47 250
================================================================================
NOTES:
# LAST OF SEVERAL OCCURRENCES
COLUMN 17 PEAK WIND IN M.P.H.
PRELIMINARY LOCAL CLIMATOLOGICAL DATA (WS FORM: F-6) , PAGE 2
STATION: MELBOURNE
MONTH: FEBRUARY
YEAR: 2023
LATITUDE: 28 6 N
LONGITUDE: 80 39 W
[TEMPERATURE DATA] [PRECIPITATION DATA] SYMBOLS USED IN COLUMN 16
AVERAGE MONTHLY: 69.9 TOTAL FOR MONTH: 1.61 1 = FOG OR MIST
DPTR FM NORMAL: 4.5 DPTR FM NORMAL: -0.37 2 = FOG REDUCING VISIBILITY
HIGHEST: 88 ON 17 GRTST 24HR 1.35 ON 5- 5 TO 1/4 MILE OR LESS
LOWEST: 44 ON 14 3 = THUNDER
SNOW, ICE PELLETS, HAIL 4 = ICE PELLETS
TOTAL MONTH: 0.0 INCH 5 = HAIL
GRTST 24HR 0.0 6 = FREEZING RAIN OR DRIZZLE
GRTST DEPTH: 0 7 = DUSTSTORM OR SANDSTORM:
VSBY 1/2 MILE OR LESS
8 = SMOKE OR HAZE
[NO. OF DAYS WITH] [WEATHER - DAYS WITH] 9 = BLOWING SNOW
X = TORNADO
MAX 32 OR BELOW: 0 0.01 INCH OR MORE: 3
MAX 90 OR ABOVE: 0 0.10 INCH OR MORE: 3
MIN 32 OR BELOW: 0 0.50 INCH OR MORE: 1
MIN 0 OR BELOW: 0 1.00 INCH OR MORE: 1
[HDD (BASE 65) ]
TOTAL THIS MO. 16 CLEAR (SCALE 0-3) 20
DPTR FM NORMAL -67 PTCLDY (SCALE 4-7) 8
TOTAL FM JUL 1 220 CLOUDY (SCALE 8-10) 0
DPTR FM NORMAL -112
[CDD (BASE 65) ]
TOTAL THIS MO. 159
DPTR FM NORMAL 65 [PRESSURE DATA]
TOTAL FM JAN 1 255 HIGHEST SLP 30.36 ON 4
DPTR FM NORMAL 79 LOWEST SLP 29.81 ON 12
[REMARKS]
#FINAL-02-23#