000
CXUS54 KTSA 031115
CF6MLC
PRELIMINARY LOCAL CLIMATOLOGICAL DATA (WS FORM: F-6)
STATION: MCALESTER OKLAHOMA
MONTH: MARCH
YEAR: 2022
LATITUDE: 34 52 N
LONGITUDE: 95 47 W
TEMPERATURE IN F: :PCPN: SNOW: WIND :SUNSHINE: SKY :PK WND
================================================================================
1 2 3 4 5 6A 6B 7 8 9 10 11 12 13 14 15 16 17 18
12Z AVG MX 2MIN
DY MAX MIN AVG DEP HDD CDD WTR SNW DPTH SPD SPD DIR MIN PSBL S-S WX SPD DR
================================================================================
1 74 30 52 3 13 0 0.00 0.0 M 5.3 17 210 M M 1 22 200
2 78 34 56 6 9 0 0.00 0.0 M 4.1 14 230 M M 2 8 18 230
3 79 37 58 8 7 0 0.00 0.0 M 3.9 12 220 M M 2 8 17 190
4 77 48 63 13 2 0 0.00 0.0 M 8.5 17 200 M M 4 31 190
5 78 63 71 21 0 6 0.00 0.0 M 11.2 22 200 M M 8 18 38 210
6 67 38 53 2 12 0 0.55 0.0 M 9.4 20 340 M M 9 13 29 330
7 45 31 38 -13 27 0 T M M 9.6 24 360 M M 7 1 31 360
8 41 27 34 -18 31 0 T 0.0 M 3.2 13 360 M M 5 19 50
9 57 22 40 -12 25 0 0.00 0.0 M 3.1 12 20 M M 2 18 20
10 64 30 47 -5 18 0 T 0.0 M 6.0 22 340 M M 2 30 340
11 34 20 27 -25 38 0 0.07 M M 12.9 25 10 M M 8 12 35 10
12 54 15 35 -18 30 0 0.00 0.0 M 4.0 14 220 M M 1 18 200
13 67 41 54 1 11 0 0.00 0.0 M 11.4 24 210 M M 2 33 220
14 65 50 58 5 7 0 T 0.0 M 8.4 18 180 M M 8 31 160
15 71 44 58 4 7 0 T 0.0 M 5.5 18 10 M M 7 1 26 10
16 77 41 59 5 6 0 0.00 0.0 M 5.8 18 220 M M 2 1 26 200
17 79 58 69 15 0 4 0.01 0.0 M 9.2 21 130 M M 3 3 40 130
18 65 34 50 -4 15 0 T 0.0 M 11.3 25 310 M M 8 38 330
19 74 29 52 -3 13 0 0.00 0.0 M 5.8 20 250 M M 2 28 240
20 80 51 66 11 0 1 0.00 0.0 M 8.4 18 210 M M 2 30 210
21 65 54 60 5 5 0 1.87 0.0 M 8.9 18 120 M M 8 13 34 160
22 59 44 52 -4 13 0 0.00 0.0 M 10.9 20 280 M M 8 29 270
23 57 33 45 -11 20 0 T 0.0 M 12.5 24 310 M M 4 41 310
24 64 31 48 -8 17 0 0.00 0.0 M 6.2 17 280 M M 2 27 250
25 70 31 51 -5 14 0 0.00 0.0 M 4.6 15 20 M M 1 23 10
26 77 39 58 1 7 0 0.00 0.0 M 4.0 12 100 M M 3 19 90
27 78 51 65 8 0 0 0.00 0.0 M 7.5 14 100 M M 2 23 120
28 81 51 66 9 0 1 0.00 0.0 M 8.9 17 170 M M 2 28 180
29 81 66 74 16 0 9 T 0.0 M 14.1 23 190 M M 3 43 160
30 73 35 54 -4 11 0 0.44 0.0 M 9.2 26 310 M M 7 13 33 310
31 56 32 44 -14 21 0 0.00 0.0 M 7.1 20 300 M M 2 1 29 320
================================================================================
SM 2087 1210 379 21 2.94 0.0 240.9 M 127
================================================================================
AV 67.3 39.0 7.8 FASTST M M 4 MAX(MPH)
MISC ----> 26 310 43 160
================================================================================
NOTES:
# LAST OF SEVERAL OCCURRENCES
COLUMN 17 PEAK WIND IN M.P.H.
PRELIMINARY LOCAL CLIMATOLOGICAL DATA (WS FORM: F-6) , PAGE 2
STATION: MCALESTER OKLAHOMA
MONTH: MARCH
YEAR: 2022
LATITUDE: 34 52 N
LONGITUDE: 95 47 W
[TEMPERATURE DATA] [PRECIPITATION DATA] SYMBOLS USED IN COLUMN 16
AVERAGE MONTHLY: 53.2 TOTAL FOR MONTH: 2.94 1 = FOG OR MIST
DPTR FM NORMAL: -0.7 DPTR FM NORMAL: -0.47 2 = FOG REDUCING VISIBILITY
HIGHEST: 81 ON 29,28 GRTST 24HR 1.87 ON 21-21 TO 1/4 MILE OR LESS
LOWEST: 15 ON 12 3 = THUNDER
SNOW, ICE PELLETS, HAIL 4 = ICE PELLETS
TOTAL MONTH: 0.0 INCH 5 = HAIL
GRTST 24HR 0.0 6 = FREEZING RAIN OR DRIZZLE
GRTST DEPTH: M ON M 7 = DUSTSTORM OR SANDSTORM:
VSBY 1/2 MILE OR LESS
8 = SMOKE OR HAZE
[NO. OF DAYS WITH] [WEATHER - DAYS WITH] 9 = BLOWING SNOW
X = TORNADO
MAX 32 OR BELOW: 0 0.01 INCH OR MORE: 5
MAX 90 OR ABOVE: 0 0.10 INCH OR MORE: 3
MIN 32 OR BELOW: 11 0.50 INCH OR MORE: 2
MIN 0 OR BELOW: 0 1.00 INCH OR MORE: 1
[HDD (BASE 65) ]
TOTAL THIS MO. 379 CLEAR (SCALE 0-3) 16
DPTR FM NORMAL 15 PTCLDY (SCALE 4-7) 13
TOTAL FM JUL 1 2591 CLOUDY (SCALE 8-10) 2
DPTR FM NORMAL -295
[CDD (BASE 65) ]
TOTAL THIS MO. 21
DPTR FM NORMAL 2 [PRESSURE DATA]
TOTAL FM JAN 1 21 HIGHEST SLP 30.49 ON 12
DPTR FM NORMAL -2 LOWEST SLP 29.35 ON 30
[REMARKS]
#FINAL-03-22#