000
CXUS53 KDVN 011548
CLSMLI
CLIMATE REPORT
NATIONAL WEATHER SERVICE QUAD CITIES IA IL
1000 AM CST THU DEC 01 2022
...................................
...THE MOLINE IL CLIMATE SUMMARY FOR THE SEASON, FROM
9/1/2022 TO 11/30/2022...
CLIMATE NORMAL PERIOD 1991 TO 2020
CLIMATE RECORD PERIOD 1872 TO 2022
WEATHER OBSERVED NORMAL DEPART LAST YEAR`S
VALUE DATE(S) VALUE FROM VALUE
NORMAL
..............................................................
TEMPERATURE (F)
RECORD
HIGH 100 09/15/1939
09/06/1922
LOW -10 11/29/1891
HIGHEST 95 09/20 82 13
LOWEST 14 11/20 24 -10
AVG. MAXIMUM 65.7 64.1 1.6
AVG. MINIMUM 41.9 42.6 -0.7
MEAN 53.8 53.4 0.4
DAYS MAX >= 90 1 2.6 -1.6
DAYS MAX <= 32 3 2.1 0.9
DAYS MIN <= 32 24 22.2 1.8
DAYS MIN <= 0 0 0.0 0.0
PRECIPITATION (INCHES)
RECORD
MAXIMUM 20.47 1961
MINIMUM 3.11 1873
TOTALS 6.83 8.43 -1.60
DAILY AVG. 0.08 0.09 -0.01
DAYS >= .01 22 26.3 -4.3
DAYS >= .10 11
DAYS >= .50 4
DAYS >= 1.00 3 2.0 1.0
GREATEST
24 HR. TOTAL 1.79 11/04 TO 11/05
SNOWFALL (INCHES)
RECORDS
TOTAL 18.6 2018
24 HR TOTAL MM
TOTALS 2.5 2.4 0.1
SINCE 7/1 2.5 2.4 0.1
SNOWDEPTH AVG. T
DAYS >= TRACE 8 2.0 6.0
DAYS >= 1.0 1 0.7 0.3
GREATEST
SNOW DEPTH T
24 HR TOTAL 1.0 11/15 TO 11/15
DEGREE DAYS
HEATING TOTAL 1123 1192 -69
SINCE 7/1 1124 1197 -73
COOLING TOTAL 157 134 23
SINCE 1/1 1182 1042 140
..............................................................
WIND (MPH)
AVERAGE WIND SPEED 8.0
HIGHEST WIND SPEED/DIRECTION 37/270 DATE 11/29
HIGHEST GUST SPEED/DIRECTION 51/210 DATE 11/05
51/300 11/19
SKY COVER
POSSIBLE SUNSHINE (PERCENT) MM
AVERAGE SKY COVER 0.28
NUMBER OF DAYS FAIR 60
NUMBER OF DAYS PC 20
NUMBER OF DAYS CLOUDY 11
AVERAGE RH (PERCENT) 66
WEATHER CONDITIONS. NUMBER OF DAYS WITH
THUNDERSTORM 5 HAIL 0
SLEET 1 FOG 33
FOG W/VIS <= 1/4 MILE 3 HAZE 14
- INDICATES NEGATIVE NUMBERS.
R INDICATES RECORD WAS SET OR TIED.
MM INDICATES DATA IS MISSING.
T INDICATES TRACE AMOUNT.
$$
NOTE: SUPPLEMENTAL CLIMATE DATA WAS USED FROM A NEARBY
CLIMATOLOGICALLY REPRESENTATIVE STATION.