031
CXUS55 KBYZ 011100
CF6MLS
PRELIMINARY LOCAL CLIMATOLOGICAL DATA (WS FORM: F-6)
STATION: MILES CITY MT
MONTH: JANUARY
YEAR: 2021
LATITUDE: 46 25 N
LONGITUDE: 105 53 W
TEMPERATURE IN F: :PCPN: SNOW: WIND :SUNSHINE: SKY :PK WND
================================================================================
1 2 3 4 5 6A 6B 7 8 9 10 11 12 13 14 15 16 17 18
12Z AVG MX 2MIN
DY MAX MIN AVG DEP HDD CDD WTR SNW DPTH SPD SPD DIR MIN PSBL S-S WX SPD DR
================================================================================
1 47 18 33 15 32 0 0.00 M M 7.8 15 260 M M 0 18 250
2 43 23 33 15 32 0 0.03 M M 10.3 21 260 M M 2 25 270
3 48 22 35 17 30 0 0.00 M M 11.6 44 300 M M 1 56 300
4 47 23 35 16 30 0 0.00 M M 7.5 20 140 M M 0 24 150
5 49 21 35 16 30 0 T M M 11.7 30 300 M M 6 40 310
6 49 18 34 15 31 0 0.00 M M 8.5 14 160 M M 0 16 160
7 38 17 28 9 37 0 0.07 M M 5.3 12 150 M M 5 1 13 150
8 32 24 28 9 37 0 0.04 M M 4.8 10 320 M M 9 18 12 310
9 30 24 27 8 38 0 0.00 M M 2.3 8 200 M M 10 12 9 200
10 30 14 22 3 43 0 0.00 M M 5.9 12 170 M M 4 12 12 170
11 42 18 30 11 35 0 0.00 M M 7.6 14 260 M M 0 17 260
12 42 24 33 14 32 0 0.00 M M 9.9 17 160 M M 0 19 160
13 54 31 43 24 22 0 T M M 22.3 58 280 M M 3 75 270
14 39 25 32 13 33 0 0.00 M M 27.9 52 320 M M 2 8 66 310
15 35 13 24 5 41 0 0.00 M M 8.5 21 320 M M 1 28 320
16 45 22 34 15 31 0 0.00 M M 12.7 25 330 M M 6 33 310
17 37 18 28 9 37 0 0.04 M M 8.3 24 320 M M 6 1 32 320
18 35 28 32 12 33 0 0.01 M M 16.8 37 330 M M 9 1 46 330
19 41 29 35 15 30 0 T M M 13.5 24 310 M M 4 1 32 310
20 46 19 33 13 32 0 0.00 M M 16.0 33 320 M M 0 40 250
21 34 15 25 5 40 0 0.00 M M 8.6 22 320 M M 4 27 320
22 32 7 20 0 45 0 0.00 M M 5.1 10 150 M M 1 1 16 190
23 29 9 19 -1 46 0 0.00 M M 7.2 13 320 M M 3 16 330
24 34 7 21 1 44 0 0.00 M M 6.5 15 20 M M 0 18 30
25 17 5 11 -9 54 0 0.00 M M 10.9 16 40 M M 9 1 20 40
26 27 6 17 -3 48 0 0.00 M M 11.2 17 130 M M 7 22 140
27 31 5 18 -2 47 0 0.00 M M 7.8 15 120 M M 0 18 120
28 42 10 26 5 39 0 0.00 M M 6.2 13 150 M M 0 14 150
29 38 20 29 8 36 0 0.00 M M 6.2 13 50 M M 3 16 50
30 33 18 26 5 39 0 0.03 M M 6.6 14 270 M M 7 128 16 270
31 45 14 30 9 35 0 0.00 M M 6.1 12 150 M M 1 128 14 150
================================================================================
SM 1191 547 1139 0 0.22 M 301.6 M 103
================================================================================
AV 38.4 17.6 9.7 FASTST M M 3 MAX(MPH)
MISC ----> 58 280 75 270
================================================================================
NOTES:
# LAST OF SEVERAL OCCURRENCES
COLUMN 17 PEAK WIND IN M.P.H.
PRELIMINARY LOCAL CLIMATOLOGICAL DATA (WS FORM: F-6) , PAGE 2
STATION: MILES CITY MT
MONTH: JANUARY
YEAR: 2021
LATITUDE: 46 25 N
LONGITUDE: 105 53 W
[TEMPERATURE DATA] [PRECIPITATION DATA] SYMBOLS USED IN COLUMN 16
AVERAGE MONTHLY: 28.0 TOTAL FOR MONTH: 0.22 1 = FOG OR MIST
DPTR FM NORMAL: 8.5 DPTR FM NORMAL: -0.10 2 = FOG REDUCING VISIBILITY
HIGHEST: 54 ON 13 GRTST 24HR 0.07 ON 7- 7 TO 1/4 MILE OR LESS
LOWEST: 5 ON 27,25 3 = THUNDER
SNOW, ICE PELLETS, HAIL 4 = ICE PELLETS
TOTAL MONTH: M 5 = HAIL
GRTST 24HR M ON M 6 = FREEZING RAIN OR DRIZZLE
GRTST DEPTH: M ON M 7 = DUSTSTORM OR SANDSTORM:
VSBY 1/2 MILE OR LESS
8 = SMOKE OR HAZE
[NO. OF DAYS WITH] [WEATHER - DAYS WITH] 9 = BLOWING SNOW
X = TORNADO
MAX 32 OR BELOW: 8 0.01 INCH OR MORE: 6
MAX 90 OR ABOVE: 0 0.10 INCH OR MORE: 0
MIN 32 OR BELOW: 31 0.50 INCH OR MORE: 0
MIN 0 OR BELOW: 0 1.00 INCH OR MORE: 0
[HDD (BASE 65) ]
TOTAL THIS MO. 1139 CLEAR (SCALE 0-3) 17
DPTR FM NORMAL -271 PTCLDY (SCALE 4-7) 10
TOTAL FM JUL 1 3948 CLOUDY (SCALE 8-10) 4
DPTR FM NORMAL -641
[CDD (BASE 65) ]
TOTAL THIS MO. 0
DPTR FM NORMAL 0 [PRESSURE DATA]
TOTAL FM JAN 1 0 HIGHEST SLP 30.48 ON 9
DPTR FM NORMAL 0 LOWEST SLP 29.49 ON 13
[REMARKS]
#FINAL-01-21#