000
CXUS51 KCAR 010700
CF6MLT
PRELIMINARY LOCAL CLIMATOLOGICAL DATA (WS FORM: F-6)
STATION: MILLINOCKET ME
MONTH: JUNE
YEAR: 2023
LATITUDE: 45 39 N
LONGITUDE: 68 41 W
TEMPERATURE IN F: :PCPN: SNOW: WIND :SUNSHINE: SKY :PK WND
================================================================================
1 2 3 4 5 6A 6B 7 8 9 10 11 12 13 14 15 16 17 18
12Z AVG MX 2MIN
DY MAX MIN AVG DEP HDD CDD WTR SNW DPTH SPD SPD DIR MIN PSBL S-S WX SPD DR
================================================================================
1 96 54 75 17 0 10 0.01 M M 3.1 20 320 M M 1 3 31 330
2 82 46 64 5 1 0 0.43 M M 7.8 16 50 M M 5 13 25 60
3 50 42 46 -13 19 0 0.26 M M 9.9 18 40 M M 10 1 31 40
4 52 42 47 -12 18 0 0.31 M M 7.8 14 50 M M 10 1 24 20
5 56 48 52 -8 13 0 0.37 M M 8.1 16 350 M M 10 1 26 10
6 57 51 54 -6 11 0 0.19 M M 11.8 22 340 M M 10 1 35 340
7 58 48 53 -7 12 0 0.14 M M 5.1 14 10 M M 10 1 21 20
8 59 51 55 -5 10 0 0.69 M M 5.5 13 70 M M 10 1 23 40
9 60 51 56 -5 9 0 0.08 M M 4.3 12 80 M M 9 1 16 100
10 65 51 58 -3 7 0 0.01 M M 2.1 15 330 M M 7 20 340
11 77 47 62 1 3 0 0.00 M M 3.0 12 330 M M 2 20 290
12 80 51 66 4 0 1 0.00 M M 1.0 7 160 M M 0 18 11 160
13 74 53 64 2 1 0 T M M 1.9 12 120 M M 7 128 17 120
14 67 59 63 1 2 0 T M M 2.0 8 110 M M 10 1 11 160
15 74 57 66 3 0 1 0.01 M M 2.1 8 120 M M 7 1 13 250
16 75 56 66 3 0 1 0.04 M M 3.3 10 300 M M 6 1 14 290
17 61 51 56 -7 9 0 2.01 M M 8.3 17 80 M M 10 1 27 20
18 57 50 54 -10 11 0 0.17 M M 9.0 17 10 M M 10 1 29 350
19 66 52 59 -5 6 0 0.04 M M 4.3 12 360 M M 10 1 17 60
20 69 56 63 -1 2 0 0.00 M M 2.2 10 70 M M 10 1 15 40
21 79 52 66 2 0 1 0.00 M M 1.6 8 100 M M 1 12 90
22 84 53 69 4 0 4 0.00 M M 2.6 9 280 M M 0 8 17 200
23 87 54 71 6 0 6 0.00 M M 2.5 9 180 M M 0 17 170
24 78 60 69 4 0 4 1.06 M M 2.3 15 320 M M 6 1 22 10
25 82 67 75 10 0 10 0.16 M M 2.5 12 90 M M 6 18 16 90
26 69 59 64 -2 1 0 0.31 M M 8.1 13 70 M M 10 1 19 60
27 72 59 66 0 0 1 0.45 M M 5.6 12 100 M M 10 1 17 150
28 71 64 68 2 0 3 0.15 M M 5.0 10 180 M M 10 1 20 190
29 75 63 69 3 0 4 0.17 M M 4.2 9 160 M M 9 1 15 160
30 80 63 72 5 0 7 T M M 2.2 9 140 M M 6 1 17 210
================================================================================
SM 2112 1610 135 53 7.06 M 139.2 M 212
================================================================================
AV 70.4 53.7 4.6 FASTST M M 7 MAX(MPH)
MISC ----> 22 340 35 340
================================================================================
NOTES:
# LAST OF SEVERAL OCCURRENCES
COLUMN 17 PEAK WIND IN M.P.H.
PRELIMINARY LOCAL CLIMATOLOGICAL DATA (WS FORM: F-6) , PAGE 2
STATION: MILLINOCKET ME
MONTH: JUNE
YEAR: 2023
LATITUDE: 45 39 N
LONGITUDE: 68 41 W
[TEMPERATURE DATA] [PRECIPITATION DATA] SYMBOLS USED IN COLUMN 16
AVERAGE MONTHLY: 62.0 TOTAL FOR MONTH: 7.06 1 = FOG OR MIST
DPTR FM NORMAL: -0.6 DPTR FM NORMAL: 2.86 2 = FOG REDUCING VISIBILITY
HIGHEST: 96 ON 1 GRTST 24HR 2.01 ON 17-17 TO 1/4 MILE OR LESS
LOWEST: 42 ON 4, 3 3 = THUNDER
SNOW, ICE PELLETS, HAIL 4 = ICE PELLETS
TOTAL MONTH: M 5 = HAIL
GRTST 24HR M ON M 6 = FREEZING RAIN OR DRIZZLE
GRTST DEPTH: M ON M 7 = DUSTSTORM OR SANDSTORM:
VSBY 1/2 MILE OR LESS
8 = SMOKE OR HAZE
[NO. OF DAYS WITH] [WEATHER - DAYS WITH] 9 = BLOWING SNOW
X = TORNADO
MAX 32 OR BELOW: 0 0.01 INCH OR MORE: 21
MAX 90 OR ABOVE: 1 0.10 INCH OR MORE: 15
MIN 32 OR BELOW: 0 0.50 INCH OR MORE: 3
MIN 0 OR BELOW: 0 1.00 INCH OR MORE: 2
[HDD (BASE 65) ]
TOTAL THIS MO. 135 CLEAR (SCALE 0-3) 6
DPTR FM NORMAL 17 PTCLDY (SCALE 4-7) 8
TOTAL FM JUL 1 7342 CLOUDY (SCALE 8-10) 16
DPTR FM NORMAL -1011
[CDD (BASE 65) ]
TOTAL THIS MO. 53
DPTR FM NORMAL 5 [PRESSURE DATA]
TOTAL FM JAN 1 63 HIGHEST SLP 30.38 ON 21
DPTR FM NORMAL 8 LOWEST SLP 29.39 ON 7
[REMARKS]
#FINAL-06-23#