000
CXUS54 KSHV 011400
CF6MLU
PRELIMINARY LOCAL CLIMATOLOGICAL DATA (WS FORM: F-6)
STATION: MONROE
MONTH: FEBRUARY
YEAR: 2022
LATITUDE: 32 30 N
LONGITUDE: 92 2 W
TEMPERATURE IN F: :PCPN: SNOW: WIND :SUNSHINE: SKY :PK WND
================================================================================
1 2 3 4 5 6A 6B 7 8 9 10 11 12 13 14 15 16 17 18
12Z AVG MX 2MIN
DY MAX MIN AVG DEP HDD CDD WTR SNW DPTH SPD SPD DIR MIN PSBL S-S WX SPD DR
================================================================================
1 67 44 56 8 9 0 0.37 0.0 0 4.8 13 120 M M 7 1 22 110
2 69 45 57 9 8 0 0.02 0.0 0 6.3 22 50 M M 7 1 27 60
3 45 31 38 -10 27 0 1.96 T 0 13.1 23 350 M M 10 134 30 350
4 35 28 32 -16 33 0 0.00 0.0 0 10.8 20 350 M M 8 22 350
5 49 25 37 -12 28 0 0.00 0.0 0 3.1 10 50 M M 0 13 50
6 55 25 40 -9 25 0 0.00 0.0 0 1.3 9 360 M M 1 1 11 350
7 60 30 45 -4 20 0 0.00 0.0 0 3.1 15 330 M M 0 20 330
8 63 26 45 -4 20 0 0.00 0.0 0 2.3 10 250 M M 0 128 13 280
9 69 38 54 5 11 0 0.00 0.0 0 5.8 18 260 M M 0 23 240
10 73 34 54 4 11 0 0.00 0.0 0 3.1 13 220 M M 0 1 17 210
11 74 44 59 9 6 0 0.00 0.0 0 7.5 20 200 M M 0 25 210
12 58 32 45 -5 20 0 0.02 0.0 0 10.9 24 360 M M 3 30 360
13 57 25 41 -9 24 0 0.00 0.0 0 4.7 14 270 M M 0 18 230
14 70 32 51 1 14 0 0.00 0.0 0 4.0 13 210 M M 0 17 260
15 70 33 52 1 13 0 0.00 0.0 0 6.4 17 190 M M 2 25 200
16 79 53 66 15 0 1 0.01 0.0 0 9.9 23 190 M M 7 29 200
17 76 41 59 8 6 0 0.41 0.0 0 16.8 31 250 M M 10 18 39 210
18 53 33 43 -8 22 0 0.00 0.0 0 8.4 21 340 M M 5 26 340
19 63 28 46 -6 19 0 0.00 0.0 0 1.7 13 60 M M 0 1 15 60
20 67 31 49 -3 16 0 0.00 0.0 0 5.2 18 200 M M 4 26 210
21 76 57 67 15 0 2 0.09 0.0 0 9.7 21 200 M M 8 13 27 200
22 85 54 70 18 0 5 0.24 0.0 0 14.8 28 220 M M 7 13 36 190
23 54 37 46 -7 19 0 0.04 0.0 0 11.3 18 30 M M 10 1 25 30
24 47 37 42 -11 23 0 0.23 0.0 0 6.8 16 350 M M 10 1 21 330
25 42 36 39 -14 26 0 0.01 0.0 0 12.4 21 360 M M 10 1 26 10
26 38 33 36 -17 29 0 0.76 0.0 0 9.5 16 40 M M 10 1 20 30
27 52 35 44 -10 21 0 0.15 0.0 0 6.9 14 20 M M 6 1 18 350
28 64 30 47 -7 18 0 0.00 0.0 0 2.2 9 330 M M 2 12 13 50
================================================================================
SM 1710 997 468 8 4.31 T 202.8 M 127
================================================================================
AV 61.1 35.6 7.2 FASTST M M 5 MAX(MPH)
MISC ----> 31 250 39 210
================================================================================
NOTES:
# LAST OF SEVERAL OCCURRENCES
COLUMN 17 PEAK WIND IN M.P.H.
PRELIMINARY LOCAL CLIMATOLOGICAL DATA (WS FORM: F-6) , PAGE 2
STATION: MONROE
MONTH: FEBRUARY
YEAR: 2022
LATITUDE: 32 30 N
LONGITUDE: 92 2 W
[TEMPERATURE DATA] [PRECIPITATION DATA] SYMBOLS USED IN COLUMN 16
AVERAGE MONTHLY: 48.3 TOTAL FOR MONTH: 4.31 1 = FOG OR MIST
DPTR FM NORMAL: -2.4 DPTR FM NORMAL: -0.34 2 = FOG REDUCING VISIBILITY
HIGHEST: 85 ON 22 GRTST 24HR 1.96 ON 3- 3 TO 1/4 MILE OR LESS
LOWEST: 25 ON 13, 6 3 = THUNDER
SNOW, ICE PELLETS, HAIL 4 = ICE PELLETS
TOTAL MONTH: T 5 = HAIL
GRTST 24HR T ON 3- 3 6 = FREEZING RAIN OR DRIZZLE
GRTST DEPTH: 0 7 = DUSTSTORM OR SANDSTORM:
VSBY 1/2 MILE OR LESS
8 = SMOKE OR HAZE
[NO. OF DAYS WITH] [WEATHER - DAYS WITH] 9 = BLOWING SNOW
X = TORNADO
MAX 32 OR BELOW: 0 0.01 INCH OR MORE: 13
MAX 90 OR ABOVE: 0 0.10 INCH OR MORE: 7
MIN 32 OR BELOW: 12 0.50 INCH OR MORE: 2
MIN 0 OR BELOW: 0 1.00 INCH OR MORE: 1
[HDD (BASE 65) ]
TOTAL THIS MO. 468 CLEAR (SCALE 0-3) 12
DPTR FM NORMAL 58 PTCLDY (SCALE 4-7) 8
TOTAL FM JUL 1 1628 CLOUDY (SCALE 8-10) 8
DPTR FM NORMAL -248
[CDD (BASE 65) ]
TOTAL THIS MO. 8
DPTR FM NORMAL 0 [PRESSURE DATA]
TOTAL FM JAN 1 16 HIGHEST SLP 30.61 ON 5
DPTR FM NORMAL 12 LOWEST SLP 29.76 ON 17
[REMARKS]
#FINAL-02-22#