000
CXUS55 KBOU 011000
CF6MNH
PRELIMINARY LOCAL CLIMATOLOGICAL DATA (WS FORM: F-6)
STATION: ELBERT 6W CO
MONTH: FEBRUARY
YEAR: 2022
LATITUDE: 39 13 N
LONGITUDE: 104 38 W
TEMPERATURE IN F: :PCPN: SNOW: WIND :SUNSHINE: SKY :PK WND
================================================================================
1 2 3 4 5 6A 6B 7 8 9 10 11 12 13 14 15 16 17 18
12Z AVG MX 2MIN
DY MAX MIN AVG DEP HDD CDD WTR SNW DPTH SPD SPD DIR MIN PSBL S-S WX SPD DR
================================================================================
1 30 14 22 M 43 0 M M M 10.4 18 160 M M 5 23 150
2 12 -2 5 M 60 0 M M M 7.0 14 130 M M 10 18 18 130
3 19 -13 3 M 62 0 M M M 5.3 12 190 M M 0 8 M M
4 30 -2 14 M 51 0 M M M 9.0 15 180 M M 0 M M
5 41 18 30 M 35 0 M M M 7.2 15 220 M M 0 18 310
6 28 16 22 M 43 0 M M M 9.8 18 360 M M 3 25 360
7 45 14 30 M 35 0 M M M 7.1 13 220 M M 0 M M
8 37 28 33 M 32 0 M M M 8.3 16 210 M M 0 20 360
9 41 21 31 M 34 0 M M M 8.3 16 190 M M 2 24 30
10 50 21 36 M 29 0 M M M 7.2 13 300 M M 1 M M
11 36 14 25 M 40 0 M M M 10.6 16 310 M M 8 23 360
12 37 5 21 M 44 0 M M M 5.1 9 210 M M 1 M M
13 46 19 33 M 32 0 M M M 7.7 12 320 M M 0 20 310
14 48 27 38 M 27 0 M M M 10.9 18 170 M M 0 22 170
15 52 30 41 M 24 0 M M M 9.9 20 240 M M 0 25 220
16 37 10 24 M 41 0 M M M 8.3 17 10 M M 5 1 22 10
17 28 0 14 M 51 0 M M M 7.2 15 210 M M 3 18 17 210
18 43 19 31 M 34 0 M M M 6.7 12 10 M M 1 17 20
19 52 23 38 M 27 0 M M M 8.3 14 240 M M 0 16 170
20 55 32 44 M 21 0 M M M 10.5 15 240 M M 0 23 250
21 48 3 26 M 39 0 M M M 9.6 16 310 M M 4 1 22 310
22 3 -8 -2 M 67 0 M M M 7.7 13 350 M M 9 18 17 340
23 3 -9 -3 M 68 0 M M M 11.3 22 160 M M 4 22 160
24 21 -6 8 M 57 0 M M M 7.4 18 180 M M 4 25 180
25 27 7 17 M 48 0 M M M 8.3 16 180 M M 3 22 180
26 32 5 19 M 46 0 M M M 5.4 12 210 M M 0 16 210
27 52 18 35 M 30 0 M M M 7.1 12 240 M M 0 M M
28 55 28 42 M 23 0 M M M 6.2 10 210 M M 0 M M
================================================================================
SM 1008 332 1143 0 M M 228.0 M 63
================================================================================
AV 36.0 11.9 8.1 FASTST M M 2 MAX(MPH)
MISC ----> 22 160 # 25 180
================================================================================
NOTES:
# LAST OF SEVERAL OCCURRENCES
COLUMN 17 PEAK WIND IN M.P.H.
PRELIMINARY LOCAL CLIMATOLOGICAL DATA (WS FORM: F-6) , PAGE 2
STATION: ELBERT 6W CO
MONTH: FEBRUARY
YEAR: 2022
LATITUDE: 39 13 N
LONGITUDE: 104 38 W
[TEMPERATURE DATA] [PRECIPITATION DATA] SYMBOLS USED IN COLUMN 16
AVERAGE MONTHLY: 23.9 TOTAL FOR MONTH: M 1 = FOG OR MIST
DPTR FM NORMAL: 0.0 DPTR FM NORMAL: M 2 = FOG REDUCING VISIBILITY
HIGHEST: 55 ON 20,28 GRTST 24HR M ON M TO 1/4 MILE OR LESS
LOWEST: -13 ON 3 3 = THUNDER
SNOW, ICE PELLETS, HAIL 4 = ICE PELLETS
TOTAL MONTH: M 5 = HAIL
GRTST 24HR M ON M 6 = FREEZING RAIN OR DRIZZLE
GRTST DEPTH: M ON M 7 = DUSTSTORM OR SANDSTORM:
VSBY 1/2 MILE OR LESS
8 = SMOKE OR HAZE
[NO. OF DAYS WITH] [WEATHER - DAYS WITH] 9 = BLOWING SNOW
X = TORNADO
MAX 32 OR BELOW: 11 0.01 INCH OR MORE: 0
MAX 90 OR ABOVE: 0 0.10 INCH OR MORE: 0
MIN 32 OR BELOW: 28 0.50 INCH OR MORE: 0
MIN 0 OR BELOW: 7 1.00 INCH OR MORE: 0
[HDD (BASE 65) ]
TOTAL THIS MO. 1143 CLEAR (SCALE 0-3) 19
DPTR FM NORMAL M PTCLDY (SCALE 4-7) 7
TOTAL FM JUL 1 4625 CLOUDY (SCALE 8-10) 2
DPTR FM NORMAL M
[CDD (BASE 65) ]
TOTAL THIS MO. 0
DPTR FM NORMAL M [PRESSURE DATA]
TOTAL FM JAN 1 0 HIGHEST SLP M ON M
DPTR FM NORMAL M LOWEST SLP M ON M
[REMARKS]
#FINAL-02-22#