000
CXUS54 KMOB 010628
CF6MOB
PRELIMINARY LOCAL CLIMATOLOGICAL DATA (WS FORM: F-6)
STATION: MOBILE
MONTH: AUGUST
YEAR: 2022
LATITUDE: 30 40 N
LONGITUDE: 88 15 W
TEMPERATURE IN F: :PCPN: SNOW: WIND :SUNSHINE: SKY :PK WND
================================================================================
1 2 3 4 5 6A 6B 7 8 9 10 11 12 13 14 15 16 17 18
12Z AVG MX 2MIN
DY MAX MIN AVG DEP HDD CDD WTR SNW DPTH SPD SPD DIR MIN PSBL S-S WX SPD DR
================================================================================
1 89 75 82 0 0 17 0.13 0.0 0 3.5 14 200 M M 5 138 18 190
2 86 74 80 -2 0 15 0.61 0.0 0 3.7 18 220 M M 6 138 25 210
3 89 74 82 0 0 17 0.01 0.0 0 2.6 9 160 M M 7 138 13 160
4 90 74 82 0 0 17 T 0.0 0 5.8 16 140 M M 4 3 22 140
5 92 75 84 2 0 19 T 0.0 0 5.2 17 170 M M 5 3 23 170
6 92 76 84 2 0 19 0.02 0.0 0 5.0 16 180 M M 4 3 24 180
7 94 76 85 3 0 20 0.09 0.0 0 4.3 14 150 M M 5 138 20 150
8 90 73 82 0 0 17 1.25 0.0 0 3.7 22 150 M M 7 138 31 140
9 89 72 81 -1 0 16 0.00 0.0 0 5.2 17 130 M M 5 23 160
10 85 74 80 -2 0 15 0.28 0.0 0 4.6 18 130 M M 6 13 23 120
11 89 74 82 0 0 17 0.01 0.0 0 3.0 10 240 M M 5 13 14 230
12 88 74 81 -1 0 16 0.05 0.0 0 5.1 15 210 M M 6 1 21 180
13 91 73 82 0 0 17 0.06 0.0 0 2.9 17 160 M M 4 1 22 190
14 93 74 84 2 0 19 0.00 0.0 0 3.3 15 110 M M 4 138 18 150
15 95 74 85 3 0 20 0.00 0.0 0 3.4 9 270 M M 4 1 13 260
16 97 74 86 4 0 21 0.77 0.0 0 6.9 30 40 M M 5 3 44 40
17 93 73 83 1 0 18 M 0.0 0 0.0 3 290 M M 6 3 5 280
18 85 74 80 -2 0 15 2.00 0.0 0 2.1 9 200 M M 6 138 13 320
19 84 74 79 -3 0 14 0.09 0.0 0 3.9 10 360 M M 6 13 14 350
20 91 75 83 1 0 18 0.02 0.0 0 3.5 13 200 M M 5 3 17 170
21 91 74 83 1 0 18 0.25 0.0 0 3.5 14 220 M M 6 138 20 340
22 83 73 78 -4 0 13 0.91 0.0 0 3.7 9 110 M M 6 138 12 40
23 84 74 79 -3 0 14 0.84 0.0 0 3.3 13 350 M M 7 138 17 170
24 87 74 81 -1 0 16 1.50 0.0 0 6.2 21 110 M M 7 13 28 110
25 77 74 76 -5 0 11 1.10 0.0 0 5.0 13 130 M M 8 13 17 130
26 86 74 80 -1 0 15 0.11 0.0 0 2.1 20 180 M M 6 138 26 180
27 92 72 82 1 0 17 0.00 0.0 0 3.5 15 170 M M 4 13 19 170
28 89 74 82 1 0 17 0.52 0.0 0 2.8 12 160 M M 5 13 16 160
29 94 75 85 4 0 20 0.37 0.0 0 3.1 12 70 M M 4 15 70
30 96 74 85 4 0 20 0.09 0.0 0 2.5 25 330 M M 5 13 37 340
31 95 74 85 4 0 20 0.00 0.0 0 5.9 14 30 M M 4 20 310
================================================================================
SM 2776 2294 0 528 11.08 0.0 119.3 M 167
================================================================================
AV 89.5 74.0 3.8 FASTST M M 5 MAX(MPH)
MISC ----> 30 40 44 40
================================================================================
NOTES:
# LAST OF SEVERAL OCCURRENCES
COLUMN 17 PEAK WIND IN M.P.H.
PRELIMINARY LOCAL CLIMATOLOGICAL DATA (WS FORM: F-6) , PAGE 2
STATION: MOBILE
MONTH: AUGUST
YEAR: 2022
LATITUDE: 30 40 N
LONGITUDE: 88 15 W
[TEMPERATURE DATA] [PRECIPITATION DATA] SYMBOLS USED IN COLUMN 16
AVERAGE MONTHLY: 81.8 TOTAL FOR MONTH: 11.08 1 = FOG OR MIST
DPTR FM NORMAL: -0.1 DPTR FM NORMAL: 4.21 2 = FOG REDUCING VISIBILITY
HIGHEST: 97 ON 16 GRTST 24HR 2.24 ON 24-25 TO 1/4 MILE OR LESS
LOWEST: 72 ON 27, 9 3 = THUNDER
SNOW, ICE PELLETS, HAIL 4 = ICE PELLETS
TOTAL MONTH: 0.0 INCH 5 = HAIL
GRTST 24HR 0.0 6 = FREEZING RAIN OR DRIZZLE
GRTST DEPTH: 0 7 = DUSTSTORM OR SANDSTORM:
VSBY 1/2 MILE OR LESS
8 = SMOKE OR HAZE
[NO. OF DAYS WITH] [WEATHER - DAYS WITH] 9 = BLOWING SNOW
X = TORNADO
MAX 32 OR BELOW: 0 0.01 INCH OR MORE: 23
MAX 90 OR ABOVE: 16 0.10 INCH OR MORE: 14
MIN 32 OR BELOW: 0 0.50 INCH OR MORE: 9
MIN 0 OR BELOW: 0 1.00 INCH OR MORE: 4
[HDD (BASE 65) ]
TOTAL THIS MO. 0 CLEAR (SCALE 0-3) 0
DPTR FM NORMAL 0 PTCLDY (SCALE 4-7) 31
TOTAL FM JUL 1 0 CLOUDY (SCALE 8-10) 0
DPTR FM NORMAL 0
[CDD (BASE 65) ]
TOTAL THIS MO. 528
DPTR FM NORMAL 6 [PRESSURE DATA]
TOTAL FM JAN 1 2294 HIGHEST SLP 30.19 ON 7
DPTR FM NORMAL 315 LOWEST SLP 29.87 ON 15
[REMARKS]
#FINAL-08-22#