000
CXUS53 KBIS 010830
CF6MOT
PRELIMINARY LOCAL CLIMATOLOGICAL DATA (WS FORM: F-6)
STATION: MINOT ND
MONTH: JULY
YEAR: 2022
LATITUDE: 48 15 N
LONGITUDE: 101 16 W
TEMPERATURE IN F: :PCPN: SNOW: WIND :SUNSHINE: SKY :PK WND
================================================================================
1 2 3 4 5 6A 6B 7 8 9 10 11 12 13 14 15 16 17 18
12Z AVG MX 2MIN
DY MAX MIN AVG DEP HDD CDD WTR SNW DPTH SPD SPD DIR MIN PSBL S-S WX SPD DR
================================================================================
1 82 52 67 -2 0 2 0.00 M M 9.2 21 280 M M 2 29 230
2 81 50 66 -3 0 1 0.39 M M 10.1 20 100 M M 2 13 28 60
3 82 56 69 0 0 4 0.00 M M 6.0 16 150 M M 1 26 150
4 83 64 74 4 0 9 0.03 M M 7.8 18 110 M M 4 3 24 110
5 74 65 70 0 0 5 0.00 M M 7.6 13 90 M M 9 1 19 60
6 89 64 77 7 0 12 T M M 5.9 13 280 M M 2 21 260
7 73 60 67 -3 0 2 0.69 M M 7.5 15 60 M M 5 13 21 40
8 84 M M M M M 0.02 M M 7.7 15 100 M M 5 1 19 120
9 89 67 78 8 0 13 0.13 M M 9.8 35 250 M M 1 3 47 230
10 84 65 75 5 0 10 0.41 M M 11.0 41 270 M M 2 13 53 280
11 79 63 71 0 0 6 0.00 M M 16.1 28 290 M M 1 38 280
12 82 63 73 2 0 8 0.00 M M 9.5 20 290 M M 2 27 300
13 86 60 73 2 0 8 0.00 M M 8.6 18 160 M M 0 30 150
14 85 65 75 4 0 10 0.03 M M 6.8 16 90 M M 2 138 22 100
15 92 62 77 6 0 12 0.00 M M 5.8 14 170 M M 5 12 20 130
16 92 67 80 9 0 15 0.12 M M 8.7 21 120 M M 3 13 29 60
17 99 75 87 15 0 22 0.00 M M 8.1 15 260 M M 0 23 200
18 94 70 82 10 0 17 T M M 5.9 24 330 M M 0 45 320
19 79 58 69 -3 0 4 0.46 M M 18.3 36 310 M M 4 13 49 340
20 85 59 72 0 0 7 0.00 M M 12.2 25 300 M M 0 34 310
21 83 58 71 -1 0 6 T M M 10.5 22 240 M M 1 36 230
22 89 59 74 2 0 9 0.00 M M 9.0 37 330 M M 0 3 48 330
23 78 57 68 -4 0 3 0.01 M M 10.0 21 310 M M 2 28 300
24 76 54 65 -7 0 0 0.00 M M 7.0 13 340 M M 1 17 340
25 87 55 71 -1 0 6 T M M 6.7 21 310 M M 1 3 30 300
26 78 59 69 -3 0 4 0.16 M M 11.2 23 340 M M 5 13 31 330
27 75 53 64 -8 1 0 T M M 12.5 24 330 M M 2 35 330
28 77 52 65 -7 0 0 0.00 M M 7.2 14 330 M M 1 21 300
29 88 56 72 0 0 7 0.00 M M 6.9 16 200 M M 0 23 230
30 94 65 80 8 0 15 0.23 M M 8.2 40 270 M M 1 3 53 270
31 78 63 71 -1 0 6 T M M 11.9 25 290 M M 5 18 32 300
================================================================================
SM 2597 1816 1 223 2.68 M 283.7 M 69
================================================================================
AV 83.8 60.5 9.2 FASTST M M 2 MAX(MPH)
MISC ----> 41 270 # 53 280
================================================================================
NOTES:
# LAST OF SEVERAL OCCURRENCES
COLUMN 17 PEAK WIND IN M.P.H.
PRELIMINARY LOCAL CLIMATOLOGICAL DATA (WS FORM: F-6) , PAGE 2
STATION: MINOT ND
MONTH: JULY
YEAR: 2022
LATITUDE: 48 15 N
LONGITUDE: 101 16 W
[TEMPERATURE DATA] [PRECIPITATION DATA] SYMBOLS USED IN COLUMN 16
AVERAGE MONTHLY: 72.2 TOTAL FOR MONTH: 2.68 1 = FOG OR MIST
DPTR FM NORMAL: 1.0 DPTR FM NORMAL: 0.18 2 = FOG REDUCING VISIBILITY
HIGHEST: 99 ON 17 GRTST 24HR 0.69 ON 7- 7 TO 1/4 MILE OR LESS
LOWEST: 50 ON 2 3 = THUNDER
SNOW, ICE PELLETS, HAIL 4 = ICE PELLETS
TOTAL MONTH: M 5 = HAIL
GRTST 24HR M ON M 6 = FREEZING RAIN OR DRIZZLE
GRTST DEPTH: M ON M 7 = DUSTSTORM OR SANDSTORM:
VSBY 1/2 MILE OR LESS
8 = SMOKE OR HAZE
[NO. OF DAYS WITH] [WEATHER - DAYS WITH] 9 = BLOWING SNOW
X = TORNADO
MAX 32 OR BELOW: 0 0.01 INCH OR MORE: 12
MAX 90 OR ABOVE: 5 0.10 INCH OR MORE: 8
MIN 32 OR BELOW: 0 0.50 INCH OR MORE: 1
MIN 0 OR BELOW: 0 1.00 INCH OR MORE: 0
[HDD (BASE 65) ]
TOTAL THIS MO. 1 CLEAR (SCALE 0-3) 23
DPTR FM NORMAL -15 PTCLDY (SCALE 4-7) 7
TOTAL FM JUL 1 1 CLOUDY (SCALE 8-10) 1
DPTR FM NORMAL -10
[CDD (BASE 65) ]
TOTAL THIS MO. 223
DPTR FM NORMAL 17 [PRESSURE DATA]
TOTAL FM JAN 1 329 HIGHEST SLP 30.18 ON 8
DPTR FM NORMAL 11 LOWEST SLP 29.41 ON 18
[REMARKS]
#FINAL-07-22#