000
CXUS53 KMQT 010900
CF6MQT
PRELIMINARY LOCAL CLIMATOLOGICAL DATA (WS FORM: F-6)
STATION: MARQUETTE MI
MONTH: AUGUST
YEAR: 2023
LATITUDE: 46 31 N
LONGITUDE: 87 33 W
TEMPERATURE IN F: :PCPN: SNOW: WIND :SUNSHINE: SKY :PK WND
================================================================================
1 2 3 4 5 6A 6B 7 8 9 10 11 12 13 14 15 16 17 18
12Z AVG MX 2MIN
DY MAX MIN AVG DEP HDD CDD WTR SNW DPTH SPD SPD DIR MIN PSBL S-S WX SPD DR
================================================================================
1 78 52 65 0 0 0 0.00 0.0 0 M M M M M M 8 13 225
2 84 62 73 8 0 8 0.14 0.0 0 M M M M M M 19 225
3 82 60 71 6 0 6 0.06 0.0 0 M M M M M M 21 315
4 71 54 63 -2 2 0 0.00 0.0 0 M M M M M M 15 90
5 75 50 63 -2 2 0 0.00 0.0 0 M M M M M M 16 45
6 77 51 64 -1 1 0 0.00 0.0 0 M M M M M M 14 45
7 77 54 66 1 0 1 0.00 0.0 0 M M M M M M 13 45
8 78 57 68 3 0 3 0.00 0.0 0 M M M M M M 13 360
9 78 56 67 2 0 2 0.00 0.0 0 M M M M M M 22 270
10 71 50 61 -3 4 0 0.00 0.0 0 M M M M M M 22 270
11 65 47 56 -8 9 0 0.70 0.0 0 M M M M M M 21 135
12 65 54 60 -4 5 0 T 0.0 0 M M M M M M 23 270
13 66 51 59 -5 6 0 0.00 0.0 0 M M M M M M 16 90
14 68 51 60 -4 5 0 0.00 0.0 0 M M M M M M 8 13 45
15 78 46 62 -2 3 0 0.00 0.0 0 M M M M M M 16 225
16 84 63 74 10 0 9 0.20 0.0 0 M M M M M M 3 30 180
17 65 53 59 -5 6 0 0.39 0.0 0 M M M M M M 3 29 315
18 74 46 60 -4 5 0 0.00 0.0 0 M M M M M M 14 315
19 83 57 70 6 0 5 0.00 0.0 0 M M M M M M 24 225
20 77 60 69 6 0 4 0.00 0.0 0 M M M M M M 19 45
21 67 56 62 -1 3 0 T 0.0 0 M M M M M M 11 90
22 61 54 58 -5 7 0 1.44 0.0 0 M M M M M M 1 16 135
23 68 58 63 0 2 0 0.03 0.0 0 M M M M M M 12 11 135
24 70 58 64 1 1 0 0.02 0.0 0 M M M M M M 12 13 225
25 79 56 68 5 0 3 0.08 0.0 0 M M M M M M 13 19 225
26 58 43 51 -11 14 0 0.47 0.0 0 M M M M M M 1 16 360
27 67 38 53 -9 12 0 0.00 0.0 0 M M M M M M 11 45
28 76 46 61 -1 4 0 0.02 0.0 0 M M M M M M 18 225
29 63 50 57 -5 8 0 0.11 0.0 0 M M M M M M 12 26 315
30 65 45 55 -7 10 0 0.00 0.0 0 M M M M M M 15 315
31 76 46 61 0 4 0 0.00 0.0 0 M M M M M M 13 180
================================================================================
SM 2246 1624 113 41 3.66 0.0 M M M
================================================================================
AV 72.5 52.4 M FASTST M M M MAX(MPH)
MISC ----> M M 30 180
================================================================================
NOTES:
# LAST OF SEVERAL OCCURRENCES
COLUMN 17 PEAK WIND IN M.P.H.
PRELIMINARY LOCAL CLIMATOLOGICAL DATA (WS FORM: F-6) , PAGE 2
STATION: MARQUETTE MI
MONTH: AUGUST
YEAR: 2023
LATITUDE: 46 31 N
LONGITUDE: 87 33 W
[TEMPERATURE DATA] [PRECIPITATION DATA] SYMBOLS USED IN COLUMN 16
AVERAGE MONTHLY: 62.4 TOTAL FOR MONTH: 3.66 1 = FOG OR MIST
DPTR FM NORMAL: -1.2 DPTR FM NORMAL: 0.81 2 = FOG REDUCING VISIBILITY
HIGHEST: 84 ON 16, 2 GRTST 24HR 1.44 ON 22-22 TO 1/4 MILE OR LESS
LOWEST: 38 ON 27 3 = THUNDER
SNOW, ICE PELLETS, HAIL 4 = ICE PELLETS
TOTAL MONTH: 0.0 INCH 5 = HAIL
GRTST 24HR 0.0 6 = FREEZING RAIN OR DRIZZLE
GRTST DEPTH: 0 7 = DUSTSTORM OR SANDSTORM:
VSBY 1/2 MILE OR LESS
8 = SMOKE OR HAZE
[NO. OF DAYS WITH] [WEATHER - DAYS WITH] 9 = BLOWING SNOW
X = TORNADO
MAX 32 OR BELOW: 0 0.01 INCH OR MORE: 12
MAX 90 OR ABOVE: 0 0.10 INCH OR MORE: 7
MIN 32 OR BELOW: 0 0.50 INCH OR MORE: 2
MIN 0 OR BELOW: 0 1.00 INCH OR MORE: 1
[HDD (BASE 65) ]
TOTAL THIS MO. 113 CLEAR (SCALE 0-3) 0
DPTR FM NORMAL 8 PTCLDY (SCALE 4-7) 0
TOTAL FM JUL 1 177 CLOUDY (SCALE 8-10) 31
DPTR FM NORMAL -9
[CDD (BASE 65) ]
TOTAL THIS MO. 41
DPTR FM NORMAL -22 [PRESSURE DATA]
TOTAL FM JAN 1 180 HIGHEST SLP M ON M
DPTR FM NORMAL -32 LOWEST SLP M ON M
[REMARKS]
#FINAL-08-23#