000
CXUS51 KLWX 010815
CF6MRB
PRELIMINARY LOCAL CLIMATOLOGICAL DATA (WS FORM: F-6)
STATION: MARTINSBURG WV
MONTH: JUNE
YEAR: 2023
LATITUDE: 39 24 N
LONGITUDE: 77 58 W
TEMPERATURE IN F: :PCPN: SNOW: WIND :SUNSHINE: SKY :PK WND
================================================================================
1 2 3 4 5 6A 6B 7 8 9 10 11 12 13 14 15 16 17 18
12Z AVG MX 2MIN
DY MAX MIN AVG DEP HDD CDD WTR SNW DPTH SPD SPD DIR MIN PSBL S-S WX SPD DR
================================================================================
1 85 42 64 -3 1 0 0.00 M M 1.2 10 10 M M 0 15 70
2 91 47 69 2 0 4 0.00 M M 1.9 12 40 M M 0 17 40
3 86 58 72 5 0 7 T M M 6.0 14 30 M M 2 20 150
4 75 51 63 -5 2 0 0.03 M M 3.1 12 320 M M 6 1 16 340
5 76 45 61 -7 4 0 0.00 M M 5.1 15 330 M M 0 20 320
6 79 45 62 -6 3 0 0.00 M M 7.9 18 280 M M 2 8 25 290
7 75 48 62 -7 3 0 0.00 M M 4.2 14 300 M M 2 18 20 320
8 75 43 59 -10 6 0 0.00 M M 5.4 18 360 M M 7 18 23 300
9 71 46 59 -10 6 0 T M M 4.1 20 360 M M 4 3 26 360
10 83 46 65 -5 0 0 0.00 M M 4.3 15 260 M M 1 21 280
11 85 49 67 -3 0 2 0.00 M M 5.2 15 170 M M 2 20 170
12 72 53 63 -7 2 0 0.47 M M 8.5 26 280 M M 6 1 37 280
13 76 51 64 -6 1 0 0.00 M M 6.8 20 250 M M 4 24 240
14 76 53 65 -6 0 0 0.02 M M 8.8 26 260 M M 6 37 260
15 77 47 62 -9 3 0 0.00 M M 3.1 14 310 M M 0 16 300
16 76 54 65 -6 0 0 0.41 M M 5.0 17 330 M M 6 13 22 330
17 78 59 69 -3 0 4 0.00 M M 8.9 21 350 M M 3 8 27 320
18 82 48 65 -7 0 0 0.00 M M 3.3 10 230 M M 0 14 250
19 85 52 69 -3 0 4 0.65 M M 3.6 17 140 M M 4 13 27 160
20 78 64 71 -2 0 6 0.04 M M 5.3 14 80 M M 5 1 19 140
21 66 53 60 -13 5 0 0.37 M M 8.3 14 50 M M 5 1 19 40
22 M M M M M M M M M M M M M M M M M
23 73 60 67 -6 0 2 0.25 M M 2.6 8 10 M M 10 1 10 20
24 82 64 73 -1 0 8 0.07 M M 4.2 20 280 M M 8 12 23 270
25 83 62 73 -1 0 8 0.13 M M 3.4 14 250 M M 4 13 19 240
26 84 65 75 1 0 10 0.00 M M 3.4 14 200 M M 3 123 19 310
27 79 61 70 -4 0 5 0.20 M M 5.8 26 260 M M 4 13 32 260
28 76 56 66 -8 0 1 0.00 M M 7.3 18 290 M M 5 18 24 340
29 80 51 66 -9 0 1 0.00 M M 1.2 7 150 M M 6 18 11 200
30 82 60 71 -4 0 6 0.00 M M 3.1 14 270 M M 5 18 18 270
================================================================================
SM 2286 1533 36 68 2.64 M 141.0 M 110
================================================================================
AV 78.8 52.9 4.9 FASTST M M 4 MAX(MPH)
MISC ----> # 26 280 # 37 280
================================================================================
NOTES:
# LAST OF SEVERAL OCCURRENCES
COLUMN 17 PEAK WIND IN M.P.H.
PRELIMINARY LOCAL CLIMATOLOGICAL DATA (WS FORM: F-6) , PAGE 2
STATION: MARTINSBURG WV
MONTH: JUNE
YEAR: 2023
LATITUDE: 39 24 N
LONGITUDE: 77 58 W
[TEMPERATURE DATA] [PRECIPITATION DATA] SYMBOLS USED IN COLUMN 16
AVERAGE MONTHLY: 65.8 TOTAL FOR MONTH: 2.64 1 = FOG OR MIST
DPTR FM NORMAL: -5.3 DPTR FM NORMAL: -1.21 2 = FOG REDUCING VISIBILITY
HIGHEST: 91 ON 2 GRTST 24HR 0.69 ON 19-20 TO 1/4 MILE OR LESS
LOWEST: 42 ON 1 3 = THUNDER
SNOW, ICE PELLETS, HAIL 4 = ICE PELLETS
TOTAL MONTH: M 5 = HAIL
GRTST 24HR M ON M 6 = FREEZING RAIN OR DRIZZLE
GRTST DEPTH: M ON M 7 = DUSTSTORM OR SANDSTORM:
VSBY 1/2 MILE OR LESS
8 = SMOKE OR HAZE
[NO. OF DAYS WITH] [WEATHER - DAYS WITH] 9 = BLOWING SNOW
X = TORNADO
MAX 32 OR BELOW: 0 0.01 INCH OR MORE: 11
MAX 90 OR ABOVE: 1 0.10 INCH OR MORE: 7
MIN 32 OR BELOW: 0 0.50 INCH OR MORE: 1
MIN 0 OR BELOW: 0 1.00 INCH OR MORE: 0
[HDD (BASE 65) ]
TOTAL THIS MO. 36 CLEAR (SCALE 0-3) 12
DPTR FM NORMAL 18 PTCLDY (SCALE 4-7) 16
TOTAL FM JUL 1 4440 CLOUDY (SCALE 8-10) 2
DPTR FM NORMAL -504
[CDD (BASE 65) ]
TOTAL THIS MO. 68
DPTR FM NORMAL -133 [PRESSURE DATA]
TOTAL FM JAN 1 81 HIGHEST SLP 30.18 ON 21
DPTR FM NORMAL -197 LOWEST SLP 29.52 ON 14
[REMARKS]
#FINAL-06-23#