000
CXUS51 KLWX 010815
CF6MRB
PRELIMINARY LOCAL CLIMATOLOGICAL DATA (WS FORM: F-6)
STATION: MARTINSBURG WV
MONTH: OCTOBER
YEAR: 2023
LATITUDE: 39 24 N
LONGITUDE: 77 58 W
TEMPERATURE IN F: :PCPN: SNOW: WIND :SUNSHINE: SKY :PK WND
================================================================================
1 2 3 4 5 6A 6B 7 8 9 10 11 12 13 14 15 16 17 18
12Z AVG MX 2MIN
DY MAX MIN AVG DEP HDD CDD WTR SNW DPTH SPD SPD DIR MIN PSBL S-S WX SPD DR
================================================================================
1 78 49 64 3 1 0 0.00 M M 3.1 13 350 M M 1 12 20 330
2 79 50 65 5 0 0 0.00 M M 0.6 10 320 M M 1 1 13 320
3 81 52 67 7 0 2 0.00 M M 0.6 7 140 M M 1 1 10 140
4 79 50 65 5 0 0 0.00 M M 1.3 10 140 M M 0 1 14 150
5 74 47 61 2 4 0 0.00 M M 3.0 13 150 M M 5 1 18 170
6 75 58 67 8 0 2 0.47 M M 1.7 8 340 M M 5 1 10 350
7 62 47 55 -3 10 0 0.18 M M 10.0 23 320 M M 5 1 31 290
8 57 42 50 -8 15 0 0.00 M M 11.2 28 260 M M 3 33 250
9 59 41 50 -8 15 0 0.06 M M 6.3 17 260 M M 5 1 22 260
10 64 40 52 -5 13 0 0.00 M M 3.2 15 240 M M 3 1 19 250
11 66 36 51 -6 14 0 0.00 M M 3.1 14 260 M M 0 17 250
12 70 39 55 -1 10 0 0.00 M M 1.1 7 190 M M 3 10 190
13 66 49 58 2 7 0 0.00 M M 2.9 12 350 M M 4 20 350
14 51 45 48 -8 17 0 0.29 M M 6.7 16 360 M M 9 1 25 360
15 58 42 50 -6 15 0 0.01 M M 9.3 22 330 M M 6 1 27 300
16 59 42 51 -4 14 0 0.00 M M 9.2 18 320 M M 8 24 320
17 55 48 52 -3 13 0 0.00 M M 6.0 15 330 M M 10 8 20 340
18 56 37 47 -7 18 0 0.00 M M 0.8 7 300 M M 8 18 9 340
19 66 33 50 -4 15 0 0.00 M M 4.7 15 160 M M 0 1 22 150
20 58 48 53 -1 12 0 0.17 M M 4.6 12 170 M M 8 1 18 170
21 60 47 54 1 11 0 0.00 M M 9.7 30 280 M M 7 39 280
22 58 45 52 -1 13 0 T M M 10.4 25 280 M M 6 35 270
23 62 35 49 -4 16 0 0.00 M M 4.4 17 280 M M 0 22 280
24 69 31 50 -2 15 0 0.00 M M 1.8 9 130 M M 0 12 140
25 75 36 56 4 9 0 T M M 0.8 8 330 M M 0 11 300
26 79 39 59 7 6 0 0.00 M M 1.4 7 80 M M 0 9 80
27 77 47 62 11 3 0 0.00 M M 3.6 16 270 M M 0 21 270
28 80 51 66 15 0 1 0.00 M M 5.0 16 280 M M 4 21 280
29 66 53 60 9 5 0 0.07 M M 4.4 8 20 M M 9 1 11 350
30 66 45 56 6 9 0 0.01 M M 8.1 22 320 M M 8 1 29 330
31 50 33 42 -8 23 0 0.00 M M 4.1 17 340 M M 4 22 350
================================================================================
SM 2055 1357 303 5 1.26 M 143.1 M 123
================================================================================
AV 66.3 43.8 4.6 FASTST M M 4 MAX(MPH)
MISC ----> 30 280 39 280
================================================================================
NOTES:
# LAST OF SEVERAL OCCURRENCES
COLUMN 17 PEAK WIND IN M.P.H.
PRELIMINARY LOCAL CLIMATOLOGICAL DATA (WS FORM: F-6) , PAGE 2
STATION: MARTINSBURG WV
MONTH: OCTOBER
YEAR: 2023
LATITUDE: 39 24 N
LONGITUDE: 77 58 W
[TEMPERATURE DATA] [PRECIPITATION DATA] SYMBOLS USED IN COLUMN 16
AVERAGE MONTHLY: 55.0 TOTAL FOR MONTH: 1.26 1 = FOG OR MIST
DPTR FM NORMAL: -0.2 DPTR FM NORMAL: -1.73 2 = FOG REDUCING VISIBILITY
HIGHEST: 81 ON 3 GRTST 24HR 0.65 ON 6- 7 TO 1/4 MILE OR LESS
LOWEST: 31 ON 24 3 = THUNDER
SNOW, ICE PELLETS, HAIL 4 = ICE PELLETS
TOTAL MONTH: M 5 = HAIL
GRTST 24HR M ON M 6 = FREEZING RAIN OR DRIZZLE
GRTST DEPTH: M ON M 7 = DUSTSTORM OR SANDSTORM:
VSBY 1/2 MILE OR LESS
8 = SMOKE OR HAZE
[NO. OF DAYS WITH] [WEATHER - DAYS WITH] 9 = BLOWING SNOW
X = TORNADO
MAX 32 OR BELOW: 0 0.01 INCH OR MORE: 8
MAX 90 OR ABOVE: 0 0.10 INCH OR MORE: 4
MIN 32 OR BELOW: 1 0.50 INCH OR MORE: 0
MIN 0 OR BELOW: 0 1.00 INCH OR MORE: 0
[HDD (BASE 65) ]
TOTAL THIS MO. 303 CLEAR (SCALE 0-3) 14
DPTR FM NORMAL -15 PTCLDY (SCALE 4-7) 14
TOTAL FM JUL 1 390 CLOUDY (SCALE 8-10) 3
DPTR FM NORMAL 7
[CDD (BASE 65) ]
TOTAL THIS MO. 5
DPTR FM NORMAL -9 [PRESSURE DATA]
TOTAL FM JAN 1 754 HIGHEST SLP 30.39 ON 24
DPTR FM NORMAL -258 LOWEST SLP 29.44 ON 21
[REMARKS]
#FINAL-10-23#