000
CXUS54 KMAF 011210
CF6MRF
PRELIMINARY LOCAL CLIMATOLOGICAL DATA (WS FORM: F-6)
STATION: MARFA
MONTH: JANUARY
YEAR: 2022
LATITUDE: 30 22 N
LONGITUDE: 104 1 W
TEMPERATURE IN F: :PCPN: SNOW: WIND :SUNSHINE: SKY :PK WND
================================================================================
1 2 3 4 5 6A 6B 7 8 9 10 11 12 13 14 15 16 17 18
12Z AVG MX 2MIN
DY MAX MIN AVG DEP HDD CDD WTR SNW DPTH SPD SPD DIR MIN PSBL S-S WX SPD DR
================================================================================
1 65 34 50 M 15 0 M M M 16.3 36 240 M M 1 46 250
2 47 11 29 M 36 0 M M M 8.1 18 290 M M 0 26 290
3 56 8 32 M 33 0 M M M 5.8 12 180 M M 0 M M
4 66 20 43 M 22 0 M M M 9.7 31 260 M M 0 43 260
5 65 28 47 M 18 0 M M M 9.9 24 280 M M 0 30 270
6 70 27 49 M 16 0 M M M 6.1 13 270 M M 0 M M
7 74 24 49 M 16 0 M M M 6.8 17 170 M M 0 21 170
8 70 27 49 M 16 0 M M M 8.8 20 230 M M 0 31 260
9 53 37 45 M 20 0 M M M 15.4 24 10 M M 2 32 10
10 46 35 41 M 24 0 M M M 12.2 21 20 M M 5 25 20
11 54 26 40 M 25 0 T M M 5.1 10 170 M M 2 M M
12 62 22 42 M 23 0 M M M 9.8 21 270 M M 0 26 270
13 68 15 42 M 23 0 M M M 4.1 13 250 M M 0 M M
14 68 21 45 M 20 0 M M M 11.6 28 280 M M 2 8 40 20
15 47 20 34 M 31 0 M M M 17.1 32 20 M M 2 8 41 10
16 62 13 38 M 27 0 M M M 7.3 16 250 M M 0 23 260
17 67 14 41 M 24 0 M M M 5.7 13 180 M M 1 16 150
18 66 29 48 M 17 0 M M M 10.5 25 270 M M 1 37 270
19 60 35 48 M 17 0 M M M 11.6 24 280 M M 3 33 270
20 36 24 30 M 35 0 T M M 14.5 24 10 M M 10 1 32 10
21 51 16 34 M 31 0 M M M 4.5 10 170 M M 3 M M
22 48 19 34 M 31 0 M M M 10.2 21 50 M M 0 M M
23 54 21 38 M 27 0 0.02 M M 5.8 14 20 M M 2 M M
24 56 19 38 M 27 0 M M M 10.8 26 270 M M 0 37 270
25 63 18 41 M 24 0 M M M 4.5 10 240 M M 0 M M
26 59 23 41 M 24 0 M M M 7.6 15 300 M M 0 17 210
27 59 20 40 M 25 0 M M M 7.5 18 20 M M 0 24 20
28 47 20 34 M 31 0 M M M 13.1 29 10 M M 1 38 20
29 56 15 36 M 29 0 M M M 5.1 10 140 M M 0 M M
30 67 24 46 M 19 0 0.02 M M 7.4 13 300 M M 2 30 290
31 60 27 44 M 21 0 M M M 9.0 20 290 M M 0 32 270
================================================================================
SM 1822 692 747 0 0.04 M 281.8 M 37
================================================================================
AV 58.8 22.3 9.1 FASTST M M 1 MAX(MPH)
MISC ----> 36 240 46 250
================================================================================
NOTES:
# LAST OF SEVERAL OCCURRENCES
COLUMN 17 PEAK WIND IN M.P.H.
PRELIMINARY LOCAL CLIMATOLOGICAL DATA (WS FORM: F-6) , PAGE 2
STATION: MARFA
MONTH: JANUARY
YEAR: 2022
LATITUDE: 30 22 N
LONGITUDE: 104 1 W
[TEMPERATURE DATA] [PRECIPITATION DATA] SYMBOLS USED IN COLUMN 16
AVERAGE MONTHLY: 40.5 TOTAL FOR MONTH: 0.04 1 = FOG OR MIST
DPTR FM NORMAL: 0.0 DPTR FM NORMAL: M 2 = FOG REDUCING VISIBILITY
HIGHEST: 74 ON 7 GRTST 24HR 0.02 ON 23-23 TO 1/4 MILE OR LESS
LOWEST: 8 ON 3 3 = THUNDER
SNOW, ICE PELLETS, HAIL 4 = ICE PELLETS
TOTAL MONTH: M 5 = HAIL
GRTST 24HR M ON M 6 = FREEZING RAIN OR DRIZZLE
GRTST DEPTH: M ON M 7 = DUSTSTORM OR SANDSTORM:
VSBY 1/2 MILE OR LESS
8 = SMOKE OR HAZE
[NO. OF DAYS WITH] [WEATHER - DAYS WITH] 9 = BLOWING SNOW
X = TORNADO
MAX 32 OR BELOW: 0 0.01 INCH OR MORE: 2
MAX 90 OR ABOVE: 0 0.10 INCH OR MORE: 0
MIN 32 OR BELOW: 27 0.50 INCH OR MORE: 0
MIN 0 OR BELOW: 0 1.00 INCH OR MORE: 0
[HDD (BASE 65) ]
TOTAL THIS MO. 747 CLEAR (SCALE 0-3) 29
DPTR FM NORMAL M PTCLDY (SCALE 4-7) 1
TOTAL FM JUL 1 1612 CLOUDY (SCALE 8-10) 1
DPTR FM NORMAL M
[CDD (BASE 65) ]
TOTAL THIS MO. 0
DPTR FM NORMAL M [PRESSURE DATA]
TOTAL FM JAN 1 0 HIGHEST SLP M ON M
DPTR FM NORMAL M LOWEST SLP M ON M
[REMARKS]
#FINAL-01-22#