000
CXUS54 KMAF 011210
CF6MRF
PRELIMINARY LOCAL CLIMATOLOGICAL DATA (WS FORM: F-6)
STATION: MARFA
MONTH: DECEMBER
YEAR: 2021
LATITUDE: 30 22 N
LONGITUDE: 104 1 W
TEMPERATURE IN F: :PCPN: SNOW: WIND :SUNSHINE: SKY :PK WND
================================================================================
1 2 3 4 5 6A 6B 7 8 9 10 11 12 13 14 15 16 17 18
12Z AVG MX 2MIN
DY MAX MIN AVG DEP HDD CDD WTR SNW DPTH SPD SPD DIR MIN PSBL S-S WX SPD DR
================================================================================
1 76 37 57 M 8 0 M M M 5.6 10 260 M M 0 18 260
2 77 41 59 M 6 0 M M M 6.4 13 230 M M 0 18 220
3 74 37 56 M 9 0 M M M 8.4 20 240 M M 0 23 230
4 73 35 54 M 11 0 M M M 4.2 9 320 M M 0 M M
5 71 36 54 M 11 0 M M M 5.1 10 170 M M 0 M M
6 55 26 41 M 24 0 M M M 9.0 26 30 M M 2 8 36 30
7 69 27 48 M 17 0 M M M 7.0 15 260 M M 0 23 260
8 72 27 50 M 15 0 M M M 5.1 17 180 M M 0 21 170
9 74 36 55 M 10 0 M M M 7.1 17 220 M M 0 23 230
10 69 47 58 M 7 0 T M M 15.8 32 230 M M 5 40 230
11 58 26 42 M 23 0 M M M 9.6 21 30 M M 0 24 30
12 65 21 43 M 22 0 M M M 5.2 13 160 M M 0 M M
13 72 28 50 M 15 0 M M M 6.8 14 240 M M 0 M M
14 76 31 54 M 11 0 M M M 7.5 15 170 M M 0 21 160
15 75 36 56 M 9 0 M M M 7.8 20 230 M M 0 24 220
16 72 31 52 M 13 0 M M M 4.2 14 170 M M 0 8 M M
17 73 34 54 M 11 0 M M M 8.7 26 210 M M 2 36 230
18 55 31 43 M 22 0 T M M 13.6 23 30 M M 5 31 20
19 49 25 37 M 28 0 T M M 5.5 15 40 M M 6 1 M M
20 59 21 40 M 25 0 T M M 10.1 24 270 M M 2 12 31 260
21 66 18 42 M 23 0 M M M 6.4 21 270 M M 0 26 270
22 71 33 52 M 13 0 M M M 7.7 16 270 M M 0 23 280
23 75 32 54 M 11 0 M M M 6.2 18 260 M M 0 23 260
24 78 37 58 M 7 0 M M M 9.7 26 230 M M 0 33 240
25 76 42 59 M 6 0 M M M 10.2 18 230 M M 0 28 220
26 76 37 57 M 8 0 M M M 9.8 26 240 M M 0 33 230
27 75 36 56 M 9 0 M M M 7.4 17 220 M M 0 22 240
28 69 38 54 M 11 0 M M M 11.3 23 250 M M 1 35 250
29 64 33 49 M 16 0 M M M 9.1 16 230 M M 0 31 220
30 67 28 48 M 17 0 M M M 6.4 20 230 M M 1 28 220
31 67 41 54 M 11 0 T M M 7.5 24 190 M M 6 33 180
================================================================================
SM 2148 1008 429 0 T M 244.1 M 30
================================================================================
AV 69.3 32.5 7.9 FASTST M M 1 MAX(MPH)
MISC ----> 32 230 40 230
================================================================================
NOTES:
# LAST OF SEVERAL OCCURRENCES
COLUMN 17 PEAK WIND IN M.P.H.
PRELIMINARY LOCAL CLIMATOLOGICAL DATA (WS FORM: F-6) , PAGE 2
STATION: MARFA
MONTH: DECEMBER
YEAR: 2021
LATITUDE: 30 22 N
LONGITUDE: 104 1 W
[TEMPERATURE DATA] [PRECIPITATION DATA] SYMBOLS USED IN COLUMN 16
AVERAGE MONTHLY: 50.9 TOTAL FOR MONTH: T 1 = FOG OR MIST
DPTR FM NORMAL: 0.0 DPTR FM NORMAL: M 2 = FOG REDUCING VISIBILITY
HIGHEST: 78 ON 24 GRTST 24HR T ON 10-10 TO 1/4 MILE OR LESS
LOWEST: 18 ON 21 3 = THUNDER
SNOW, ICE PELLETS, HAIL 4 = ICE PELLETS
TOTAL MONTH: M 5 = HAIL
GRTST 24HR M ON M 6 = FREEZING RAIN OR DRIZZLE
GRTST DEPTH: M ON M 7 = DUSTSTORM OR SANDSTORM:
VSBY 1/2 MILE OR LESS
8 = SMOKE OR HAZE
[NO. OF DAYS WITH] [WEATHER - DAYS WITH] 9 = BLOWING SNOW
X = TORNADO
MAX 32 OR BELOW: 0 0.01 INCH OR MORE: 0
MAX 90 OR ABOVE: 0 0.10 INCH OR MORE: 0
MIN 32 OR BELOW: 14 0.50 INCH OR MORE: 0
MIN 0 OR BELOW: 0 1.00 INCH OR MORE: 0
[HDD (BASE 65) ]
TOTAL THIS MO. 429 CLEAR (SCALE 0-3) 27
DPTR FM NORMAL M PTCLDY (SCALE 4-7) 4
TOTAL FM JUL 1 865 CLOUDY (SCALE 8-10) 0
DPTR FM NORMAL M
[CDD (BASE 65) ]
TOTAL THIS MO. 0
DPTR FM NORMAL M [PRESSURE DATA]
TOTAL FM JAN 1 1098 HIGHEST SLP M ON M
DPTR FM NORMAL M LOWEST SLP M ON M
[REMARKS]
#FINAL-12-21#