000
CXUS52 KMHX 051426
CF6MRH
PRELIMINARY LOCAL CLIMATOLOGICAL DATA (WS FORM: F-6)
STATION: BEAUFORT/SMITH FIELD NC
MONTH: JULY
YEAR: 2022
LATITUDE: 34 43 N
LONGITUDE: 76 39 W
TEMPERATURE IN F: :PCPN: SNOW: WIND :SUNSHINE: SKY :PK WND
================================================================================
1 2 3 4 5 6A 6B 7 8 9 10 11 12 13 14 15 16 17 18
12Z AVG MX 2MIN
DY MAX MIN AVG DEP HDD CDD WTR SNW DPTH SPD SPD DIR MIN PSBL S-S WX SPD DR
================================================================================
1 82 75 79 -1 0 14 0.07 0.0 0 6.6 15 210 M M 3 18 210
2 85 73 79 -1 0 14 0.27 0.0 0 11.9 29 220 M M 5 1 35 220
3 88 72 80 0 0 15 3.03 0.0 0 11.4 24 30 M M 3 13 31 20
4 87 76 82 2 0 17 0.01 0.0 0 6.5 15 210 M M 5 19 210
5 87 76 82 2 0 17 0.00 0.0 0 8.0 21 220 M M 4 26 220
6 88 82 85 5 0 20 0.00 0.0 0 14.8 23 220 M M 3 29 220
7 89 77 83 2 0 18 0.19 0.0 0 M M M M M M M M
8 88 77 83 2 0 18 0.08 0.0 0 11.5 25 290 M M 7 1 31 270
9 87 76 82 1 0 17 2.96 0.0 0 13.1 24 210 M M 5 1 32 230
10 84 74 79 -2 0 14 0.88 0.0 0 7.9 17 20 M M 9 1 21 30
11 82 70 76 -5 0 11 0.00 0.0 0 7.1 14 350 M M 9 1 18 340
12 86 73 80 -1 0 15 0.00 0.0 0 8.2 18 200 M M 1 22 210
13 88 81 85 4 0 20 0.04 0.0 0 14.6 25 220 M M 2 1 30 220
14 87 77 82 1 0 17 0.84 0.0 0 10.5 25 220 M M 4 1 32 210
15 82 73 78 -3 0 13 0.70 0.0 0 7.3 15 10 M M 4 1 18 10
16 84 72 78 -3 0 13 2.61 0.0 0 11.1 28 200 M M 3 1 33 200
17 87 76 82 1 0 17 0.00 0.0 0 9.3 17 210 M M 1 23 180
18 86 78 82 1 0 17 0.58 0.0 0 15.2 24 220 M M 5 18 31 210
19 88 79 84 3 0 19 0.03 0.0 0 15.6 25 210 M M 3 31 220
20 87 78 83 2 0 18 T 0.0 0 16.6 29 210 M M 1 36 220
21 88 82 85 4 0 20 0.00 0.0 0 22.5 33 210 M M 5 41 220
22 87 75 81 0 0 16 2.94 0.0 0 12.7 30 250 M M 4 13 38 250
23 88 80 84 3 0 19 0.00 0.0 0 10.4 21 230 M M 1 26 230
24 87 81 84 4 0 19 0.00 0.0 0 14.5 21 220 M M 3 26 210
25 88 81 85 5 0 20 0.00 0.0 0 17.5 25 210 M M 1 30 200
26 88 82 85 5 0 20 0.00 0.0 0 16.6 25 210 M M 1 30 210
27 89 82 86 6 0 21 0.00 0.0 0 15.9 24 220 M M 0 29 210
28 89 81 85 5 0 20 0.00 0.0 0 15.3 23 210 M M 0 30 210
29 89 82 86 6 0 21 0.00 0.0 0 17.1 25 210 M M 2 32 210
30 89 81 85 5 0 20 T 0.0 0 8.5 18 230 M M 5 3 24 210
31 87 73 80 0 0 15 0.54 0.0 0 8.1 33 290 M M 5 13 42 290
================================================================================
SM 2691 2395 0 535 15.77 0.0 366.3 M 104
================================================================================
AV 86.8 77.3 12.2 FASTST M M 3 MAX(MPH)
MISC ----> # 33 210 42 290
================================================================================
NOTES:
# LAST OF SEVERAL OCCURRENCES
COLUMN 17 PEAK WIND IN M.P.H.
PRELIMINARY LOCAL CLIMATOLOGICAL DATA (WS FORM: F-6) , PAGE 2
STATION: BEAUFORT/SMITH FIELD NC
MONTH: JULY
YEAR: 2022
LATITUDE: 34 43 N
LONGITUDE: 76 39 W
[TEMPERATURE DATA] [PRECIPITATION DATA] SYMBOLS USED IN COLUMN 16
AVERAGE MONTHLY: 82.0 TOTAL FOR MONTH: 15.77 1 = FOG OR MIST
DPTR FM NORMAL: 1.4 DPTR FM NORMAL: 9.96 2 = FOG REDUCING VISIBILITY
HIGHEST: 89 ON 30,29 GRTST 24HR 3.33 ON 9-10 TO 1/4 MILE OR LESS
LOWEST: 70 ON 11 3 = THUNDER
SNOW, ICE PELLETS, HAIL 4 = ICE PELLETS
TOTAL MONTH: 0.0 INCH 5 = HAIL
GRTST 24HR 0.0 6 = FREEZING RAIN OR DRIZZLE
GRTST DEPTH: 0 7 = DUSTSTORM OR SANDSTORM:
VSBY 1/2 MILE OR LESS
8 = SMOKE OR HAZE
[NO. OF DAYS WITH] [WEATHER - DAYS WITH] 9 = BLOWING SNOW
X = TORNADO
MAX 32 OR BELOW: 0 0.01 INCH OR MORE: 16
MAX 90 OR ABOVE: 0 0.10 INCH OR MORE: 11
MIN 32 OR BELOW: 0 0.50 INCH OR MORE: 9
MIN 0 OR BELOW: 0 1.00 INCH OR MORE: 4
[HDD (BASE 65) ]
TOTAL THIS MO. 0 CLEAR (SCALE 0-3) 15
DPTR FM NORMAL 0 PTCLDY (SCALE 4-7) 13
TOTAL FM JUL 1 0 CLOUDY (SCALE 8-10) 3
DPTR FM NORMAL 0
[CDD (BASE 65) ]
TOTAL THIS MO. 535
DPTR FM NORMAL 53 [PRESSURE DATA]
TOTAL FM JAN 1 1268 HIGHEST SLP 30.20 ON 31
DPTR FM NORMAL 182 LOWEST SLP 29.86 ON 21
[REMARKS]
#FINAL-07-22#