000
CXUS54 KHUN 052019
CF6MSL
PRELIMINARY LOCAL CLIMATOLOGICAL DATA (WS FORM: F-6)
STATION: MUSCLE SHOALS
MONTH: APRIL
YEAR: 2022
LATITUDE: 34 45 N
LONGITUDE: 87 37 W
TEMPERATURE IN F: :PCPN: SNOW: WIND :SUNSHINE: SKY :PK WND
================================================================================
1 2 3 4 5 6A 6B 7 8 9 10 11 12 13 14 15 16 17 18
12Z AVG MX 2MIN
DY MAX MIN AVG DEP HDD CDD WTR SNW DPTH SPD SPD DIR MIN PSBL S-S WX SPD DR
================================================================================
1 61 38 50 -9 15 0 0.00 0.0 0 3.7 10 330 M M 0 17 350
2 67 38 53 -6 12 0 0.00 0.0 0 2.6 14 270 M M 2 1 18 290
3 67 46 57 -2 8 0 0.00 0.0 0 4.5 15 50 M M 1 21 60
4 78 41 60 0 5 0 0.00 0.0 0 5.9 16 220 M M 0 24 220
5 64 51 58 -2 7 0 0.51 0.0 0 8.1 21 290 M M 6 138 28 150
6 82 54 68 8 0 3 0.00 0.0 0 8.6 25 240 M M 9 18 33 240
7 63 45 54 -6 11 0 T 0.0 0 9.4 23 280 M M 3 35 270
8 51 43 47 -14 18 0 0.00 0.0 0 12.4 30 270 M M 9 39 290
9 63 38 51 -10 14 0 0.00 0.0 0 10.9 25 270 M M 3 35 270
10 80 37 59 -2 6 0 0.00 0.0 0 8.9 22 180 M M 0 29 180
11 72 60 66 4 0 1 0.47 0.0 0 10.0 22 160 M M 6 13 30 150
12 79 65 72 10 0 7 0.08 0.0 0 11.1 24 170 M M 7 13 34 160
13 84 62 73 11 0 8 1.65 0.0 0 M 39 280 M M 5 3 54 280
14 71 48 60 -2 5 0 0.11 0.0 0 M 25 270 M M M 35 270
15 80 42 61 -2 4 0 0.06 0.0 0 7.9 24 200 M M M 38 33 200
16 71 58 65 2 0 0 1.14 0.0 0 M 14 50 M M M 1 20 330
17 64 50 57 -6 8 0 0.14 0.0 0 M 13 70 M M M 19 80
18 63 43 53 -11 12 0 0.00 0.0 0 8.5 18 300 M M M 28 350
19 62 41 52 -12 13 0 0.00 0.0 0 M 14 30 M M M 17 30
20 73 41 57 -7 8 0 0.02 0.0 0 9.7 20 160 M M M 29 170
21 80 58 69 5 0 4 0.01 0.0 0 6.2 17 190 M M 1 23 150
22 85 53 69 4 0 4 0.00 0.0 0 5.3 13 160 M M 0 1 18 140
23 85 58 72 7 0 7 0.00 0.0 0 8.0 22 190 M M 0 31 160
24 84 58 71 6 0 6 0.00 0.0 0 8.0 20 190 M M 1 28 190
25 81 62 72 6 0 7 0.26 0.0 0 7.5 18 290 M M 5 13 25 300
26 70 48 59 -7 6 0 0.00 0.0 0 7.1 14 30 M M 1 22 30
27 72 44 58 -8 7 0 0.00 0.0 0 5.5 9 20 M M 0 16 99
28 79 45 62 -4 3 0 0.00 0.0 0 2.8 10 130 M M 0 1 14 140
29 84 55 70 3 0 5 0.00 0.0 0 7.1 18 190 M M 3 26 160
30 82 61 72 5 0 7 0.00 0.0 0 8.5 18 190 M M 3 26 200
================================================================================
SM 2197 1483 162 59 4.45 0.0 188.2 M 65
================================================================================
AV 73.2 49.4 7.5 FASTST M M 3 MAX(MPH)
MISC ----> 39 280 54 280
================================================================================
NOTES:
# LAST OF SEVERAL OCCURRENCES
COLUMN 17 PEAK WIND IN M.P.H.
PRELIMINARY LOCAL CLIMATOLOGICAL DATA (WS FORM: F-6) , PAGE 2
STATION: MUSCLE SHOALS
MONTH: APRIL
YEAR: 2022
LATITUDE: 34 45 N
LONGITUDE: 87 37 W
[TEMPERATURE DATA] [PRECIPITATION DATA] SYMBOLS USED IN COLUMN 16
AVERAGE MONTHLY: 61.3 TOTAL FOR MONTH: 4.45 1 = FOG OR MIST
DPTR FM NORMAL: -1.6 DPTR FM NORMAL: -0.35 2 = FOG REDUCING VISIBILITY
HIGHEST: 85 ON 23,22 GRTST 24HR 1.65 ON 13-13 TO 1/4 MILE OR LESS
LOWEST: 37 ON 10 3 = THUNDER
SNOW, ICE PELLETS, HAIL 4 = ICE PELLETS
TOTAL MONTH: 0.0 INCH 5 = HAIL
GRTST 24HR 0.0 6 = FREEZING RAIN OR DRIZZLE
GRTST DEPTH: 0 7 = DUSTSTORM OR SANDSTORM:
VSBY 1/2 MILE OR LESS
8 = SMOKE OR HAZE
[NO. OF DAYS WITH] [WEATHER - DAYS WITH] 9 = BLOWING SNOW
X = TORNADO
MAX 32 OR BELOW: 0 0.01 INCH OR MORE: 11
MAX 90 OR ABOVE: 0 0.10 INCH OR MORE: 7
MIN 32 OR BELOW: 0 0.50 INCH OR MORE: 3
MIN 0 OR BELOW: 0 1.00 INCH OR MORE: 2
[HDD (BASE 65) ]
TOTAL THIS MO. 162 CLEAR (SCALE 0-3) 15
DPTR FM NORMAL 32 PTCLDY (SCALE 4-7) 6
TOTAL FM JUL 1 2557 CLOUDY (SCALE 8-10) 9
DPTR FM NORMAL -241
[CDD (BASE 65) ]
TOTAL THIS MO. 59
DPTR FM NORMAL -9 [PRESSURE DATA]
TOTAL FM JAN 1 80 HIGHEST SLP 30.38 ON 22
DPTR FM NORMAL -7 LOWEST SLP 29.52 ON 5
[REMARKS]
#FINAL-04-22#