000
CXUS53 KMKX 011548 CCA
CF6MSN
PRELIMINARY LOCAL CLIMATOLOGICAL DATA (WS FORM: F-6)
STATION: MADISON WI
MONTH: MAY
YEAR: 2023
LATITUDE: 43 7 N
LONGITUDE: 89 20 W
TEMPERATURE IN F: :PCPN: SNOW: WIND :SUNSHINE: SKY :PK WND
================================================================================
1 2 3 4 5 6A 6B 7 8 9 10 11 12 13 14 15 16 17 18
12Z AVG MX 2MIN
DY MAX MIN AVG DEP HDD CDD WTR SNW DPTH SPD SPD DIR MIN PSBL S-S WX SPD DR
================================================================================
1 51 37 44 -8 21 0 0.11 0.0 0 16.1 25 330 M M 10 1 48 330
2 55 38 47 -6 18 0 0.00 0.0 0 14.0 26 350 M M 7 42 330
3 61 34 48 -5 17 0 0.00 0.0 0 4.7 14 350 M M 4 20 350
4 74 39 57 3 8 0 0.00 0.0 0 8.7 18 200 M M 5 26 200
5 75 56 66 12 0 1 0.01 0.0 0 9.2 21 170 M M 8 26 170
6 68 56 62 8 3 0 0.03 0.0 0 10.1 22 160 M M 9 1 29 150
7 83 51 67 12 0 2 0.00 0.0 0 5.8 21 100 M M 5 1 27 110
8 58 51 55 0 10 0 0.53 0.0 0 6.2 17 70 M M 9 1 23 60
9 70 52 61 5 4 0 0.00 0.0 0 2.4 8 20 M M 8 1 11 10
10 76 47 62 6 3 0 0.00 0.0 0 4.4 14 170 M M 2 1 18 170
11 81 49 65 9 0 0 0.00 0.0 0 5.6 17 160 M M 5 21 170
12 75 60 68 11 0 3 0.01 0.0 0 4.5 17 100 M M 10 25 100
13 72 57 65 8 0 0 T 0.0 0 10.6 18 60 M M 9 26 50
14 61 45 53 -4 12 0 0.11 0.0 0 8.9 21 60 M M 9 27 60
15 70 39 55 -3 10 0 0.00 0.0 0 2.5 9 230 M M 5 12 230
16 79 47 63 5 2 0 0.00 0.0 0 5.8 18 100 M M 5 25 80
17 65 39 52 -6 13 0 0.00 0.0 0 7.2 14 110 M M 5 18 50
18 74 39 57 -2 8 0 T 0.0 0 9.9 18 170 M M 6 24 170
19 66 49 58 -1 7 0 0.07 0.0 0 7.5 17 350 M M 6 18 26 330
20 74 44 59 -1 6 0 0.00 0.0 0 6.1 16 30 M M 0 24 330
21 79 46 63 3 2 0 0.00 0.0 0 2.1 12 330 M M 3 17 290
22 80 49 65 5 0 0 0.00 0.0 0 2.6 14 160 M M 3 21 160
23 83 48 66 5 0 1 0.00 0.0 0 1.0 8 150 M M 1 13 230
24 72 50 61 0 4 0 0.00 0.0 0 11.1 22 40 M M 5 27 70
25 68 41 55 -6 10 0 0.00 0.0 0 8.4 20 110 M M 1 27 60
26 74 37 56 -6 9 0 0.00 0.0 0 4.9 13 120 M M 3 18 150
27 79 40 60 -2 5 0 0.00 0.0 0 4.8 15 120 M M 3 20 140
28 81 46 64 2 1 0 0.00 0.0 0 2.7 12 130 M M 5 16 290
29 83 47 65 2 0 0 0.00 0.0 0 3.4 14 190 M M 5 21 170
30 88 51 70 7 0 5 0.00 0.0 0 4.9 16 160 M M 3 23 160
31 91 58 75 12 0 10 T 0.0 0 4.0 30 150 M M 4 38 150
================================================================================
SM 2266 1442 173 22 0.87 0.0 200.1 M 163
================================================================================
AV 73.1 46.5 6.5 FASTST M M 5 MAX(MPH)
MISC ----> 30 150 48 330
================================================================================
NOTES:
# LAST OF SEVERAL OCCURRENCES
COLUMN 17 PEAK WIND IN M.P.H.
PRELIMINARY LOCAL CLIMATOLOGICAL DATA (WS FORM: F-6) , PAGE 2
STATION: MADISON WI
MONTH: MAY
YEAR: 2023
LATITUDE: 43 7 N
LONGITUDE: 89 20 W
[TEMPERATURE DATA] [PRECIPITATION DATA] SYMBOLS USED IN COLUMN 16
AVERAGE MONTHLY: 59.8 TOTAL FOR MONTH: 0.87 1 = FOG OR MIST
DPTR FM NORMAL: 1.7 DPTR FM NORMAL: -3.23 2 = FOG REDUCING VISIBILITY
HIGHEST: 91 ON 31 GRTST 24HR 0.53 ON 8- 8 TO 1/4 MILE OR LESS
LOWEST: 34 ON 3 3 = THUNDER
SNOW, ICE PELLETS, HAIL 4 = ICE PELLETS
TOTAL MONTH: 0.0 INCH 5 = HAIL
GRTST 24HR 0.0 6 = FREEZING RAIN OR DRIZZLE
GRTST DEPTH: 0 7 = DUSTSTORM OR SANDSTORM:
VSBY 1/2 MILE OR LESS
8 = SMOKE OR HAZE
[NO. OF DAYS WITH] [WEATHER - DAYS WITH] 9 = BLOWING SNOW
X = TORNADO
MAX 32 OR BELOW: 0 0.01 INCH OR MORE: 7
MAX 90 OR ABOVE: 1 0.10 INCH OR MORE: 3
MIN 32 OR BELOW: 0 0.50 INCH OR MORE: 1
MIN 0 OR BELOW: 0 1.00 INCH OR MORE: 0
[HDD (BASE 65) ]
TOTAL THIS MO. 173 CLEAR (SCALE 0-3) 9
DPTR FM NORMAL -79 PTCLDY (SCALE 4-7) 14
TOTAL FM JUL 1 6510 CLOUDY (SCALE 8-10) 8
DPTR FM NORMAL -580
[CDD (BASE 65) ]
TOTAL THIS MO. 22
DPTR FM NORMAL -14 [PRESSURE DATA]
TOTAL FM JAN 1 41 HIGHEST SLP M ON M
DPTR FM NORMAL 2 LOWEST SLP 29.42 ON 1
[REMARKS]
#FINAL-05-23#