000
CXUS53 KMKX 011847 CCA
CF6MSN
PRELIMINARY LOCAL CLIMATOLOGICAL DATA (WS FORM: F-6)
STATION: MADISON WI
MONTH: JULY
YEAR: 2023
LATITUDE: 43 7 N
LONGITUDE: 89 20 W
TEMPERATURE IN F: :PCPN: SNOW: WIND :SUNSHINE: SKY :PK WND
================================================================================
1 2 3 4 5 6A 6B 7 8 9 10 11 12 13 14 15 16 17 18
12Z AVG MX 2MIN
DY MAX MIN AVG DEP HDD CDD WTR SNW DPTH SPD SPD DIR MIN PSBL S-S WX SPD DR
================================================================================
1 82 67 75 4 0 10 0.05 0.0 0 1.9 17 70 M M 8 13 21 70
2 88 68 78 6 0 13 0.00 0.0 0 5.4 15 40 M M 7 21 40
3 92 61 77 5 0 12 0.00 0.0 0 2.6 17 340 M M 3 18 26 250
4 91 66 79 7 0 14 0.27 0.0 0 3.3 18 140 M M 5 3 22 160
5 88 66 77 5 0 12 0.46 0.0 0 4.3 15 50 M M 7 13 20 190
6 80 58 69 -3 0 4 0.00 0.0 0 6.5 14 330 M M 5 18 340
7 78 53 66 -6 0 1 T 0.0 0 3.5 10 220 M M 7 17 230
8 83 62 73 1 0 8 0.00 0.0 0 4.2 12 30 M M 6 17 10
9 84 54 69 -3 0 4 0.00 0.0 0 4.1 12 340 M M 2 20 300
10 87 67 77 5 0 12 0.00 0.0 0 7.6 16 230 M M 1 3 25 230
11 82 62 72 0 0 7 0.03 0.0 0 4.8 15 20 M M 4 3 20 40
12 71 58 65 -7 0 0 1.68 0.0 0 8.8 21 30 M M 8 1 31 40
13 81 58 70 -2 0 5 0.39 0.0 0 3.8 16 330 M M 8 13 26 330
14 88 65 77 5 0 12 0.59 0.0 0 4.6 13 90 M M 6 13 20 250
15 83 63 73 1 0 8 T 0.0 0 3.4 12 320 M M 4 138 21 260
16 80 61 71 -1 0 6 0.00 0.0 0 5.7 14 300 M M 4 38 26 230
17 77 56 67 -5 0 2 0.00 0.0 0 5.3 14 310 M M 3 18 19 310
18 80 52 66 -6 0 1 0.00 0.0 0 1.3 9 140 M M 3 15 140
19 82 56 69 -3 0 4 0.00 0.0 0 4.1 18 170 M M 4 23 160
20 80 62 71 -1 0 6 0.00 0.0 0 8.7 18 330 M M 4 30 330
21 82 55 69 -3 0 4 0.00 0.0 0 2.5 10 40 M M 2 14 40
22 84 59 72 0 0 7 0.91 0.0 0 3.6 25 360 M M 6 135 37 230
23 83 59 71 -1 0 6 0.00 0.0 0 2.3 9 310 M M 2 1 13 310
24 86 60 73 1 0 8 0.00 0.0 0 1.1 7 320 M M 2 18 11 310
25 88 65 77 5 0 12 0.00 0.0 0 5.9 17 170 M M 2 18 22 160
26 86 69 78 6 0 13 0.26 0.0 0 5.2 23 120 M M 5 138 31 130
27 90 65 78 6 0 13 0.03 0.0 0 6.3 30 360 M M 4 1 43 20
28 91 67 79 7 0 14 1.54 0.0 0 6.1 38 340 M M 7 13 58 340
29 83 65 74 2 0 9 0.00 0.0 0 5.0 13 360 M M 5 1 17 20
30 80 59 70 -2 0 5 0.00 0.0 0 4.8 12 360 M M 4 18 10
31 82 58 70 -1 0 5 0.00 0.0 0 1.7 9 30 M M 3 14 70
================================================================================
SM 2592 1896 0 237 6.21 0.0 138.4 M 141
================================================================================
AV 83.6 61.2 4.5 FASTST M M 5 MAX(MPH)
MISC ----> 38 340 58 340
================================================================================
NOTES:
# LAST OF SEVERAL OCCURRENCES
COLUMN 17 PEAK WIND IN M.P.H.
PRELIMINARY LOCAL CLIMATOLOGICAL DATA (WS FORM: F-6) , PAGE 2
STATION: MADISON WI
MONTH: JULY
YEAR: 2023
LATITUDE: 43 7 N
LONGITUDE: 89 20 W
[TEMPERATURE DATA] [PRECIPITATION DATA] SYMBOLS USED IN COLUMN 16
AVERAGE MONTHLY: 72.4 TOTAL FOR MONTH: 6.21 1 = FOG OR MIST
DPTR FM NORMAL: 0.5 DPTR FM NORMAL: 1.70 2 = FOG REDUCING VISIBILITY
HIGHEST: 92 ON 3 GRTST 24HR 1.68 ON 12-12 TO 1/4 MILE OR LESS
LOWEST: 52 ON 18 3 = THUNDER
SNOW, ICE PELLETS, HAIL 4 = ICE PELLETS
TOTAL MONTH: 0.0 INCH 5 = HAIL
GRTST 24HR 0.0 6 = FREEZING RAIN OR DRIZZLE
GRTST DEPTH: 0 7 = DUSTSTORM OR SANDSTORM:
VSBY 1/2 MILE OR LESS
8 = SMOKE OR HAZE
[NO. OF DAYS WITH] [WEATHER - DAYS WITH] 9 = BLOWING SNOW
X = TORNADO
MAX 32 OR BELOW: 0 0.01 INCH OR MORE: 11
MAX 90 OR ABOVE: 4 0.10 INCH OR MORE: 8
MIN 32 OR BELOW: 0 0.50 INCH OR MORE: 4
MIN 0 OR BELOW: 0 1.00 INCH OR MORE: 2
[HDD (BASE 65) ]
TOTAL THIS MO. 0 CLEAR (SCALE 0-3) 10
DPTR FM NORMAL -9 PTCLDY (SCALE 4-7) 18
TOTAL FM JUL 1 0 CLOUDY (SCALE 8-10) 3
DPTR FM NORMAL 0
[CDD (BASE 65) ]
TOTAL THIS MO. 237
DPTR FM NORMAL 16 [PRESSURE DATA]
TOTAL FM JAN 1 442 HIGHEST SLP 30.17 ON 31
DPTR FM NORMAL 45 LOWEST SLP 29.65 ON 26
[REMARKS]
#FINAL-07-23#