000
CXUS55 KMSO 010900
CF6MSO
PRELIMINARY LOCAL CLIMATOLOGICAL DATA (WS FORM: F-6)
STATION: MISSOULA MT
MONTH: JULY
YEAR: 2022
LATITUDE: 46 55 N
LONGITUDE: 114 5 W
TEMPERATURE IN F: :PCPN: SNOW: WIND :SUNSHINE: SKY :PK WND
================================================================================
1 2 3 4 5 6A 6B 7 8 9 10 11 12 13 14 15 16 17 18
12Z AVG MX 2MIN
DY MAX MIN AVG DEP HDD CDD WTR SNW DPTH SPD SPD DIR MIN PSBL S-S WX SPD DR
================================================================================
1 88 50 69 5 0 4 0.00 0.0 0 4.8 14 350 M M 1 24 280
2 89 51 70 6 0 5 T 0.0 0 5.0 23 170 M M 1 3 30 160
3 80 53 67 2 0 2 0.09 0.0 0 6.8 36 220 M M 2 13 49 220
4 77 52 65 0 0 0 0.08 0.0 0 5.6 18 320 M M 5 138 28 330
5 85 49 67 1 0 2 0.00 0.0 0 3.7 10 300 M M 2 1 16 290
6 91 52 72 6 0 7 0.06 0.0 0 4.4 30 170 M M 2 3 42 160
7 90 53 72 6 0 7 T 0.0 0 7.1 24 170 M M 2 123 30 170
8 89 54 72 5 0 7 T 0.0 0 6.7 24 330 M M 0 3 34 290
9 89 58 74 7 0 9 0.00 0.0 0 4.7 22 270 M M 0 28 260
10 82 54 68 1 0 3 T 0.0 0 7.7 25 290 M M 3 34 290
11 88 48 68 0 0 3 0.00 0.0 0 4.4 12 220 M M 0 8 16 330
12 97 51 74 6 0 9 0.00 0.0 0 3.0 12 290 M M 0 16 200
13 93 59 76 8 0 11 T 0.0 0 6.7 16 360 M M 1 23 360
14 97 54 76 7 0 11 0.00 0.0 0 4.6 16 310 M M 0 23 340
15 95 56 76 7 0 11 0.00 0.0 0 7.9 30 10 M M 0 45 360
16 100 54 77 8 0 12 0.00 0.0 0 4.1 15 290 M M 0 21 320
17 97 59 78 9 0 13 0.00 0.0 0 4.5 18 310 M M 0 26 310
18 78 58 68 -2 0 3 T 0.0 0 13.6 33 240 M M 1 46 280
19 90 49 70 0 0 5 0.00 0.0 0 5.3 20 250 M M 0 27 260
20 95 48 72 2 0 7 0.00 0.0 0 4.7 21 280 M M 0 30 280
21 97 51 74 4 0 9 0.00 0.0 0 4.8 23 280 M M 0 30 280
22 90 51 71 1 0 6 0.00 0.0 0 6.7 24 360 M M 0 36 360
23 93 51 72 2 0 7 0.00 0.0 0 3.8 16 360 M M 0 22 360
24 85 53 69 -1 0 4 0.04 0.0 0 3.3 18 70 M M 2 3 26 70
25 93 52 73 2 0 8 0.00 0.0 0 3.0 16 330 M M 1 24 310
26 95 63 79 8 0 14 0.00 0.0 0 6.1 16 120 M M 1 22 320
27 98 56 77 6 0 12 0.00 0.0 0 5.2 16 20 M M 0 23 10
28 100 60 80 9 0 15 0.00 0.0 0 4.0 14 340 M M 0 19 360
29 102 61 82 11 0 17 0.00 0.0 M 5.8 23 280 M M 1 29 290
30 102 55 79 8 0 14 0.00 0.0 0 4.1 16 230 M M 0 21 310
31 104 56 80 9 0 15 0.00 0.0 0 5.5 28 280 M M 0 37 270
================================================================================
SM 2849 1671 0 252 0.27 0.0 167.6 M 25
================================================================================
AV 91.9 53.9 5.4 FASTST M M 1 MAX(MPH)
MISC ----> 36 220 49 220
================================================================================
NOTES:
# LAST OF SEVERAL OCCURRENCES
COLUMN 17 PEAK WIND IN M.P.H.
PRELIMINARY LOCAL CLIMATOLOGICAL DATA (WS FORM: F-6) , PAGE 2
STATION: MISSOULA MT
MONTH: JULY
YEAR: 2022
LATITUDE: 46 55 N
LONGITUDE: 114 5 W
[TEMPERATURE DATA] [PRECIPITATION DATA] SYMBOLS USED IN COLUMN 16
AVERAGE MONTHLY: 72.9 TOTAL FOR MONTH: 0.27 1 = FOG OR MIST
DPTR FM NORMAL: 4.5 DPTR FM NORMAL: -0.58 2 = FOG REDUCING VISIBILITY
HIGHEST: 104 ON 31 GRTST 24HR 0.17 ON 3- 4 TO 1/4 MILE OR LESS
LOWEST: 48 ON 20,11 3 = THUNDER
SNOW, ICE PELLETS, HAIL 4 = ICE PELLETS
TOTAL MONTH: 0.0 INCH 5 = HAIL
GRTST 24HR 0.0 6 = FREEZING RAIN OR DRIZZLE
GRTST DEPTH: 0 7 = DUSTSTORM OR SANDSTORM:
VSBY 1/2 MILE OR LESS
8 = SMOKE OR HAZE
[NO. OF DAYS WITH] [WEATHER - DAYS WITH] 9 = BLOWING SNOW
X = TORNADO
MAX 32 OR BELOW: 0 0.01 INCH OR MORE: 4
MAX 90 OR ABOVE: 20 0.10 INCH OR MORE: 0
MIN 32 OR BELOW: 0 0.50 INCH OR MORE: 0
MIN 0 OR BELOW: 0 1.00 INCH OR MORE: 0
[HDD (BASE 65) ]
TOTAL THIS MO. 0 CLEAR (SCALE 0-3) 30
DPTR FM NORMAL -39 PTCLDY (SCALE 4-7) 1
TOTAL FM JUL 1 0 CLOUDY (SCALE 8-10) 0
DPTR FM NORMAL -36
[CDD (BASE 65) ]
TOTAL THIS MO. 252
DPTR FM NORMAL 106 [PRESSURE DATA]
TOTAL FM JAN 1 277 HIGHEST SLP M ON M
DPTR FM NORMAL 100 LOWEST SLP 29.67 ON 18
[REMARKS]
#FINAL-07-22#