000
CXUS55 KGJT 011010
CF6MTJ
PRELIMINARY LOCAL CLIMATOLOGICAL DATA (WS FORM: F-6)
STATION: MONTROSE CO
MONTH: FEBRUARY
YEAR: 2023
LATITUDE: 38 30 N
LONGITUDE: 107 53 W
TEMPERATURE IN F: :PCPN: SNOW: WIND :SUNSHINE: SKY :PK WND
================================================================================
1 2 3 4 5 6A 6B 7 8 9 10 11 12 13 14 15 16 17 18
12Z AVG MX 2MIN
DY MAX MIN AVG DEP HDD CDD WTR SNW DPTH SPD SPD DIR MIN PSBL S-S WX SPD DR
================================================================================
1 33 1 17 -13 48 0 0.00 M M 5.5 14 160 M M 0 15 160
2 40 9 25 -5 40 0 0.00 M M 5.3 13 160 M M 0 14 160
3 44 13 29 -2 36 0 0.00 M M 5.2 13 150 M M 0 15 140
4 47 18 33 2 32 0 0.00 M M 4.2 17 110 M M 0 23 100
5 57 22 40 9 25 0 0.00 M M 9.2 29 230 M M 1 43 220
6 39 20 30 -1 35 0 0.06 M M 6.4 25 310 M M 5 1 32 310
7 39 17 28 -4 37 0 0.00 M M 5.6 12 110 M M 1 14 110
8 43 17 30 -2 35 0 T M M 6.8 37 320 M M 3 1 46 320
9 33 14 24 -8 41 0 T M M 5.7 17 310 M M 3 22 310
10 40 13 27 -5 38 0 0.00 M M 5.9 10 140 M M 0 14 310
11 48 16 32 -1 33 0 0.00 M M 5.7 20 80 M M 1 24 100
12 52 21 37 4 28 0 0.00 M M 4.6 13 160 M M 1 15 160
13 38 22 30 -3 35 0 0.04 M M 4.8 13 330 M M 5 12 16 320
14 31 19 25 -9 40 0 0.38 M M 3.9 16 320 M M 10 12 23 320
15 27 10 19 -15 46 0 0.13 M M 6.4 22 90 M M 10 128 29 80
16 18 -6 6 -28 59 0 T M M 5.3 12 130 M M 4 18 15 330
17 24 -5 10 -24 55 0 0.00 M M 5.0 10 140 M M 0 12 190
18 29 5 17 -18 48 0 0.00 M M 3.7 10 160 M M 0 11 150
19 41 10 26 -9 39 0 0.00 M M 3.9 13 80 M M 1 1 19 210
20 43 12 28 -7 37 0 0.00 M M 3.6 12 140 M M 4 13 320
21 51 17 34 -2 31 0 0.01 M M 9.0 30 210 M M 2 42 210
22 44 23 34 -2 31 0 0.02 M M 15.9 33 210 M M 7 18 51 210
23 34 18 26 -10 39 0 T M M 10.7 31 240 M M 5 44 230
24 38 21 30 -6 35 0 T M M 8.5 29 210 M M 4 18 40 200
25 52 22 37 0 28 0 0.00 M M 4.8 15 50 M M 1 23 50
26 47 30 39 2 26 0 0.00 M M 9.3 28 250 M M 5 36 240
27 39 22 31 -6 34 0 0.00 M M 7.7 18 220 M M 4 29 180
28 39 27 33 -5 32 0 0.00 M M 10.7 29 220 M M 5 44 250
================================================================================
SM 1110 428 1043 0 0.64 M 183.3 M 82
================================================================================
AV 39.6 15.3 6.5 FASTST M M 3 MAX(MPH)
MISC ----> 37 320 51 210
================================================================================
NOTES:
# LAST OF SEVERAL OCCURRENCES
COLUMN 17 PEAK WIND IN M.P.H.
PRELIMINARY LOCAL CLIMATOLOGICAL DATA (WS FORM: F-6) , PAGE 2
STATION: MONTROSE CO
MONTH: FEBRUARY
YEAR: 2023
LATITUDE: 38 30 N
LONGITUDE: 107 53 W
[TEMPERATURE DATA] [PRECIPITATION DATA] SYMBOLS USED IN COLUMN 16
AVERAGE MONTHLY: 27.5 TOTAL FOR MONTH: 0.64 1 = FOG OR MIST
DPTR FM NORMAL: -6.2 DPTR FM NORMAL: 0.22 2 = FOG REDUCING VISIBILITY
HIGHEST: 57 ON 5 GRTST 24HR 0.47 ON 14-15 TO 1/4 MILE OR LESS
LOWEST: -6 ON 16 3 = THUNDER
SNOW, ICE PELLETS, HAIL 4 = ICE PELLETS
TOTAL MONTH: M 5 = HAIL
GRTST 24HR M ON M 6 = FREEZING RAIN OR DRIZZLE
GRTST DEPTH: M ON M 7 = DUSTSTORM OR SANDSTORM:
VSBY 1/2 MILE OR LESS
8 = SMOKE OR HAZE
[NO. OF DAYS WITH] [WEATHER - DAYS WITH] 9 = BLOWING SNOW
X = TORNADO
MAX 32 OR BELOW: 5 0.01 INCH OR MORE: 6
MAX 90 OR ABOVE: 0 0.10 INCH OR MORE: 2
MIN 32 OR BELOW: 28 0.50 INCH OR MORE: 0
MIN 0 OR BELOW: 2 1.00 INCH OR MORE: 0
[HDD (BASE 65) ]
TOTAL THIS MO. 1043 CLEAR (SCALE 0-3) 16
DPTR FM NORMAL 168 PTCLDY (SCALE 4-7) 10
TOTAL FM JUL 1 4604 CLOUDY (SCALE 8-10) 2
DPTR FM NORMAL 30
[CDD (BASE 65) ]
TOTAL THIS MO. 0
DPTR FM NORMAL 0 [PRESSURE DATA]
TOTAL FM JAN 1 0 HIGHEST SLP 30.73 ON 17
DPTR FM NORMAL 0 LOWEST SLP 29.00 ON 22
[REMARKS]
#FINAL-02-23#