152
CXUS53 KGRB 230804
CF6MTW
PRELIMINARY LOCAL CLIMATOLOGICAL DATA (WS FORM: F-6)
STATION: MANITOWOC AWOS
MONTH: DECEMBER
YEAR: 2019
LATITUDE: 44 7 N
LONGITUDE: 87 40 W
TEMPERATURE IN F: :PCPN: SNOW: WIND :SUNSHINE: SKY :PK WND
================================================================================
1 2 3 4 5 6A 6B 7 8 9 10 11 12 13 14 15 16 17 18
12Z AVG MX 2MIN
DY MAX MIN AVG DEP HDD CDD WTR SNW DPTH SPD SPD DIR MIN PSBL S-S WX SPD DR
================================================================================
1 33 28 31 M 34 0 0.33 M 0 11.0 17 330 M M 10 12 29 360
2 34 17 26 M 39 0 0.00 0.0 0 8.4 18 350 M M 3 1 23 340
3 35 18 27 M 38 0 T M 0 8.6 15 270 M M 6 22 270
4 34 28 31 M 34 0 T M 0 13.3 18 280 M M 9 25 300
5 37 28 33 M 32 0 0.00 0.0 0 5.2 9 140 M M 9 M M
6 37 19 28 M 37 0 0.00 0.0 0 7.9 16 340 M M 6 30 330
7 37 22 30 M 35 0 0.00 0.0 0 8.4 17 190 M M 5 23 190
8 41 27 34 M 31 0 0.00 0.0 0 8.3 15 180 M M 1 1 M M
9 37 25 31 M 34 0 0.11 M 0 5.9 16 330 M M 10 1 M M
10 24 7 16 M 49 0 T M 0 12.5 17 300 M M 4 1 24 310
11 11 2 7 M 58 0 T M 0 10.8 18 290 M M 2 28 270
12 35 9 22 M 43 0 0.02 M 0 6.7 23 160 M M 10 1 36 170
13 33 26 30 M 35 0 0.00 0.0 0 3.9 7 270 M M 10 18 M M
14 28 21 25 M 40 0 T M 0 9.6 17 290 M M 10 1 23 290
15 21 9 15 M 50 0 T M 0 7.9 15 290 M M 2 M M
16 M M M M M M M M M M M M M M M M M
17 M M M M M M T M 0 9.1 16 290 M M 8 1 22 290
18 14 0 7 M 58 0 0.00 0.0 0 9.3 15 300 M M 2 M M
19 29 14 22 M 43 0 0.00 0.0 0 8.1 16 190 M M 2 22 190
20 37 22 30 M 35 0 0.00 0.0 0 12.3 21 170 M M 8 18 24 170
21 42 26 34 M 31 0 0.00 0.0 0 7.1 12 250 M M 0 1 M M
22 53 35 44 M 21 0 0.00 0.0 0 9.4 13 220 M M 0 M M
================================================================================
SM 652 383 777 0 0.46 0.0 183.7 M 117
================================================================================
AV 32.6 19.2 8.7 FASTST M M 6 MAX(MPH)
MISC ----> # 23 160 # 36 170
================================================================================
NOTES:
# LAST OF SEVERAL OCCURRENCES
COLUMN 17 PEAK WIND IN M.P.H.
PRELIMINARY LOCAL CLIMATOLOGICAL DATA (WS FORM: F-6) , PAGE 2
STATION: MANITOWOC AWOS
MONTH: DECEMBER
YEAR: 2019
LATITUDE: 44 7 N
LONGITUDE: 87 40 W
[TEMPERATURE DATA] [PRECIPITATION DATA] SYMBOLS USED IN COLUMN 16
AVERAGE MONTHLY: 25.9 TOTAL FOR MONTH: 0.46 1 = FOG OR MIST
DPTR FM NORMAL: M DPTR FM NORMAL: M 2 = FOG REDUCING VISIBILITY
HIGHEST: 53 ON 22 GRTST 24HR 0.33 ON 1- 1 TO 1/4 MILE OR LESS
LOWEST: 0 ON 18 3 = THUNDER
SNOW, ICE PELLETS, HAIL 4 = ICE PELLETS
TOTAL MONTH: 0.0 INCH 5 = HAIL
GRTST 24HR 0.0 6 = FREEZING RAIN OR DRIZZLE
GRTST DEPTH: 0 7 = DUSTSTORM OR SANDSTORM:
VSBY 1/2 MILE OR LESS
8 = SMOKE OR HAZE
[NO. OF DAYS WITH] [WEATHER - DAYS WITH] 9 = BLOWING SNOW
X = TORNADO
MAX 32 OR BELOW: 6 0.01 INCH OR MORE: 3
MAX 90 OR ABOVE: 0 0.10 INCH OR MORE: 2
MIN 32 OR BELOW: 19 0.50 INCH OR MORE: 0
MIN 0 OR BELOW: 1 1.00 INCH OR MORE: 0
[HDD (BASE 65) ]
TOTAL THIS MO. 777 CLEAR (SCALE 0-3) 8
DPTR FM NORMAL M PTCLDY (SCALE 4-7) 4
TOTAL FM JUL 1 2464 CLOUDY (SCALE 8-10) 9
DPTR FM NORMAL M
[CDD (BASE 65) ]
TOTAL THIS MO. 0
DPTR FM NORMAL M [PRESSURE DATA]
TOTAL FM JAN 1 325 HIGHEST SLP M ON M
DPTR FM NORMAL 325 LOWEST SLP M ON M
[REMARKS]